{"id":73,"date":"2014-09-18T14:01:51","date_gmt":"2014-09-18T14:01:51","guid":{"rendered":"http:\/\/agora.xtec.cat\/escola-elsestanys\/?page_id=73"},"modified":"2025-10-26T08:59:11","modified_gmt":"2025-10-26T07:59:11","slug":"menjador-escolar","status":"publish","type":"page","link":"https:\/\/agora.xtec.cat\/escola-elsestanys\/serveis\/menjador-escolar\/","title":{"rendered":"Menjador escolar"},"content":{"rendered":"<p>Gestionat pel Consell Comarcal del Baix Empord\u00e0.<\/p>\n<p>L&#8217;empresa contractada pel Consell \u00e9s <strong>AlimentArt<\/strong><\/p>\n<p>Men\u00fas: (<a href=\"https:\/\/www.baixemporda.cat\/ca\/arees\/ensenyament\/menus-escolars\/escola-els-estanys\/\" target=\"_blank\" rel=\"noopener\">aplicaci\u00f3 men\u00fas<\/a>)<\/p>\n<ul>\n<li><a href=\"https:\/\/drive.google.com\/file\/d\/1f_lLWRDQq6hBWKeWEnb5EN90NsN8N-Pm\/view?usp=drive_link\" target=\"_blank\" rel=\"noopener\">Setembre<\/a><\/li>\n<li><a href=\"https:\/\/drive.google.com\/file\/d\/1gnsIE_kixsKxDUE1zJ4IE9zoyQD1m6LF\/view?usp=drive_link\" target=\"_blank\" rel=\"noopener\">Octubre<\/a><\/li>\n<li><a href=\"https:\/\/drive.google.com\/file\/d\/1d9YzPwq76pqi_FhA7g7aynqpp7Tfp7Aw\/view?usp=drive_link\" target=\"_blank\" rel=\"noopener\">Novembre<\/a><\/li>\n<li>Desembre<\/li>\n<li>Gener<\/li>\n<li>Febrer<\/li>\n<li>Mar\u00e7<\/li>\n<li>Abril<\/li>\n<li>Maig<\/li>\n<li>Juny<\/li>\n<\/ul>\n<p><strong>Pla funcionament:<\/strong><\/p>\n<p><a href=\"https:\/\/drive.google.com\/file\/d\/1dC-8g6_4egy0bvcmIGzeOu_jgyM6Bc9Z\/view?usp=drive_link\" target=\"_blank\" rel=\"noopener noreferrer\">Document<\/a><\/p>\n<p><strong>Inscripci\u00f3 al servei de menjador:<\/strong><\/p>\n<p><a href=\"https:\/\/www.baixemporda.cat\/ca\/arees\/ensenyament\/menjador-escolar\/\" target=\"_blank\" rel=\"noopener\">Enlla\u00e7<\/a><\/p>\n<p><strong>Compra de tiquets:<\/strong><\/p>\n<p><a href=\"https:\/\/docs.gestionaweb.cat\/2134\/guia-tiquets-esporadics-7-15-2210403.pdf\" target=\"_blank\" rel=\"noopener\">Instruccions (alumnes que utilitzen el menjador de forma ocasional)<\/a><\/p>\n<p><a href=\"https:\/\/docs.gestionaweb.cat\/2134\/guia-tiquets-fix-menjadors-2-h-6-54-2210405.pdf\" target=\"_blank\" rel=\"noopener\">Instruccions (alumnes que utilitzen el menjador com a m\u00ednim 4 dies al mes)<\/a><\/p>\n<p><strong>Informe de valoraci\u00f3 de la programaci\u00f3 de men\u00fas:<\/strong><\/p>\n<p><a href=\"https:\/\/drive.google.com\/file\/d\/1h29IxmIAPvba1l7KiMj8TNxSZmi8SzgS\/view?usp=sharing\" target=\"_blank\" rel=\"noopener\">Informe de l&#8217;Ag\u00e8ncia de Salut P\u00fablica de Catalunya<\/a><\/p>\n","protected":false},"excerpt":{"rendered":"<p>Gestionat pel Consell Comarcal del Baix Empord\u00e0. L&#8217;empresa contractada pel Consell \u00e9s AlimentArt Men\u00fas: (aplicaci\u00f3 men\u00fas) Setembre Octubre Novembre Desembre Gener Febrer Mar\u00e7 Abril Maig Juny Pla funcionament: Document Inscripci\u00f3 al servei de menjador: Enlla\u00e7 Compra de tiquets: Instruccions (alumnes que utilitzen el menjador de forma ocasional) Instruccions (alumnes que utilitzen el menjador com a [&hellip;]<\/p>\n","protected":false},"author":2,"featured_media":0,"parent":66,"menu_order":30,"comment_status":"closed","ping_status":"closed","template":"","meta":{"_bbp_topic_count":0,"_bbp_reply_count":0,"_bbp_total_topic_count":0,"_bbp_total_reply_count":0,"_bbp_voice_count":0,"_bbp_anonymous_reply_count":0,"_bbp_topic_count_hidden":0,"_bbp_reply_count_hidden":0,"_bbp_forum_subforum_count":0,"site-sidebar-layout":"default","site-content-layout":"","ast-site-content-layout":"default","site-content-style":"default","site-sidebar-style":"default","ast-global-header-display":"","ast-banner-title-visibility":"","ast-main-header-display":"","ast-hfb-above-header-display":"","ast-hfb-below-header-display":"","ast-hfb-mobile-header-display":"","site-post-title":"","ast-breadcrumbs-content":"","ast-featured-img":"","footer-sml-layout":"","theme-transparent-header-meta":"","adv-header-id-meta":"","stick-header-meta":"","header-above-stick-meta":"","header-main-stick-meta":"","header-below-stick-meta":"","astra-migrate-meta-layouts":"set","ast-page-background-enabled":"default","ast-page-background-meta":{"desktop":{"background-color":"var(--ast-global-color-4)","background-image":"","background-repeat":"repeat","background-position":"center center","background-size":"auto","background-attachment":"scroll","background-type":"","background-media":"","overlay-type":"","overlay-color":"","overlay-opacity":"","overlay-gradient":""},"tablet":{"background-color":"","background-image":"","background-repeat":"repeat","background-position":"center center","background-size":"auto","background-attachment":"scroll","background-type":"","background-media":"","overlay-type":"","overlay-color":"","overlay-opacity":"","overlay-gradient":""},"mobile":{"background-color":"","background-image":"","background-repeat":"repeat","background-position":"center center","background-size":"auto","background-attachment":"scroll","background-type":"","background-media":"","overlay-type":"","overlay-color":"","overlay-opacity":"","overlay-gradient":""}},"ast-content-background-meta":{"desktop":{"background-color":"var(--ast-global-color-5)","background-image":"","background-repeat":"repeat","background-position":"center center","background-size":"auto","background-attachment":"scroll","background-type":"","background-media":"","overlay-type":"","overlay-color":"","overlay-opacity":"","overlay-gradient":""},"tablet":{"background-color":"var(--ast-global-color-5)","background-image":"","background-repeat":"repeat","background-position":"center center","background-size":"auto","background-attachment":"scroll","background-type":"","background-media":"","overlay-type":"","overlay-color":"","overlay-opacity":"","overlay-gradient":""},"mobile":{"background-color":"var(--ast-global-color-5)","background-image":"","background-repeat":"repeat","background-position":"center center","background-size":"auto","background-attachment":"scroll","background-type":"","background-media":"","overlay-type":"","overlay-color":"","overlay-opacity":"","overlay-gradient":""}},"footnotes":""},"class_list":["post-73","page","type-page","status-publish","hentry"],"post_mailing_queue_ids":[],"_links":{"self":[{"href":"https:\/\/agora.xtec.cat\/escola-elsestanys\/wp-json\/wp\/v2\/pages\/73","targetHints":{"allow":["GET"]}}],"collection":[{"href":"https:\/\/agora.xtec.cat\/escola-elsestanys\/wp-json\/wp\/v2\/pages"}],"about":[{"href":"https:\/\/agora.xtec.cat\/escola-elsestanys\/wp-json\/wp\/v2\/types\/page"}],"author":[{"embeddable":true,"href":"https:\/\/agora.xtec.cat\/escola-elsestanys\/wp-json\/wp\/v2\/users\/2"}],"replies":[{"embeddable":true,"href":"https:\/\/agora.xtec.cat\/escola-elsestanys\/wp-json\/wp\/v2\/comments?post=73"}],"version-history":[{"count":6,"href":"https:\/\/agora.xtec.cat\/escola-elsestanys\/wp-json\/wp\/v2\/pages\/73\/revisions"}],"predecessor-version":[{"id":26945,"href":"https:\/\/agora.xtec.cat\/escola-elsestanys\/wp-json\/wp\/v2\/pages\/73\/revisions\/26945"}],"up":[{"embeddable":true,"href":"https:\/\/agora.xtec.cat\/escola-elsestanys\/wp-json\/wp\/v2\/pages\/66"}],"wp:attachment":[{"href":"https:\/\/agora.xtec.cat\/escola-elsestanys\/wp-json\/wp\/v2\/media?parent=73"}],"curies":[{"name":"wp","href":"https:\/\/api.w.org\/{rel}","templated":true}]}}