{"id":34,"date":"2014-09-18T12:32:18","date_gmt":"2014-09-18T12:32:18","guid":{"rendered":"http:\/\/agora.xtec.cat\/escola-elsestanys\/?page_id=34"},"modified":"2022-10-09T17:27:42","modified_gmt":"2022-10-09T15:27:42","slug":"oferta-educativa","status":"publish","type":"page","link":"https:\/\/agora.xtec.cat\/escola-elsestanys\/lescola\/oferta-educativa\/","title":{"rendered":"Oferta educativa"},"content":{"rendered":"<p><span style=\"font-family: Arial, sans-serif;\"><span style=\"font-size: small;\"><b>Estructura organitzativa<\/b><\/span><\/span><\/p>\n<p><span style=\"font-family: Arial, sans-serif;\"><span style=\"font-size: small;\">Actualment som un centre d&#8217;educaci\u00f3 infantil i prim\u00e0ria de dues l\u00ednies amb un total d&#8217;uns 400 alumnes.<\/span><\/span><\/p>\n<p><span style=\"font-family: Arial, sans-serif;\"><span style=\"font-size: small;\">Fem jornada compactada de 9 a 14h.\u00a0<\/span><\/span><\/p>\n<p><span style=\"font-family: Arial, sans-serif;\"><span style=\"font-size: small;\">Els\/les mestres ens organitzem en cicles i\u00a0 comissions<\/span><\/span><\/p>\n<p><span style=\"font-family: Arial, sans-serif;\"><span style=\"font-size: small;\">Horari dels alumnes. Franges hor\u00e0ries<\/span><\/span><\/p>\n<dl>\n<dd>\n<table style=\"height: 548px; width: 548px;\" width=\"548\" cellspacing=\"0\" cellpadding=\"4\">\n<colgroup>\n<col width=\"204\" \/>\n<col width=\"235\" \/> <\/colgroup>\n<tbody>\n<tr valign=\"top\">\n<td style=\"width: 205px;\" width=\"204\"><span style=\"font-family: Arial, sans-serif;\"><span style=\"font-size: small;\">8:00-9:00 (dilluns, dimarts i dimecres)<\/span><\/span><\/td>\n<td style=\"width: 238px;\" width=\"235\"><span style=\"font-family: Arial, sans-serif;\"><span style=\"font-size: small;\">Acollida matinal<\/span><\/span><\/td>\n<\/tr>\n<tr valign=\"top\">\n<td style=\"width: 205px;\" width=\"204\"><span style=\"font-family: Arial, sans-serif;\"><span style=\"font-size: small;\">9:00-9:50<\/span><\/span><\/td>\n<td style=\"width: 238px;\" width=\"235\"><span style=\"font-family: Arial, sans-serif;\"><span style=\"font-size: small;\">Activitats acad\u00e8miques<\/span><\/span><\/td>\n<\/tr>\n<tr valign=\"top\">\n<td style=\"width: 205px;\" width=\"204\"><span style=\"font-family: Arial, sans-serif;\"><span style=\"font-size: small;\">9.50-10:40<\/span><\/span><\/td>\n<td style=\"width: 238px;\" width=\"235\"><span style=\"font-family: Arial, sans-serif;\"><span style=\"font-size: small;\">Activitats acad\u00e8miques<\/span><\/span><\/td>\n<\/tr>\n<tr valign=\"top\">\n<td style=\"width: 205px;\" width=\"204\"><span style=\"font-family: Arial, sans-serif;\"><span style=\"font-size: small;\">10:40-11:30<\/span><\/span><\/td>\n<td style=\"width: 238px;\" width=\"235\"><span style=\"font-family: Arial, sans-serif;\"><span style=\"font-size: small;\">Activitats acad\u00e8miques<\/span><\/span><\/td>\n<\/tr>\n<tr valign=\"top\">\n<td style=\"width: 205px;\" width=\"204\"><span style=\"font-family: Arial, sans-serif;\"><span style=\"font-size: small;\">11:15 a 12:00<\/span><\/span><\/td>\n<td style=\"width: 238px;\" width=\"235\"><span style=\"font-family: Arial, sans-serif;\"><span style=\"font-size: small;\">Pati d&#8217;Infantil<\/span><\/span><\/td>\n<\/tr>\n<tr valign=\"top\">\n<td style=\"width: 205px;\" width=\"204\"><span style=\"font-family: Arial, sans-serif;\"><span style=\"font-size: small;\">11:30 a 12:00<\/span><\/span><\/td>\n<td style=\"width: 238px;\" width=\"235\"><span style=\"font-family: Arial, sans-serif;\"><span style=\"font-size: small;\">Pati de Prim\u00e0ria<\/span><\/span><\/td>\n<\/tr>\n<tr valign=\"top\">\n<td style=\"width: 205px;\" width=\"204\"><span style=\"font-family: Arial, sans-serif;\"><span style=\"font-size: small;\">12:00-12:30<\/span><\/span><\/td>\n<td style=\"width: 238px;\" width=\"235\"><span style=\"font-family: Arial, sans-serif;\"><span style=\"font-size: small;\">Gust per la lectura<\/span><\/span><\/td>\n<\/tr>\n<tr valign=\"top\">\n<td style=\"width: 205px;\" width=\"204\"><span style=\"font-family: Arial, sans-serif;\"><span style=\"font-size: small;\">12:30-13:15<\/span><\/span><\/td>\n<td style=\"width: 238px;\" width=\"235\"><span style=\"font-family: Arial, sans-serif;\"><span style=\"font-size: small;\">Activitats acad\u00e8miques<\/span><\/span><\/td>\n<\/tr>\n<tr valign=\"top\">\n<td style=\"width: 205px;\" width=\"204\"><span style=\"font-family: Arial, sans-serif;\"><span style=\"font-size: small;\">13:15-14:00<\/span><\/span><\/td>\n<td style=\"width: 238px;\" width=\"235\"><span style=\"font-family: Arial, sans-serif;\"><span style=\"font-size: small;\">Activitats acad\u00e8miques<\/span><\/span><\/td>\n<\/tr>\n<tr valign=\"top\">\n<td style=\"width: 205px;\" width=\"204\"><span style=\"font-family: Arial, sans-serif;\"><span style=\"font-size: small;\">14:00 &#8211; 16:00<\/span><\/span><\/td>\n<td style=\"width: 238px;\" width=\"235\"><span style=\"font-family: Arial, sans-serif;\"><span style=\"font-size: small;\">Menjador<\/span><\/span><\/td>\n<\/tr>\n<tr valign=\"top\">\n<td style=\"width: 205px;\" width=\"204\"><span style=\"font-family: Arial, sans-serif;\"><span style=\"font-size: small;\">16:00 &#8211; 17:15<\/span><\/span><\/td>\n<td style=\"width: 238px;\" width=\"235\"><span style=\"font-family: Arial, sans-serif;\"><span style=\"font-size: small;\">Activitats extraescolars<\/span><\/span><\/td>\n<\/tr>\n<\/tbody>\n<\/table>\n<\/dd>\n<\/dl>\n<p><span style=\"font-family: Arial, sans-serif;\"><span style=\"font-size: small;\">Horari dels mestres. Franges hor\u00e0ries<\/span><\/span><\/p>\n<ul>\n<li><span style=\"font-family: Arial, sans-serif;\"><span style=\"font-size: small;\">Les reunions es realitzen els dilluns de 15h a 16:30h, els dimecres de 14h a 15h i cada dia de 8\u201930 a 9\u201900h.<\/span><\/span><\/li>\n<li><span style=\"font-family: Arial, sans-serif;\"><span style=\"font-size: small;\">Dilluns: Claustre\/comissions i cicle.<\/span><\/span><\/li>\n<li><span style=\"font-family: Arial, sans-serif;\"><span style=\"font-size: small;\">Dimarts: Atenci\u00f3 a les fam\u00edlies<\/span><\/span><\/li>\n<li><span style=\"font-family: Arial, sans-serif;\"><span style=\"font-size: small;\">Dimecres: Comissions\/Paral\u00b7lels.<\/span><\/span><\/li>\n<li><span style=\"font-family: Arial, sans-serif;\"><span style=\"font-size: small;\">Dijous: Atenci\u00f3 a les fam\u00edlies<\/span><\/span><\/li>\n<li>Divendres: treball personal<\/li>\n<\/ul>\n<p><span style=\"font-family: Arial, sans-serif;\"><span style=\"font-size: small;\">Com a mitj\u00e0 de comunicaci\u00f3 entre els\/les mestres, pares i alumnes disposem d&#8217;una intranet:\u00a0www.escolaelsestanys.cat <\/span><\/span><\/p>\n<p><span style=\"font-family: Arial, sans-serif;\"><span style=\"font-size: small;\"><b>Gesti\u00f3 de la diversitat i conviv\u00e8ncia en el centre<\/b><\/span><\/span><\/p>\n<p><span style=\"font-family: Arial, sans-serif;\"><span style=\"font-size: small;\">Es potencia el treball en mitjos grups. Tota la prim\u00e0ria fa \u00bd grups en el taller d&#8217;experiments i inform\u00e0tica. <\/span><\/span><\/p>\n<p><span style=\"font-family: Arial, sans-serif;\"><span style=\"font-size: small;\">A CI i I4 i I5 la segona sessi\u00f3 del mat\u00ed es fa el projecte de lectura FET on s&#8217;agrupen els alumnes per nivell.\u00a0<\/span><\/span><\/p>\n<p><span style=\"font-family: Arial, sans-serif;\"><span style=\"font-size: small;\">Tamb\u00e9 es fan mitjos grups per potenciar la compet\u00e8ncia oral en llengua anglesa i pel treball manipulatiu de les matem\u00e0tiques.<\/span><\/span><\/p>\n<p><span style=\"font-family: Arial, sans-serif;\"><span style=\"font-size: small;\"><b>\u00c0mbit curricular<\/b><\/span><\/span><\/p>\n<p><span style=\"font-family: Arial, sans-serif;\"><span style=\"font-size: small;\">Estem dins d&#8217;un projecte d&#8217;excel\u00b7l\u00e8ncia de la zona educativa de la Vall d&#8217;Aro.<\/span><\/span><\/p>\n<p>Fem rob\u00f2tica de P3 a 6\u00e8<\/p>\n<p><span style=\"font-family: Arial, sans-serif;\"><span style=\"font-size: small;\">Fem el projecte FET de lectura.<\/span><\/span><\/p>\n<p><span style=\"font-family: Arial, sans-serif;\"><span style=\"font-size: small;\">Som escola verda.<\/span><\/span><\/p>\n<p>Fem un projecte interdisciplinar emprenedor.<\/p>\n<p><span style=\"font-family: Arial, sans-serif;\"><span style=\"font-size: small;\">Fem l&#8217;apadrinament lector amb el alumnes de segon i sis\u00e8.<\/span><\/span><\/p>\n<p><span style=\"font-family: Arial, sans-serif;\"><span style=\"font-size: small;\"><b>Orientaci\u00f3 i tutoria<\/b><\/span><\/span><\/p>\n<p><span style=\"font-family: Arial, sans-serif;\"><span style=\"font-size: small;\">Treballem les habilitats socials i la mediaci\u00f3.<\/span><\/span><\/p>\n<p><span style=\"font-family: Arial, sans-serif;\"><span style=\"font-size: small;\">L&#8217;escola participa en un pla de conviv\u00e8ncia del municipi.<\/span><\/span><\/p>\n<p><span style=\"font-family: Arial, sans-serif;\"><span style=\"font-size: small;\"><b>Fam\u00edlia i entorn<\/b><\/span><\/span><\/p>\n<p><span style=\"font-family: Arial, sans-serif;\"><span style=\"font-size: small;\">A Prim\u00e0ria i a Infantil els alumnes tenen l\u2019agenda, que s\u2019ha de fer servir com a mitj\u00e0 d\u2019informaci\u00f3 fam\u00edlies-mestres, mestres-fam\u00edlies. Ha de quedar tot escrit. Qualsevol incident s\u2019ha d\u2019escriure i guardar a l\u2019expedient de l\u2019alumne.<\/span><\/span><\/p>\n<p><span style=\"font-family: Arial, sans-serif;\"><span style=\"font-size: small;\">Abans de comen\u00e7ar el curs es fan reunions amb les fam\u00edlies.<\/span><\/span><\/p>\n<p><span style=\"font-family: Arial, sans-serif;\"><span style=\"font-size: small;\">Entrevistes amb les fam\u00edlies el segon trimestre i sempre que cal.<\/span><\/span><\/p>\n<p><span style=\"font-family: Arial, sans-serif;\"><span style=\"font-size: small;\">Coordinaci\u00f3 amb serveis socials un cop per trimestre i sempre que cal.<\/span><\/span><\/p>\n<p><span style=\"font-family: Arial, sans-serif;\"><span style=\"font-size: small;\">Participaci\u00f3 en diferents projectes a nivell de municipi.<\/span><\/span><\/p>\n<p><span style=\"font-family: Arial, sans-serif;\"><span style=\"font-size: small;\">Participem amb\u00a0 altres entitats:<\/span><\/span><\/p>\n<p><span style=\"font-family: Arial, sans-serif;\"><span style=\"font-size: small;\"> Policia local: Educaci\u00f3 vial i ambiental.<\/span><\/span><\/p>\n<p><span style=\"font-family: Arial, sans-serif;\"><span style=\"font-size: small;\"> Casa Lila: projecte escoles.<\/span><\/span><\/p>\n<p><span style=\"font-family: Arial, sans-serif;\"><span style=\"font-size: small;\"> Centre c\u00edvic: Projecte intergeneracional amb el avis: l&#8217;hort de l&#8217;escola<\/span><\/span><\/p>\n<p><span style=\"font-family: Arial, sans-serif;\"><span style=\"font-size: small;\"> Mossos d&#8217;esquadra: Internet segura<\/span><\/span><\/p>\n<p><span style=\"font-family: Arial, sans-serif;\"><span style=\"font-size: small;\"> Biblioteca del poble: Itineraris de lectura, maleta viatgera, taller de poesia, conte en angl\u00e8s.<\/span><\/span><\/p>\n","protected":false},"excerpt":{"rendered":"<p>Estructura organitzativa Actualment som un centre d&#8217;educaci\u00f3 infantil i prim\u00e0ria de dues l\u00ednies amb un total d&#8217;uns 400 alumnes. Fem jornada compactada de 9 a 14h.\u00a0 Els\/les mestres ens organitzem en cicles i\u00a0 comissions Horari dels alumnes. Franges hor\u00e0ries 8:00-9:00 (dilluns, dimarts i dimecres) Acollida matinal 9:00-9:50 Activitats acad\u00e8miques 9.50-10:40 Activitats acad\u00e8miques 10:40-11:30 Activitats acad\u00e8miques [&hellip;]<\/p>\n","protected":false},"author":2,"featured_media":0,"parent":22,"menu_order":60,"comment_status":"closed","ping_status":"closed","template":"page-templates\/side-menu.php","meta":{"_bbp_topic_count":0,"_bbp_reply_count":0,"_bbp_total_topic_count":0,"_bbp_total_reply_count":0,"_bbp_voice_count":0,"_bbp_anonymous_reply_count":0,"_bbp_topic_count_hidden":0,"_bbp_reply_count_hidden":0,"_bbp_forum_subforum_count":0,"site-sidebar-layout":"default","site-content-layout":"","ast-site-content-layout":"","site-content-style":"default","site-sidebar-style":"default","ast-global-header-display":"","ast-banner-title-visibility":"","ast-main-header-display":"","ast-hfb-above-header-display":"","ast-hfb-below-header-display":"","ast-hfb-mobile-header-display":"","site-post-title":"","ast-breadcrumbs-content":"","ast-featured-img":"","footer-sml-layout":"","theme-transparent-header-meta":"","adv-header-id-meta":"","stick-header-meta":"","header-above-stick-meta":"","header-main-stick-meta":"","header-below-stick-meta":"","astra-migrate-meta-layouts":"default","ast-page-background-enabled":"default","ast-page-background-meta":{"desktop":{"background-color":"var(--ast-global-color-4)","background-image":"","background-repeat":"repeat","background-position":"center center","background-size":"auto","background-attachment":"scroll","background-type":"","background-media":"","overlay-type":"","overlay-color":"","overlay-opacity":"","overlay-gradient":""},"tablet":{"background-color":"","background-image":"","background-repeat":"repeat","background-position":"center center","background-size":"auto","background-attachment":"scroll","background-type":"","background-media":"","overlay-type":"","overlay-color":"","overlay-opacity":"","overlay-gradient":""},"mobile":{"background-color":"","background-image":"","background-repeat":"repeat","background-position":"center center","background-size":"auto","background-attachment":"scroll","background-type":"","background-media":"","overlay-type":"","overlay-color":"","overlay-opacity":"","overlay-gradient":""}},"ast-content-background-meta":{"desktop":{"background-color":"var(--ast-global-color-5)","background-image":"","background-repeat":"repeat","background-position":"center center","background-size":"auto","background-attachment":"scroll","background-type":"","background-media":"","overlay-type":"","overlay-color":"","overlay-opacity":"","overlay-gradient":""},"tablet":{"background-color":"var(--ast-global-color-5)","background-image":"","background-repeat":"repeat","background-position":"center center","background-size":"auto","background-attachment":"scroll","background-type":"","background-media":"","overlay-type":"","overlay-color":"","overlay-opacity":"","overlay-gradient":""},"mobile":{"background-color":"var(--ast-global-color-5)","background-image":"","background-repeat":"repeat","background-position":"center center","background-size":"auto","background-attachment":"scroll","background-type":"","background-media":"","overlay-type":"","overlay-color":"","overlay-opacity":"","overlay-gradient":""}},"footnotes":""},"class_list":["post-34","page","type-page","status-publish","hentry"],"post_mailing_queue_ids":[],"_links":{"self":[{"href":"https:\/\/agora.xtec.cat\/escola-elsestanys\/wp-json\/wp\/v2\/pages\/34","targetHints":{"allow":["GET"]}}],"collection":[{"href":"https:\/\/agora.xtec.cat\/escola-elsestanys\/wp-json\/wp\/v2\/pages"}],"about":[{"href":"https:\/\/agora.xtec.cat\/escola-elsestanys\/wp-json\/wp\/v2\/types\/page"}],"author":[{"embeddable":true,"href":"https:\/\/agora.xtec.cat\/escola-elsestanys\/wp-json\/wp\/v2\/users\/2"}],"replies":[{"embeddable":true,"href":"https:\/\/agora.xtec.cat\/escola-elsestanys\/wp-json\/wp\/v2\/comments?post=34"}],"version-history":[{"count":4,"href":"https:\/\/agora.xtec.cat\/escola-elsestanys\/wp-json\/wp\/v2\/pages\/34\/revisions"}],"predecessor-version":[{"id":23381,"href":"https:\/\/agora.xtec.cat\/escola-elsestanys\/wp-json\/wp\/v2\/pages\/34\/revisions\/23381"}],"up":[{"embeddable":true,"href":"https:\/\/agora.xtec.cat\/escola-elsestanys\/wp-json\/wp\/v2\/pages\/22"}],"wp:attachment":[{"href":"https:\/\/agora.xtec.cat\/escola-elsestanys\/wp-json\/wp\/v2\/media?parent=34"}],"curies":[{"name":"wp","href":"https:\/\/api.w.org\/{rel}","templated":true}]}}