{"id":9,"date":"2014-09-17T15:08:18","date_gmt":"2014-09-17T14:08:18","guid":{"rendered":"http:\/\/agora.xtec.cat\/escola-ciutat-alba\/?page_id=9"},"modified":"2025-02-20T16:23:41","modified_gmt":"2025-02-20T15:23:41","slug":"pagina-dinici-buida","status":"publish","type":"page","link":"https:\/\/agora.xtec.cat\/escola-ciutat-alba\/","title":{"rendered":"BENVINGUTS I BENVINGUDES"},"content":{"rendered":"<p><strong><a href=\"https:\/\/agora.xtec.cat\/escola-ciutat-alba\/wp-content\/uploads\/usu810\/2022\/02\/AMUNT.pdf\">AMUNT<\/a><a href=\"https:\/\/agora.xtec.cat\/escola-ciutat-alba\/wp-content\/uploads\/usu810\/2022\/01\/AMUNT.pdf\">\u00a0<\/a><\/strong><sub><em>L&#8217;any 2010, l&#8217;Escola va voler fer un himne. El mestre especialista de m\u00fasica que hi havia, Llu\u00eds Gallifa va composar la m\u00fasica i va escriure la lletra d\u2019una can\u00e7\u00f3 que expressa els valors de la nostra escola i que r\u00e0pidament va esdevenir un referent per als nens i nenes, fam\u00edlies i equip docent de l\u2019escola Ciutat d\u2019Alba. Seguim cantant aquesta can\u00e7\u00f3 en celebraci\u00f3 de la nostra comunitat educativa en les festes de l\u2019escola i compartim aqu\u00ed amb vosaltres la lletra i m\u00fasica perqu\u00e8 la pugueu aprendre.<\/em><\/sub><\/p>\n<!--[if lt IE 9]><script>document.createElement('audio');<\/script><![endif]-->\n<audio class=\"wp-audio-shortcode\" id=\"audio-9-1\" preload=\"none\" style=\"width: 100%;\" controls=\"controls\"><source type=\"audio\/mpeg\" src=\"https:\/\/agora.xtec.cat\/escola-ciutat-alba\/wp-content\/uploads\/usu810\/2022\/01\/Amunt.mp3?_=1\" \/><a href=\"https:\/\/agora.xtec.cat\/escola-ciutat-alba\/wp-content\/uploads\/usu810\/2022\/01\/Amunt.mp3\">https:\/\/agora.xtec.cat\/escola-ciutat-alba\/wp-content\/uploads\/usu810\/2022\/01\/Amunt.mp3<\/a><\/audio>\n<p>(can\u00e7\u00f3 de l\u2019Escola Ciutat d\u2019Alba)<\/p>\n<p>&nbsp;<\/p>\n","protected":false},"excerpt":{"rendered":"<p>AMUNT\u00a0L&#8217;any 2010, l&#8217;Escola va voler fer un himne. El mestre especialista de m\u00fasica que hi havia, Llu\u00eds Gallifa va composar [&hellip;]<\/p>\n","protected":false},"author":1,"featured_media":0,"parent":7,"menu_order":0,"comment_status":"closed","ping_status":"closed","template":"","meta":{"_bbp_topic_count":0,"_bbp_reply_count":0,"_bbp_total_topic_count":0,"_bbp_total_reply_count":0,"_bbp_voice_count":0,"_bbp_anonymous_reply_count":0,"_bbp_topic_count_hidden":0,"_bbp_reply_count_hidden":0,"_bbp_forum_subforum_count":0,"site-sidebar-layout":"default","site-content-layout":"","ast-site-content-layout":"default","site-content-style":"default","site-sidebar-style":"default","ast-global-header-display":"","ast-banner-title-visibility":"","ast-main-header-display":"","ast-hfb-above-header-display":"","ast-hfb-below-header-display":"","ast-hfb-mobile-header-display":"","site-post-title":"","ast-breadcrumbs-content":"","ast-featured-img":"","footer-sml-layout":"","theme-transparent-header-meta":"default","adv-header-id-meta":"","stick-header-meta":"","header-above-stick-meta":"","header-main-stick-meta":"","header-below-stick-meta":"","astra-migrate-meta-layouts":"set","ast-page-background-enabled":"default","ast-page-background-meta":{"desktop":{"background-color":"var(--ast-global-color-4)","background-image":"","background-repeat":"repeat","background-position":"center center","background-size":"auto","background-attachment":"scroll","background-type":"","background-media":"","overlay-type":"","overlay-color":"","overlay-opacity":"","overlay-gradient":""},"tablet":{"background-color":"","background-image":"","background-repeat":"repeat","background-position":"center center","background-size":"auto","background-attachment":"scroll","background-type":"","background-media":"","overlay-type":"","overlay-color":"","overlay-opacity":"","overlay-gradient":""},"mobile":{"background-color":"","background-image":"","background-repeat":"repeat","background-position":"center center","background-size":"auto","background-attachment":"scroll","background-type":"","background-media":"","overlay-type":"","overlay-color":"","overlay-opacity":"","overlay-gradient":""}},"ast-content-background-meta":{"desktop":{"background-color":"var(--ast-global-color-5)","background-image":"","background-repeat":"repeat","background-position":"center center","background-size":"auto","background-attachment":"scroll","background-type":"","background-media":"","overlay-type":"","overlay-color":"","overlay-opacity":"","overlay-gradient":""},"tablet":{"background-color":"var(--ast-global-color-5)","background-image":"","background-repeat":"repeat","background-position":"center center","background-size":"auto","background-attachment":"scroll","background-type":"","background-media":"","overlay-type":"","overlay-color":"","overlay-opacity":"","overlay-gradient":""},"mobile":{"background-color":"var(--ast-global-color-5)","background-image":"","background-repeat":"repeat","background-position":"center center","background-size":"auto","background-attachment":"scroll","background-type":"","background-media":"","overlay-type":"","overlay-color":"","overlay-opacity":"","overlay-gradient":""}},"footnotes":""},"class_list":["post-9","page","type-page","status-publish","hentry"],"post_mailing_queue_ids":[],"_links":{"self":[{"href":"https:\/\/agora.xtec.cat\/escola-ciutat-alba\/wp-json\/wp\/v2\/pages\/9","targetHints":{"allow":["GET"]}}],"collection":[{"href":"https:\/\/agora.xtec.cat\/escola-ciutat-alba\/wp-json\/wp\/v2\/pages"}],"about":[{"href":"https:\/\/agora.xtec.cat\/escola-ciutat-alba\/wp-json\/wp\/v2\/types\/page"}],"author":[{"embeddable":true,"href":"https:\/\/agora.xtec.cat\/escola-ciutat-alba\/wp-json\/wp\/v2\/users\/1"}],"replies":[{"embeddable":true,"href":"https:\/\/agora.xtec.cat\/escola-ciutat-alba\/wp-json\/wp\/v2\/comments?post=9"}],"version-history":[{"count":7,"href":"https:\/\/agora.xtec.cat\/escola-ciutat-alba\/wp-json\/wp\/v2\/pages\/9\/revisions"}],"predecessor-version":[{"id":3108,"href":"https:\/\/agora.xtec.cat\/escola-ciutat-alba\/wp-json\/wp\/v2\/pages\/9\/revisions\/3108"}],"up":[{"embeddable":true,"href":"https:\/\/agora.xtec.cat\/escola-ciutat-alba\/wp-json\/wp\/v2\/pages\/7"}],"wp:attachment":[{"href":"https:\/\/agora.xtec.cat\/escola-ciutat-alba\/wp-json\/wp\/v2\/media?parent=9"}],"curies":[{"name":"wp","href":"https:\/\/api.w.org\/{rel}","templated":true}]}}

<p><strong><a href="https://agora.xtec.cat/escola-ciutat-alba/wp-content/uploads/usu810/2022/02/AMUNT.pdf">AMUNT</a><a href="https://agora.xtec.cat/escola-ciutat-alba/wp-content/uploads/usu810/2022/01/AMUNT.pdf"> </a></strong><sub><em>L&#8217;any 2010, l&#8217;Escola va voler fer un himne. El mestre especialista de música que hi havia, Lluís Gallifa va composar la música i va escriure la lletra d’una cançó que expressa els valors de la nostra escola i que ràpidament va esdevenir un referent per als nens i nenes, famílies i equip docent de l’escola Ciutat d’Alba. Seguim cantant aquesta cançó en celebració de la nostra comunitat educativa en les festes de l’escola i compartim aquí amb vosaltres la lletra i música perquè la pugueu aprendre.</em></sub></p>
<!--[if lt IE 9]><script>document.createElement('audio');</script><![endif]-->
<audio class="wp-audio-shortcode" id="audio-9-1" preload="none" style="width: 100%;" controls="controls"><source type="audio/mpeg" src="https://agora.xtec.cat/escola-ciutat-alba/wp-content/uploads/usu810/2022/01/Amunt.mp3?_=1" /><a href="https://agora.xtec.cat/escola-ciutat-alba/wp-content/uploads/usu810/2022/01/Amunt.mp3">https://agora.xtec.cat/escola-ciutat-alba/wp-content/uploads/usu810/2022/01/Amunt.mp3</a></audio>
<p>(cançó de l’Escola Ciutat d’Alba)</p>
<p>&nbsp;</p>

<p>AMUNT L&#8217;any 2010, l&#8217;Escola va voler fer un himne. El mestre especialista de música que hi havia, Lluís Gallifa va composar [&hellip;]</p>
