{"id":26,"date":"2014-09-18T12:24:32","date_gmt":"2014-09-18T11:24:32","guid":{"rendered":"http:\/\/agora.xtec.cat\/escola-ciutat-alba\/?page_id=26"},"modified":"2022-01-25T13:56:25","modified_gmt":"2022-01-25T12:56:25","slug":"historia","status":"publish","type":"page","link":"https:\/\/agora.xtec.cat\/escola-ciutat-alba\/lescola\/historia\/","title":{"rendered":"Hist\u00f2ria"},"content":{"rendered":"<p>L\u2019escola Ciutat d\u2019Alba \u00e9s un centre que va n\u00e9ixer el curs 2007-2008 amb fam\u00edlies assignades per zona educativa que van conformar un grup \u201cextra\u201d dins de l\u2019escola Tur\u00f3 de Can Mates de manera provisional, completades amb altres fam\u00edlies del poble que entraven en segona opci\u00f3 i matr\u00edcula vivia, aix\u00ed com fam\u00edlies estrangeres destinades temporalment a empreses del voltant.<\/p>\n<p>En aquell moment es comptava amb poques fam\u00edlies del barri perqu\u00e8 no hi havia barri, ja que aquest s\u2019estava formant. Amb els anys, Can Mates ha passat de ser un barri de perif\u00e8ria a esdevenir un barri m\u00e9s de Sant Cugat. L\u2019augment en infraestructures (centre comercial, petites botigues, parcs, edificis, cases unifamiliars, habitatges p\u00fablics, biblioteca municipal, CAP, seu universit\u00e0ria, estaci\u00f3 de tren de Mira-sol, cafeteries, &#8230;.), han afavorit el creixement i la bona adequaci\u00f3 de l\u2019entorn a les necessitats existents d\u2019un barri canviant.<\/p>\n<p>Al cap de gaireb\u00e9 15 anys, les fam\u00edlies que formen part de l\u2019escola, han escollit Ciutat d\u2019Alba com a primera o segona opci\u00f3.<\/p>\n<p>L\u2019escola est\u00e0 en constant creixement amb una traject\u00f2ria professional valorada i reconeguda per l\u2019entorn. El bon acolliment als mestres i a les fam\u00edlies \u00e9s un principi que considerem prioritari per tal d\u2019aconseguir una bona consolidaci\u00f3 del projecte educatiu. Els mestres i les mestres formem un equip il\u00b7lusionat i obert a totes les situacions de canvi, donant resposta als reptes que comporta una societat que avan\u00e7a constantment. Junts anem construint un projecte viu que evoluciona a partir de la reflexi\u00f3, del debat i l\u2019an\u00e0lisi.<\/p>\n<p>El nom de la nostra escola ve donat perqu\u00e8 <strong><a href=\"https:\/\/www.google.com\/maps\/place\/12051+Alba,+Cuneo,+Italia\/@44.6893922,7.986924,13z\/data=!3m1!4b1!4m5!3m4!1s0x12d2b36d1f25f315:0xae82aa8ed7331423!8m2!3d44.7009153!4d8.0356911\">Alba<\/a> <\/strong>\u00e9s la ciutat d\u2019It\u00e0lia que est\u00e0 agermanada amb <a href=\"https:\/\/www.google.com\/maps\/place\/San+Cugat+del+Vall%C3%A9s,+Barcelona\/@41.467428,1.9947185,12z\/data=!3m1!4b1!4m5!3m4!1s0x12a4912b6595f335:0x400fae021a40eb0!8m2!3d41.4664438!4d2.0701279\">Sant Cugat<\/a>.<\/p>\n","protected":false},"excerpt":{"rendered":"<p>L\u2019escola Ciutat d\u2019Alba \u00e9s un centre que va n\u00e9ixer el curs 2007-2008 amb fam\u00edlies assignades per zona educativa que van [&hellip;]<\/p>\n","protected":false},"author":1,"featured_media":0,"parent":22,"menu_order":20,"comment_status":"closed","ping_status":"closed","template":"page-templates\/side-menu.php","meta":{"_bbp_topic_count":0,"_bbp_reply_count":0,"_bbp_total_topic_count":0,"_bbp_total_reply_count":0,"_bbp_voice_count":0,"_bbp_anonymous_reply_count":0,"_bbp_topic_count_hidden":0,"_bbp_reply_count_hidden":0,"_bbp_forum_subforum_count":0,"site-sidebar-layout":"default","site-content-layout":"","ast-site-content-layout":"","site-content-style":"default","site-sidebar-style":"default","ast-global-header-display":"","ast-banner-title-visibility":"","ast-main-header-display":"","ast-hfb-above-header-display":"","ast-hfb-below-header-display":"","ast-hfb-mobile-header-display":"","site-post-title":"","ast-breadcrumbs-content":"","ast-featured-img":"","footer-sml-layout":"","theme-transparent-header-meta":"","adv-header-id-meta":"","stick-header-meta":"","header-above-stick-meta":"","header-main-stick-meta":"","header-below-stick-meta":"","astra-migrate-meta-layouts":"default","ast-page-background-enabled":"default","ast-page-background-meta":{"desktop":{"background-color":"var(--ast-global-color-4)","background-image":"","background-repeat":"repeat","background-position":"center center","background-size":"auto","background-attachment":"scroll","background-type":"","background-media":"","overlay-type":"","overlay-color":"","overlay-opacity":"","overlay-gradient":""},"tablet":{"background-color":"","background-image":"","background-repeat":"repeat","background-position":"center center","background-size":"auto","background-attachment":"scroll","background-type":"","background-media":"","overlay-type":"","overlay-color":"","overlay-opacity":"","overlay-gradient":""},"mobile":{"background-color":"","background-image":"","background-repeat":"repeat","background-position":"center center","background-size":"auto","background-attachment":"scroll","background-type":"","background-media":"","overlay-type":"","overlay-color":"","overlay-opacity":"","overlay-gradient":""}},"ast-content-background-meta":{"desktop":{"background-color":"var(--ast-global-color-5)","background-image":"","background-repeat":"repeat","background-position":"center center","background-size":"auto","background-attachment":"scroll","background-type":"","background-media":"","overlay-type":"","overlay-color":"","overlay-opacity":"","overlay-gradient":""},"tablet":{"background-color":"var(--ast-global-color-5)","background-image":"","background-repeat":"repeat","background-position":"center center","background-size":"auto","background-attachment":"scroll","background-type":"","background-media":"","overlay-type":"","overlay-color":"","overlay-opacity":"","overlay-gradient":""},"mobile":{"background-color":"var(--ast-global-color-5)","background-image":"","background-repeat":"repeat","background-position":"center center","background-size":"auto","background-attachment":"scroll","background-type":"","background-media":"","overlay-type":"","overlay-color":"","overlay-opacity":"","overlay-gradient":""}},"footnotes":""},"class_list":["post-26","page","type-page","status-publish","hentry"],"post_mailing_queue_ids":[],"_links":{"self":[{"href":"https:\/\/agora.xtec.cat\/escola-ciutat-alba\/wp-json\/wp\/v2\/pages\/26","targetHints":{"allow":["GET"]}}],"collection":[{"href":"https:\/\/agora.xtec.cat\/escola-ciutat-alba\/wp-json\/wp\/v2\/pages"}],"about":[{"href":"https:\/\/agora.xtec.cat\/escola-ciutat-alba\/wp-json\/wp\/v2\/types\/page"}],"author":[{"embeddable":true,"href":"https:\/\/agora.xtec.cat\/escola-ciutat-alba\/wp-json\/wp\/v2\/users\/1"}],"replies":[{"embeddable":true,"href":"https:\/\/agora.xtec.cat\/escola-ciutat-alba\/wp-json\/wp\/v2\/comments?post=26"}],"version-history":[{"count":3,"href":"https:\/\/agora.xtec.cat\/escola-ciutat-alba\/wp-json\/wp\/v2\/pages\/26\/revisions"}],"predecessor-version":[{"id":660,"href":"https:\/\/agora.xtec.cat\/escola-ciutat-alba\/wp-json\/wp\/v2\/pages\/26\/revisions\/660"}],"up":[{"embeddable":true,"href":"https:\/\/agora.xtec.cat\/escola-ciutat-alba\/wp-json\/wp\/v2\/pages\/22"}],"wp:attachment":[{"href":"https:\/\/agora.xtec.cat\/escola-ciutat-alba\/wp-json\/wp\/v2\/media?parent=26"}],"curies":[{"name":"wp","href":"https:\/\/api.w.org\/{rel}","templated":true}]}}