{"id":1065,"date":"2022-05-17T12:46:10","date_gmt":"2022-05-17T10:46:10","guid":{"rendered":"https:\/\/agora.xtec.cat\/escola-can-clos\/?page_id=1065"},"modified":"2024-02-01T23:44:41","modified_gmt":"2024-02-01T22:44:41","slug":"petits-talents-cientifics","status":"publish","type":"page","link":"https:\/\/agora.xtec.cat\/escola-can-clos\/projectes\/petits-talents-cientifics\/","title":{"rendered":"Petits Talents Cient\u00edfics"},"content":{"rendered":"<p style=\"text-align: justify;\"><strong>Petits Talents Cient\u00edfics<\/strong> \u00e9s un projecte que vol fomentar l\u2019experimentaci\u00f3, la indagaci\u00f3 i la descoberta en l\u2019aprenentatge de les ci\u00e8ncies de l\u2019alumnat d\u2019Educaci\u00f3 Infantil i Prim\u00e0ria.<\/p>\n<p style=\"text-align: justify;\">L\u2019objectiu \u00e9s proporcionar als centres educatius un seguit de recursos i d\u2019orientacions pedag\u00f2giques que ajuden als docents a implantar metodologies anomenades Inquire Based Science Education (IBSE) a l\u2019aula, que permeten la realitzaci\u00f3 de treballs de recerca per part de l\u2019alumnat i faciliten altres objectius, com ara que l\u2019alumnat pugui entendre realment qu\u00e8 \u00e9s el m\u00e8tode cient\u00edfic i que exerciti el seu pensament cr\u00edtic.<\/p>\n<p style=\"text-align: justify;\">Dins d\u2019aquest programa, tamb\u00e9 s\u2019organitzen assessoraments personalitzats per desenvolupar projectes a l\u2019escola. Cada edici\u00f3 se centra en una tem\u00e0tica concreta que uneix diversos continguts del curr\u00edculum educatiu de prim\u00e0ria, que normalment es treballen per separat. Aix\u00ed es fomenta una visi\u00f3 transversal d\u2019aquests continguts. Com a cloenda dels cursos, a CosmoCaixa es fan trobades i fires d\u2019experi\u00e8ncies de \u201cpetits talents cient\u00edfics\u201d per tal que les escoles mostrin els projectes elaborats i puguin intercanviar viv\u00e8ncies.<\/p>\n<p style=\"text-align: justify;\">El nostre alumnat d&#8217;Educaci\u00f3 Prim\u00e0ria participa des de fa molts cursos en aquest programa per tal de promoure el m\u00e8tode cient\u00edfic en l\u2019alumnat a partir d\u2019un proc\u00e9s d\u2019investigaci\u00f3 i potenciar el seu pensament cr\u00edtic.<\/p>\n<p><img loading=\"lazy\" decoding=\"async\" class=\"aligncenter wp-image-2717 \" src=\"https:\/\/agora.xtec.cat\/escola-can-clos\/wp-content\/uploads\/usu2456\/2024\/02\/IMG_20230419_121924-1024x768.jpg\" alt=\"\" width=\"800\" height=\"600\" srcset=\"https:\/\/agora.xtec.cat\/escola-can-clos\/wp-content\/uploads\/usu2456\/2024\/02\/IMG_20230419_121924-1024x768.jpg 1024w, https:\/\/agora.xtec.cat\/escola-can-clos\/wp-content\/uploads\/usu2456\/2024\/02\/IMG_20230419_121924-300x225.jpg 300w, https:\/\/agora.xtec.cat\/escola-can-clos\/wp-content\/uploads\/usu2456\/2024\/02\/IMG_20230419_121924-768x576.jpg 768w, https:\/\/agora.xtec.cat\/escola-can-clos\/wp-content\/uploads\/usu2456\/2024\/02\/IMG_20230419_121924-1536x1152.jpg 1536w, https:\/\/agora.xtec.cat\/escola-can-clos\/wp-content\/uploads\/usu2456\/2024\/02\/IMG_20230419_121924-2048x1536.jpg 2048w, https:\/\/agora.xtec.cat\/escola-can-clos\/wp-content\/uploads\/usu2456\/2024\/02\/IMG_20230419_121924-200x150.jpg 200w\" sizes=\"auto, (max-width: 800px) 100vw, 800px\" \/><\/p>\n<p><img loading=\"lazy\" decoding=\"async\" class=\" wp-image-2718 aligncenter\" src=\"https:\/\/agora.xtec.cat\/escola-can-clos\/wp-content\/uploads\/usu2456\/2024\/02\/Screenshot_2024-02-01-23-41-42-587_com.instagram.android-1024x975.jpg\" alt=\"\" width=\"801\" height=\"763\" srcset=\"https:\/\/agora.xtec.cat\/escola-can-clos\/wp-content\/uploads\/usu2456\/2024\/02\/Screenshot_2024-02-01-23-41-42-587_com.instagram.android-1024x975.jpg 1024w, https:\/\/agora.xtec.cat\/escola-can-clos\/wp-content\/uploads\/usu2456\/2024\/02\/Screenshot_2024-02-01-23-41-42-587_com.instagram.android-300x286.jpg 300w, https:\/\/agora.xtec.cat\/escola-can-clos\/wp-content\/uploads\/usu2456\/2024\/02\/Screenshot_2024-02-01-23-41-42-587_com.instagram.android-768x731.jpg 768w, https:\/\/agora.xtec.cat\/escola-can-clos\/wp-content\/uploads\/usu2456\/2024\/02\/Screenshot_2024-02-01-23-41-42-587_com.instagram.android.jpg 1080w\" sizes=\"auto, (max-width: 801px) 100vw, 801px\" \/><\/p>\n","protected":false},"excerpt":{"rendered":"<p>Petits Talents Cient\u00edfics \u00e9s un projecte que vol fomentar l\u2019experimentaci\u00f3, la indagaci\u00f3 i la descoberta en l\u2019aprenentatge de les ci\u00e8ncies de l\u2019alumnat d\u2019Educaci\u00f3 Infantil i Prim\u00e0ria. L\u2019objectiu \u00e9s proporcionar als centres educatius un seguit de recursos i d\u2019orientacions pedag\u00f2giques que ajuden als docents a implantar metodologies anomenades Inquire Based Science Education (IBSE) a l\u2019aula, que [&hellip;]<\/p>\n","protected":false},"author":1,"featured_media":0,"parent":993,"menu_order":4,"comment_status":"closed","ping_status":"closed","template":"page-templates\/side-menu.php","meta":{"_bbp_topic_count":0,"_bbp_reply_count":0,"_bbp_total_topic_count":0,"_bbp_total_reply_count":0,"_bbp_voice_count":0,"_bbp_anonymous_reply_count":0,"_bbp_topic_count_hidden":0,"_bbp_reply_count_hidden":0,"_bbp_forum_subforum_count":0,"site-sidebar-layout":"default","site-content-layout":"","ast-site-content-layout":"","site-content-style":"default","site-sidebar-style":"default","ast-global-header-display":"","ast-banner-title-visibility":"","ast-main-header-display":"","ast-hfb-above-header-display":"","ast-hfb-below-header-display":"","ast-hfb-mobile-header-display":"","site-post-title":"","ast-breadcrumbs-content":"","ast-featured-img":"","footer-sml-layout":"","theme-transparent-header-meta":"","adv-header-id-meta":"","stick-header-meta":"","header-above-stick-meta":"","header-main-stick-meta":"","header-below-stick-meta":"","astra-migrate-meta-layouts":"default","ast-page-background-enabled":"default","ast-page-background-meta":{"desktop":{"background-color":"var(--ast-global-color-4)","background-image":"","background-repeat":"repeat","background-position":"center center","background-size":"auto","background-attachment":"scroll","background-type":"","background-media":"","overlay-type":"","overlay-color":"","overlay-opacity":"","overlay-gradient":""},"tablet":{"background-color":"","background-image":"","background-repeat":"repeat","background-position":"center center","background-size":"auto","background-attachment":"scroll","background-type":"","background-media":"","overlay-type":"","overlay-color":"","overlay-opacity":"","overlay-gradient":""},"mobile":{"background-color":"","background-image":"","background-repeat":"repeat","background-position":"center center","background-size":"auto","background-attachment":"scroll","background-type":"","background-media":"","overlay-type":"","overlay-color":"","overlay-opacity":"","overlay-gradient":""}},"ast-content-background-meta":{"desktop":{"background-color":"var(--ast-global-color-5)","background-image":"","background-repeat":"repeat","background-position":"center center","background-size":"auto","background-attachment":"scroll","background-type":"","background-media":"","overlay-type":"","overlay-color":"","overlay-opacity":"","overlay-gradient":""},"tablet":{"background-color":"var(--ast-global-color-5)","background-image":"","background-repeat":"repeat","background-position":"center center","background-size":"auto","background-attachment":"scroll","background-type":"","background-media":"","overlay-type":"","overlay-color":"","overlay-opacity":"","overlay-gradient":""},"mobile":{"background-color":"var(--ast-global-color-5)","background-image":"","background-repeat":"repeat","background-position":"center center","background-size":"auto","background-attachment":"scroll","background-type":"","background-media":"","overlay-type":"","overlay-color":"","overlay-opacity":"","overlay-gradient":""}},"footnotes":""},"class_list":["post-1065","page","type-page","status-publish","hentry"],"post_mailing_queue_ids":[],"_links":{"self":[{"href":"https:\/\/agora.xtec.cat\/escola-can-clos\/wp-json\/wp\/v2\/pages\/1065","targetHints":{"allow":["GET"]}}],"collection":[{"href":"https:\/\/agora.xtec.cat\/escola-can-clos\/wp-json\/wp\/v2\/pages"}],"about":[{"href":"https:\/\/agora.xtec.cat\/escola-can-clos\/wp-json\/wp\/v2\/types\/page"}],"author":[{"embeddable":true,"href":"https:\/\/agora.xtec.cat\/escola-can-clos\/wp-json\/wp\/v2\/users\/1"}],"replies":[{"embeddable":true,"href":"https:\/\/agora.xtec.cat\/escola-can-clos\/wp-json\/wp\/v2\/comments?post=1065"}],"version-history":[{"count":5,"href":"https:\/\/agora.xtec.cat\/escola-can-clos\/wp-json\/wp\/v2\/pages\/1065\/revisions"}],"predecessor-version":[{"id":2720,"href":"https:\/\/agora.xtec.cat\/escola-can-clos\/wp-json\/wp\/v2\/pages\/1065\/revisions\/2720"}],"up":[{"embeddable":true,"href":"https:\/\/agora.xtec.cat\/escola-can-clos\/wp-json\/wp\/v2\/pages\/993"}],"wp:attachment":[{"href":"https:\/\/agora.xtec.cat\/escola-can-clos\/wp-json\/wp\/v2\/media?parent=1065"}],"curies":[{"name":"wp","href":"https:\/\/api.w.org\/{rel}","templated":true}]}}