{"id":22,"date":"2014-09-18T12:19:57","date_gmt":"2014-09-18T12:19:57","guid":{"rendered":"http:\/\/agora.xtec.cat\/escola-bernatmetgeelprat\/?page_id=22"},"modified":"2016-02-26T13:18:37","modified_gmt":"2016-02-26T12:18:37","slug":"lescola","status":"publish","type":"page","link":"https:\/\/agora.xtec.cat\/escola-bernatmetgeelprat\/lescola\/","title":{"rendered":"L&#8217;escola"},"content":{"rendered":"<p>Som una escola d\u2019una l\u00ednia (un sol grup per nivell) la qual cosa afavoreix l\u2019adaptaci\u00f3 i la participaci\u00f3 de l\u2019alumnat; som un lloc obert on tots, nens, nenes, mares, pares, mestres, educadors i educadores ens sentim respectats, valorats, escoltats i estimats.<\/p>\n<p>Entenem l\u2019acci\u00f3 educativa com un proc\u00e9s de construcci\u00f3 on l\u2019alumne sigui protagonista del seu aprenentatge i aconsegueixi el desenvolupament de les compet\u00e8ncies.<\/p>\n<p>Potenciem el creixement personal a traves de l\u2019adquisici\u00f3 de continguts que tinguin vincle amb l\u2019entorn i els permeti desenvolupar un pensament cr\u00edtic.<\/p>\n<p>Treballem fent tallers, racons, projectes a tots els nivells activitats de suport per atendre la diversitat i oferir una atenci\u00f3 m\u00e9s individualitzada.<\/p>\n<p><a href=\"http:\/\/agora.xtec.cat\/escola-bernatmetgeelprat\/wp-content\/uploads\/usu186\/2014\/09\/lescola1.png\"><img loading=\"lazy\" decoding=\"async\" class=\" size-medium wp-image-677 alignnone\" src=\"http:\/\/agora.xtec.cat\/escola-bernatmetgeelprat\/wp-content\/uploads\/usu186\/2014\/09\/lescola1-300x242.png\" alt=\"l'escola1\" width=\"300\" height=\"242\" srcset=\"https:\/\/agora.xtec.cat\/escola-bernatmetgeelprat\/wp-content\/uploads\/usu186\/2014\/09\/lescola1-300x242.png 300w, https:\/\/agora.xtec.cat\/escola-bernatmetgeelprat\/wp-content\/uploads\/usu186\/2014\/09\/lescola1.png 620w\" sizes=\"auto, (max-width: 300px) 100vw, 300px\" \/><\/a><a href=\"http:\/\/agora.xtec.cat\/escola-bernatmetgeelprat\/wp-content\/uploads\/usu186\/2014\/09\/lescola2.png\"><img loading=\"lazy\" decoding=\"async\" class=\"  wp-image-679 alignnone\" src=\"http:\/\/agora.xtec.cat\/escola-bernatmetgeelprat\/wp-content\/uploads\/usu186\/2014\/09\/lescola2-300x247.png\" alt=\"l'escola2\" width=\"296\" height=\"243\" srcset=\"https:\/\/agora.xtec.cat\/escola-bernatmetgeelprat\/wp-content\/uploads\/usu186\/2014\/09\/lescola2-300x247.png 300w, https:\/\/agora.xtec.cat\/escola-bernatmetgeelprat\/wp-content\/uploads\/usu186\/2014\/09\/lescola2.png 600w\" sizes=\"auto, (max-width: 296px) 100vw, 296px\" \/><\/a><\/p>\n","protected":false},"excerpt":{"rendered":"<p>Som una escola d\u2019una l\u00ednia (un sol grup per nivell) la qual cosa afavoreix l\u2019adaptaci\u00f3 i la participaci\u00f3 de l\u2019alumnat; som un lloc obert on tots, nens, nenes, mares, pares, mestres, educadors i educadores ens sentim respectats, valorats, escoltats i estimats.<br \/>\nEntenem l\u2019acci\u00f3 educativa com un&hellip;  <a href=\"https:\/\/agora.xtec.cat\/escola-bernatmetgeelprat\/lescola\/\" title=\"Read L&#8217;escola\">Llegeix m\u00e9s\u00bb<\/a><\/p>\n","protected":false},"author":2,"featured_media":0,"parent":0,"menu_order":0,"comment_status":"closed","ping_status":"closed","template":"page-templates\/side-menu.php","meta":{"_bbp_topic_count":0,"_bbp_reply_count":0,"_bbp_total_topic_count":0,"_bbp_total_reply_count":0,"_bbp_voice_count":0,"_bbp_anonymous_reply_count":0,"_bbp_topic_count_hidden":0,"_bbp_reply_count_hidden":0,"_bbp_forum_subforum_count":0,"footnotes":""},"class_list":["post-22","page","type-page","status-publish","hentry"],"post_mailing_queue_ids":[],"_links":{"self":[{"href":"https:\/\/agora.xtec.cat\/escola-bernatmetgeelprat\/wp-json\/wp\/v2\/pages\/22","targetHints":{"allow":["GET"]}}],"collection":[{"href":"https:\/\/agora.xtec.cat\/escola-bernatmetgeelprat\/wp-json\/wp\/v2\/pages"}],"about":[{"href":"https:\/\/agora.xtec.cat\/escola-bernatmetgeelprat\/wp-json\/wp\/v2\/types\/page"}],"author":[{"embeddable":true,"href":"https:\/\/agora.xtec.cat\/escola-bernatmetgeelprat\/wp-json\/wp\/v2\/users\/2"}],"replies":[{"embeddable":true,"href":"https:\/\/agora.xtec.cat\/escola-bernatmetgeelprat\/wp-json\/wp\/v2\/comments?post=22"}],"version-history":[{"count":3,"href":"https:\/\/agora.xtec.cat\/escola-bernatmetgeelprat\/wp-json\/wp\/v2\/pages\/22\/revisions"}],"predecessor-version":[{"id":680,"href":"https:\/\/agora.xtec.cat\/escola-bernatmetgeelprat\/wp-json\/wp\/v2\/pages\/22\/revisions\/680"}],"wp:attachment":[{"href":"https:\/\/agora.xtec.cat\/escola-bernatmetgeelprat\/wp-json\/wp\/v2\/media?parent=22"}],"curies":[{"name":"wp","href":"https:\/\/api.w.org\/{rel}","templated":true}]}}

<p>Som una escola d’una línia (un sol grup per nivell) la qual cosa afavoreix l’adaptació i la participació de l’alumnat; som un lloc obert on tots, nens, nenes, mares, pares, mestres, educadors i educadores ens sentim respectats, valorats, escoltats i estimats.</p>
<p>Entenem l’acció educativa com un procés de construcció on l’alumne sigui protagonista del seu aprenentatge i aconsegueixi el desenvolupament de les competències.</p>
<p>Potenciem el creixement personal a traves de l’adquisició de continguts que tinguin vincle amb l’entorn i els permeti desenvolupar un pensament crític.</p>
<p>Treballem fent tallers, racons, projectes a tots els nivells activitats de suport per atendre la diversitat i oferir una atenció més individualitzada.</p>
<p><a href="http://agora.xtec.cat/escola-bernatmetgeelprat/wp-content/uploads/usu186/2014/09/lescola1.png"><img loading="lazy" decoding="async" class=" size-medium wp-image-677 alignnone" src="http://agora.xtec.cat/escola-bernatmetgeelprat/wp-content/uploads/usu186/2014/09/lescola1-300x242.png" alt="l'escola1" width="300" height="242" srcset="https://agora.xtec.cat/escola-bernatmetgeelprat/wp-content/uploads/usu186/2014/09/lescola1-300x242.png 300w, https://agora.xtec.cat/escola-bernatmetgeelprat/wp-content/uploads/usu186/2014/09/lescola1.png 620w" sizes="auto, (max-width: 300px) 100vw, 300px" /></a><a href="http://agora.xtec.cat/escola-bernatmetgeelprat/wp-content/uploads/usu186/2014/09/lescola2.png"><img loading="lazy" decoding="async" class="  wp-image-679 alignnone" src="http://agora.xtec.cat/escola-bernatmetgeelprat/wp-content/uploads/usu186/2014/09/lescola2-300x247.png" alt="l'escola2" width="296" height="243" srcset="https://agora.xtec.cat/escola-bernatmetgeelprat/wp-content/uploads/usu186/2014/09/lescola2-300x247.png 300w, https://agora.xtec.cat/escola-bernatmetgeelprat/wp-content/uploads/usu186/2014/09/lescola2.png 600w" sizes="auto, (max-width: 296px) 100vw, 296px" /></a></p>

<p>Som una escola d’una línia (un sol grup per nivell) la qual cosa afavoreix l’adaptació i la participació de l’alumnat; som un lloc obert on tots, nens, nenes, mares, pares, mestres, educadors i educadores ens sentim respectats, valorats, escoltats i estimats.<br />
Entenem l’acció educativa com un&hellip;  <a href="https://agora.xtec.cat/escola-bernatmetgeelprat/lescola/" title="Read L&#8217;escola">Llegeix més»</a></p>
