{"id":17345,"date":"2023-11-28T14:41:23","date_gmt":"2023-11-28T13:41:23","guid":{"rendered":"https:\/\/agora.xtec.cat\/escola-ateneu-igualadi\/?page_id=17345"},"modified":"2026-04-07T10:23:54","modified_gmt":"2026-04-07T08:23:54","slug":"servei-de-menjador","status":"publish","type":"page","link":"https:\/\/agora.xtec.cat\/escola-ateneu-igualadi\/servei-de-menjador\/","title":{"rendered":"Servei de menjador"},"content":{"rendered":"<div>\n<div>\n<p><strong>MENJADOR<\/strong><\/p>\n<hr \/>\n<p>El menjador de l\u2019Escola \u00e9s un espai social, educatiu i saludable imprescindible que dona resposta a les necessitats de moltes fam\u00edlies que hi confien.<\/p>\n<p>El servei de menjador s\u2019ofereix des del primer dia de curs i \u00e9s gestionat per l\u2019AFA.<\/p>\n<p>La comissi\u00f3 de Menjador i Acollida est\u00e0 formada per:<\/p>\n<p>\u25cf Georgina Balcells (AFA)<br \/>\n\u25cf Laura Campos (AFA)<br \/>\n\u25cf Berta Llobet (AFA)<br \/>\n\u25cf Esti Lizaso (AFA)<br \/>\n\u25cf Laia Mart\u00ed (AFA)<br \/>\n\u25cf Bianca Mur (escola)<br \/>\n\u25cf Anna Tom\u00e0s (escola)<br \/>\n\u25cf Sandra Sayavera (coordinadora)<\/p>\n<p>La comissi\u00f3 gestiona aquest servei amb la voluntat de donar suport i complementar la tasca educativa de l\u2019Escola i vetlla perqu\u00e8 l\u2019estona del migdia continu\u00ef incidint en els mateixos valors i criteris que es treballen en el dia a dia a l\u2019escola.<br \/>\nL\u2019horari de menjador comen\u00e7a en el mateix moment que acaba l\u2019horari de l\u2019escola, de 12.30\u202fh a 14.30\u202fh del migdia.<br \/>\nEl servei de c\u00e0tering \u00e9s a c\u00e0rrec de Frescat, que garanteix un servei de qualitat i proximitat. Els men\u00fas s\u00f3n mensuals, compleixen els requisits de tipus d\u2019aliments i de freq\u00fc\u00e8ncies establerts pel Departament de Sanitat de la Generalitat de Catalunya i estan aprovats per una dietista.<\/p>\n<p><strong>Inscripcions:<\/strong><\/p>\n<p>Les inscripcions d\u2019usuaris al servei de menjador es faran mitjan\u00e7ant l\u2019aplicaci\u00f3 o web <a href=\"https:\/\/tpvescola.com\/\">TPV Escola<\/a> (apartat Serveis -&gt; Inscripcions -&gt; Selecciona un formulari).<br \/>\nEl per\u00edode d\u2019inscripci\u00f3 finalitzar\u00e0 el 31 d\u2019agost. \u00c9s un tr\u00e0mit obligatori per tots aquells alumnes que facin \u00fas del menjador, per poder crear les fitxes amb les caracter\u00edstiques de cada infant.<br \/>\nL\u2019alumne fix que algun dia no utilitza el servei de menjador haur\u00e0 d\u2019anul\u00b7lar el dia de servei dins l\u2019aplicaci\u00f3 o web <a href=\"https:\/\/tpvescola.com\/\">TPV Escola<\/a> abans de les 9:30\u202fh.<\/p>\n<p>Els\/Les alumnes espor\u00e0dics hauran de comprar un tiquet a trav\u00e9s de l\u2019aplicaci\u00f3 o web <a href=\"https:\/\/tpvescola.com\/\">TPV Escola<\/a> i validar-lo.<\/p>\n<p><strong>Menjar de r\u00e8gim<\/strong><\/p>\n<p>Si el vostre fill\/a necessita menjar de r\u00e8gim, caldr\u00e0 comunicar-ho el mateix dia abans de les 9:00 del mat\u00ed a la coordinadora del menjador (<a href=\"mailto:menjadorateneuigualadi@gmail.com\">menjadorateneuigualadi@gmail.com<\/a>)<br \/>\nRecordem que el men\u00fa de r\u00e8gim s\u2019ofereix a aquells nens\/es que el necessitin, i que en cap cas pot substituir el men\u00fa del dia perqu\u00e8 hi ha alguna cosa que \u201cno m\u2019agrada\u201d.<br \/>\nLes dades de contacte de la coordinadora del servei s\u00f3n:<\/p>\n<p>&#8211; Correu electr\u00f2nic: <a href=\"mailto:menjadorateneuigualadi@gmail.com\">menjadorateneuigualadi@gmail.com<\/a><\/p>\n<p>&#8211; Tel\u00e8fon: 621248491<\/p>\n<p>&#8211; Horari d\u2019atenci\u00f3 a les fam\u00edlies: de 9:00 a 10:00 de dilluns a divendres, per tel\u00e8fon o, de forma presencial, al despatx de l\u2019AFA.<\/p>\n<p>En aquest enlla\u00e7 trobareu les tarifes i la normativa del servei de menjador.En aquest enlla\u00e7 trobareu les tarifes i la normativa del servei de menjador.<\/p>\n<p><a href=\"https:\/\/agora.xtec.cat\/escola-ateneu-igualadi\/wp-content\/uploads\/usu2410\/2024\/07\/Normativa-i-Tarifes-Menjador_2024-2025.pdf\">Normativa i Tarifes Menjador 2025-2026<\/a><\/p>\n<p>Altres enlla\u00e7os d&#8217;inter\u00e8s:<\/p>\n<p><a href=\"https:\/\/agora.xtec.cat\/escola-ateneu-igualadi\/wp-content\/uploads\/usu2410\/2022\/07\/Autoritzacio-medicaments.pdf\">Autoritzaci\u00f3 medicaments<\/a><\/p>\n<div>\n<p><a href=\"https:\/\/agora.xtec.cat\/escola-ateneu-igualadi\/wp-content\/uploads\/usu2410\/2025\/09\/2025-09_Ateneu_basal.pdf\">Setembre 2025 <\/a><\/p>\n<\/div>\n<\/div>\n<div>\n<p><a href=\"https:\/\/agora.xtec.cat\/escola-ateneu-igualadi\/wp-content\/uploads\/usu2410\/2025\/09\/2025-09_Ateneu_vegetaria.pdf\">Setembre 2025 vegetari\u00e0<\/a><\/p>\n<p><a href=\"https:\/\/agora.xtec.cat\/escola-ateneu-igualadi\/wp-content\/uploads\/usu2410\/2025\/09\/2025-09_Ateneu_halal.pdf\">Setembre 2025 halal\u00a0<\/a><\/p>\n<p><a href=\"https:\/\/agora.xtec.cat\/escola-ateneu-igualadi\/wp-content\/uploads\/usu2410\/2025\/09\/Octubre-2025-1.pdf\">Octubre 2025<\/a><\/p>\n<p><a href=\"https:\/\/agora.xtec.cat\/escola-ateneu-igualadi\/wp-content\/uploads\/usu2410\/2025\/09\/Octubre-2025-vegetaria.pdf\">Octubre 2025 vegetari\u00e0<\/a><\/p>\n<p><a href=\"https:\/\/agora.xtec.cat\/escola-ateneu-igualadi\/wp-content\/uploads\/usu2410\/2025\/09\/Octubre-2025-halal.pdf\">Octubre 2025 halal<\/a><\/p>\n<p><a href=\"https:\/\/agora.xtec.cat\/escola-ateneu-igualadi\/wp-content\/uploads\/usu2410\/2025\/10\/2025-11_Ateneu_basal.pdf\">Novembre 2025<\/a><\/p>\n<p><a href=\"https:\/\/agora.xtec.cat\/escola-ateneu-igualadi\/wp-content\/uploads\/usu2410\/2025\/10\/2025-11_Ateneu_vegetaria.pdf\">Novembre 2025 vegetari\u00e0<\/a><\/p>\n<p><a href=\"https:\/\/agora.xtec.cat\/escola-ateneu-igualadi\/wp-content\/uploads\/usu2410\/2025\/10\/2025-11_Ateneu_halal.pdf\">Novembre 2025 halal<\/a><\/p>\n<p><a href=\"https:\/\/agora.xtec.cat\/escola-ateneu-igualadi\/wp-content\/uploads\/usu2410\/2025\/11\/Desembre-2025-.pdf\">Desembre 2025<\/a><\/p>\n<p><a href=\"https:\/\/agora.xtec.cat\/escola-ateneu-igualadi\/wp-content\/uploads\/usu2410\/2025\/11\/Desembre-2025-vegetaria.pdf\">Desembre 2025 vegetari\u00e0<\/a><\/p>\n<p><a href=\"https:\/\/agora.xtec.cat\/escola-ateneu-igualadi\/wp-content\/uploads\/usu2410\/2025\/11\/Desembre-2025-halal.pdf\">Desembre 2025 halal<\/a><\/p>\n<p><a href=\"https:\/\/agora.xtec.cat\/escola-ateneu-igualadi\/wp-content\/uploads\/usu2410\/2026\/01\/Gener-2026-1.pdf\">Gener 2026<\/a><\/p>\n<p><a href=\"https:\/\/agora.xtec.cat\/escola-ateneu-igualadi\/wp-content\/uploads\/usu2410\/2026\/01\/Gener-2026-Halal-1.pdf\">Gener 2026 Halal<\/a><\/p>\n<p><a href=\"https:\/\/agora.xtec.cat\/escola-ateneu-igualadi\/wp-content\/uploads\/usu2410\/2026\/01\/Gener-2026-Vegetaria-1.pdf\">Gener 2026 Vegetari\u00e0<\/a><\/p>\n<p><a href=\"https:\/\/agora.xtec.cat\/escola-ateneu-igualadi\/wp-content\/uploads\/usu2410\/2026\/02\/Febrer-2026.pdf\">Febrer 2026<\/a><\/p>\n<p><a href=\"https:\/\/agora.xtec.cat\/escola-ateneu-igualadi\/wp-content\/uploads\/usu2410\/2026\/02\/Febrer-2026-halal.pdf\">Febrer 2026 Halal<\/a><\/p>\n<p><a href=\"https:\/\/agora.xtec.cat\/escola-ateneu-igualadi\/wp-content\/uploads\/usu2410\/2026\/02\/Febrer-2026-vegetaria.pdf\">Febrer 2026 Vegetari\u00e0<\/a><\/p>\n<p><a href=\"https:\/\/agora.xtec.cat\/escola-ateneu-igualadi\/wp-content\/uploads\/usu2410\/2026\/03\/Marc-2026.pdf\">Mar\u00e7 2026<\/a><\/p>\n<p><a href=\"https:\/\/agora.xtec.cat\/escola-ateneu-igualadi\/wp-content\/uploads\/usu2410\/2026\/03\/Marc-2026-halal.pdf\">Mar\u00e7 2026 Halal<\/a><\/p>\n<p><a href=\"https:\/\/agora.xtec.cat\/escola-ateneu-igualadi\/wp-content\/uploads\/usu2410\/2026\/03\/Marc-2026-vegetaria.pdf\">Mar\u00e7 2026 Vegetari\u00e0<\/a><\/p>\n<p><a href=\"https:\/\/agora.xtec.cat\/escola-ateneu-igualadi\/wp-content\/uploads\/usu2410\/2026\/04\/Abril-2026.pdf\">Abril 2026<\/a><\/p>\n<p><a href=\"https:\/\/agora.xtec.cat\/escola-ateneu-igualadi\/wp-content\/uploads\/usu2410\/2026\/04\/Abril-2026-halal.pdf\">Abril 2026 Halal<\/a><\/p>\n<p><a href=\"https:\/\/agora.xtec.cat\/escola-ateneu-igualadi\/wp-content\/uploads\/usu2410\/2026\/04\/Abril-2026-vegetaria.pdf\">Abril 2026 Vegetari\u00e0<\/a><\/p>\n<p>&nbsp;<\/p>\n<\/div>\n<p><strong>P\u00edcnics<\/strong><\/p>\n<p>Els dies d\u2019excursi\u00f3 i col\u00f2nies que inclouen l\u2019hora de dinar, el servei de menjador ofereix p\u00edcnic als alumnes fixos.<\/p>\n<p>\u25cf Alumnes fixos: disposen autom\u00e0ticament del servei de p\u00edcnic. En cas de no voler-lo, caldr\u00e0 anul\u00b7lar el tiquet al TPV Escola i, a m\u00e9s, avisar la coordinadora de menjador com a m\u00ednim amb dos dies d\u2019antelaci\u00f3. En aquests casos nom\u00e9s es cobrar\u00e0 la part corresponent al monitoratge.<\/p>\n<p>\u25cf Alumnes espor\u00e0dics: podran sol\u00b7licitar p\u00edcnic comprant un tiquet a trav\u00e9s de TPV Escola i comunicant-ho a la coordinadora de menjador amb un m\u00ednim de dos dies d\u2019antelaci\u00f3.<\/p>\n<p>\u25cf Alumnes becats: se\u2019ls oferir\u00e0 el servei en format p\u00edcnic en cas de no participar en l\u2019activitat (excursi\u00f3 o col\u00f2nies).<\/p>\n<p>Aquest servei garanteix que tots els infants disposin d\u2019un \u00e0pat saludable i equilibrat en les sortides escolars.<\/p>\n<\/div>\n<p>&nbsp;<\/p>\n<p><strong>Iniciativa: \u201cDinem en fam\u00edlia a l\u2019escola\u201d<\/strong><\/p>\n<p>A finals del curs 2022-23 des de la comissi\u00f3 de menjador de l\u2019AFA va posar en marxa una nova iniciativa: \u201cDinem en fam\u00edlia a l\u2019escola\u201d.<\/p>\n<p>A partir del segon trimestre, un dia a la setmana, s\u2019obre el menjador de l\u2019escola a totes les fam\u00edlies que vulguin venir a con\u00e8ixer el nostre espai i a dinar tots plegats. Per q\u00fcestions d\u2019espai, est\u00e0 limitat a un m\u00e0xim de fam\u00edlies per setmana (depenent del nombre de comensals) i, a un m\u00e0xim de 2 adults per fam\u00edlia. Tots els membres de la fam\u00edlia dinen plegats a la taula on dina el seu fill\/a.<\/p>\n<p>Es tracta d\u2019una iniciativa per veure com es el dia a dia al menjador, tant com a espai on es treballen h\u00e0bits d\u2019alimentaci\u00f3, higiene i autonomia dels infants, com tamb\u00e9 d\u2019espai on es t\u00e9 cura del temps de lleure de tots els nens i nenes que hi participen.<\/p>\n<p>En cas d\u2019estar interessats us haureu d\u2019inscriure en el moment que es comuniqui l\u2019inici d\u2019aquesta activitat. A final de mes, se us girar\u00e0 el pagament a trav\u00e9s del TPV.<\/p>\n","protected":false},"excerpt":{"rendered":"<p>MENJADOR El menjador de l\u2019Escola \u00e9s un espai social, educatiu i saludable imprescindible que dona resposta a les necessitats de moltes fam\u00edlies que hi confien. El servei de menjador s\u2019ofereix des del primer dia de curs i \u00e9s gestionat per l\u2019AFA. La comissi\u00f3 de Menjador i Acollida est\u00e0 formada per: \u25cf Georgina Balcells (AFA) \u25cf [&hellip;]<\/p>\n","protected":false},"author":1,"featured_media":0,"parent":0,"menu_order":0,"comment_status":"closed","ping_status":"closed","template":"","meta":{"_bbp_topic_count":0,"_bbp_reply_count":0,"_bbp_total_topic_count":0,"_bbp_total_reply_count":0,"_bbp_voice_count":0,"_bbp_anonymous_reply_count":0,"_bbp_topic_count_hidden":0,"_bbp_reply_count_hidden":0,"_bbp_forum_subforum_count":0,"site-sidebar-layout":"default","site-content-layout":"","ast-site-content-layout":"default","site-content-style":"default","site-sidebar-style":"default","ast-global-header-display":"","ast-banner-title-visibility":"","ast-main-header-display":"","ast-hfb-above-header-display":"","ast-hfb-below-header-display":"","ast-hfb-mobile-header-display":"","site-post-title":"","ast-breadcrumbs-content":"","ast-featured-img":"","footer-sml-layout":"","theme-transparent-header-meta":"default","adv-header-id-meta":"","stick-header-meta":"","header-above-stick-meta":"","header-main-stick-meta":"","header-below-stick-meta":"","astra-migrate-meta-layouts":"set","ast-page-background-enabled":"default","ast-page-background-meta":{"desktop":{"background-color":"var(--ast-global-color-4)","background-image":"","background-repeat":"repeat","background-position":"center center","background-size":"auto","background-attachment":"scroll","background-type":"","background-media":"","overlay-type":"","overlay-color":"","overlay-opacity":"","overlay-gradient":""},"tablet":{"background-color":"","background-image":"","background-repeat":"repeat","background-position":"center center","background-size":"auto","background-attachment":"scroll","background-type":"","background-media":"","overlay-type":"","overlay-color":"","overlay-opacity":"","overlay-gradient":""},"mobile":{"background-color":"","background-image":"","background-repeat":"repeat","background-position":"center center","background-size":"auto","background-attachment":"scroll","background-type":"","background-media":"","overlay-type":"","overlay-color":"","overlay-opacity":"","overlay-gradient":""}},"ast-content-background-meta":{"desktop":{"background-color":"var(--ast-global-color-5)","background-image":"","background-repeat":"repeat","background-position":"center center","background-size":"auto","background-attachment":"scroll","background-type":"","background-media":"","overlay-type":"","overlay-color":"","overlay-opacity":"","overlay-gradient":""},"tablet":{"background-color":"var(--ast-global-color-5)","background-image":"","background-repeat":"repeat","background-position":"center center","background-size":"auto","background-attachment":"scroll","background-type":"","background-media":"","overlay-type":"","overlay-color":"","overlay-opacity":"","overlay-gradient":""},"mobile":{"background-color":"var(--ast-global-color-5)","background-image":"","background-repeat":"repeat","background-position":"center center","background-size":"auto","background-attachment":"scroll","background-type":"","background-media":"","overlay-type":"","overlay-color":"","overlay-opacity":"","overlay-gradient":""}},"footnotes":""},"class_list":["post-17345","page","type-page","status-publish","hentry"],"post_mailing_queue_ids":[],"_links":{"self":[{"href":"https:\/\/agora.xtec.cat\/escola-ateneu-igualadi\/wp-json\/wp\/v2\/pages\/17345","targetHints":{"allow":["GET"]}}],"collection":[{"href":"https:\/\/agora.xtec.cat\/escola-ateneu-igualadi\/wp-json\/wp\/v2\/pages"}],"about":[{"href":"https:\/\/agora.xtec.cat\/escola-ateneu-igualadi\/wp-json\/wp\/v2\/types\/page"}],"author":[{"embeddable":true,"href":"https:\/\/agora.xtec.cat\/escola-ateneu-igualadi\/wp-json\/wp\/v2\/users\/1"}],"replies":[{"embeddable":true,"href":"https:\/\/agora.xtec.cat\/escola-ateneu-igualadi\/wp-json\/wp\/v2\/comments?post=17345"}],"version-history":[{"count":7,"href":"https:\/\/agora.xtec.cat\/escola-ateneu-igualadi\/wp-json\/wp\/v2\/pages\/17345\/revisions"}],"predecessor-version":[{"id":18270,"href":"https:\/\/agora.xtec.cat\/escola-ateneu-igualadi\/wp-json\/wp\/v2\/pages\/17345\/revisions\/18270"}],"wp:attachment":[{"href":"https:\/\/agora.xtec.cat\/escola-ateneu-igualadi\/wp-json\/wp\/v2\/media?parent=17345"}],"curies":[{"name":"wp","href":"https:\/\/api.w.org\/{rel}","templated":true}]}}