{"id":17345,"date":"2023-11-28T14:41:23","date_gmt":"2023-11-28T13:41:23","guid":{"rendered":"https:\/\/agora.xtec.cat\/escola-ateneu-igualadi\/?page_id=17345"},"modified":"2026-08-28T19:02:36","modified_gmt":"2026-08-28T17:02:36","slug":"servei-de-menjador","status":"publish","type":"page","link":"https:\/\/agora.xtec.cat\/escola-ateneu-igualadi\/servei-de-menjador\/","title":{"rendered":"Servei de menjador"},"content":{"rendered":"<div>\n<p style=\"font-weight: 400;\">El menjador de l\u2019Escola \u00e9s un espai social, educatiu i saludable que dona resposta a les necessitats de moltes fam\u00edlies que hi confien.<\/p>\n<p style=\"font-weight: 400;\">El servei de menjador s\u2019ofereix des del primer dia de curs i \u00e9s gestionat per l\u2019AFA.<\/p>\n<p style=\"font-weight: 400;\">La comissi\u00f3 de Menjador i Acollida est\u00e0 formada per:<\/p>\n<ul>\n<li>Georgina Balcells (AFA)<\/li>\n<li>Laura Campos (AFA)<\/li>\n<li>Esti Lizaso (AFA)<\/li>\n<li>Laia Mart\u00ed (AFA)<\/li>\n<li>Bianca Mur (escola)<\/li>\n<li>Anna Tom\u00e0s (escola)<\/li>\n<li>Sandra Sayavera (coordinadora)<\/li>\n<\/ul>\n<p style=\"font-weight: 400;\">La comissi\u00f3 gestiona aquest servei amb la voluntat de donar suport i complementar la tasca educativa de l\u2019Escola i vetlla perqu\u00e8 l\u2019estona del migdia continu\u00ef incidint en els mateixos valors i criteris que es treballen en el dia a dia a l\u2019escola.<\/p>\n<p style=\"font-weight: 400;\">L&#8217;horari del servei de menjador \u00e9s de 12.30 h a 14.30 h, coincidint amb la franja del migdia.<\/p>\n<p style=\"font-weight: 400;\">El servei de c\u00e0tering \u00e9s a c\u00e0rrec de Frescat, que garanteix un servei de qualitat i proximitat. Els men\u00fas s\u00f3n mensuals i estan elaborats seguint els criteris nutricionals establerts pel Departament de Salut i supervisats per una dietista.<\/p>\n<p style=\"font-weight: 400;\"><strong>Inscripcions<\/strong><\/p>\n<p style=\"font-weight: 400;\">Les inscripcions al servei de menjador es fan mitjan\u00e7ant l&#8217;aplicaci\u00f3 TPV Escola (Serveis &gt; Inscripcions &gt; Selecciona un formulari). La inscripci\u00f3 \u00e9s obligat\u00f2ria per a tot l&#8217;alumnat que faci \u00fas del servei.<\/p>\n<p style=\"font-weight: 400;\">Els usuaris fixos que puntualment no facin \u00fas del menjador hauran d&#8217;anul\u00b7lar el servei abans de les 9.30 h a trav\u00e9s de TPV Escola.<\/p>\n<p style=\"font-weight: 400;\">Els tiquets espor\u00e0dics s&#8217;han de comprar, validar i deixar abonats abans de fer \u00fas del servei. En el seg\u00fcent enlla\u00e7 podreu consultar com comprar i validar el tiquet a trav\u00e9s de l\u2019aplicaci\u00f3 <a href=\"https:\/\/tpvescola.com\/\">TPV Escola<\/a><u>.<\/u><\/p>\n<p style=\"font-weight: 400;\"><strong>Dietes especials<\/strong><\/p>\n<p style=\"font-weight: 400;\">Si un alumne necessita seguir una dieta astringent, cal comunicar-ho abans de les 9.00\u00a0h a la coordinadora del servei (<a href=\"mailto:menjadorateneuigualadi@gmail.com\">menjadorateneuigualadi@gmail.com<\/a>).<\/p>\n<p style=\"font-weight: 400;\">Els men\u00fas especials s&#8217;ofereixen exclusivament per motius de salut i no com a alternativa al men\u00fa ordinari.<\/p>\n<p style=\"font-weight: 400;\"><strong>P\u00edcnics<\/strong><\/p>\n<p style=\"font-weight: 400;\">Els dies d&#8217;excursi\u00f3 o de col\u00f2nies que incloguin l&#8217;hora de dinar, el servei ofereix p\u00edcnic.<\/p>\n<ul>\n<li>Els usuaris fixos el tenen assignat autom\u00e0ticament.<\/li>\n<li>Els usuaris espor\u00e0dics l&#8217;han de sol\u00b7licitar adquirint el corresponent tiquet i avisant la coordinadora amb un m\u00ednim de dos dies d&#8217;antelaci\u00f3.<\/li>\n<li>Els alumnes becats que no participin en la sortida disposaran igualment del servei en format p\u00edcnic.<\/li>\n<\/ul>\n<p style=\"font-weight: 400;\">Aquest servei garanteix que tots els infants disposin d\u2019un \u00e0pat saludable i equilibrat en les sortides escolars.<\/p>\n<p style=\"font-weight: 400;\"><strong>Iniciativa: \u201cDinem en fam\u00edlia a l\u2019escola\u201d<\/strong><\/p>\n<p style=\"font-weight: 400;\">A finals del curs 2022-2023 des de la comissi\u00f3 de menjador de l\u2019AFA va posar en marxa una nova iniciativa: \u201cDinem en fam\u00edlia a l\u2019escola\u201d.<\/p>\n<p style=\"font-weight: 400;\">A partir del segon trimestre, un dia a la setmana, s\u2019obre el menjador de l\u2019escola a totes les fam\u00edlies que vulguin venir a con\u00e8ixer el nostre espai i a dinar tots plegats. Per q\u00fcestions d\u2019espai, est\u00e0 limitat a un nombre m\u00e0xim de fam\u00edlies per setmana (depenent del nombre de comensals) i, a un m\u00e0xim de 2 adults per fam\u00edlia. Tots els membres de la fam\u00edlia dinen plegats a la taula on dina el seu fill\/a.<\/p>\n<p style=\"font-weight: 400;\">Es tracta d\u2019una iniciativa per veure com \u00e9s el dia a dia al menjador, tant com a espai on es treballen h\u00e0bits d\u2019alimentaci\u00f3, higiene i autonomia dels infants, com tamb\u00e9 d\u2019espai on es t\u00e9 cura del temps de lleure de tots els infants que hi participen.<\/p>\n<p style=\"font-weight: 400;\">En cas d\u2019estar interessats us haureu d\u2019inscriure en el moment que es comuniqui l\u2019inici d\u2019aquesta activitat. A final de mes, se us girar\u00e0 el pagament a trav\u00e9s del TPV.<\/p>\n<p style=\"font-weight: 400;\"><strong>Dades de contacte<\/strong><\/p>\n<p style=\"font-weight: 400;\">Les dades de contacte de la coordinadora del servei s\u00f3n:<\/p>\n<ul>\n<li>Correu electr\u00f2nic: <a href=\"mailto:menjadorateneuigualadi@gmail.com\">menjadorateneuigualadi@gmail.com<\/a><\/li>\n<li>Tel\u00e8fon: 621 248 491<\/li>\n<li>Horari d\u2019atenci\u00f3 a les fam\u00edlies: de 9.00 h a 10.00 h de dilluns a divendres, per tel\u00e8fon o, de forma presencial, al despatx de l\u2019AFA.<\/li>\n<\/ul>\n<p style=\"font-weight: 400;\"><strong>Documents d\u2019inter\u00e8s<\/strong><\/p>\n<p><a href=\"https:\/\/agora.xtec.cat\/escola-ateneu-igualadi\/wp-content\/uploads\/usu2410\/2026\/08\/Normativa-i-Tarifes-Menjador_26-27.pdf\">Normativa i Tarifes Menjador 2026-2027<\/a><\/p>\n<p><a href=\"https:\/\/agora.xtec.cat\/escola-ateneu-igualadi\/wp-content\/uploads\/usu2410\/2022\/07\/Autoritzacio-medicaments.pdf\">Autoritzaci\u00f3 medicaments<\/a><\/p>\n<\/div>\n<div>\n<p><a href=\"https:\/\/www.youtube.com\/watch?v=cRn-xl46GMo\">Instruccions per comprar tiquets espora\u0300dics de menjador &#8211; YouTube<\/a><\/p>\n<p><a href=\"https:\/\/agora.xtec.cat\/escola-ateneu-igualadi\/wp-content\/uploads\/usu2410\/2026\/08\/2026-09_Ateneu_basal.pdf\">Setembre 2026<\/a><\/p>\n<p><a href=\"https:\/\/agora.xtec.cat\/escola-ateneu-igualadi\/wp-content\/uploads\/usu2410\/2026\/08\/2026-09_Ateneu_halal.pdf\">Setembre 2026 Halal<\/a><\/p>\n<p><a href=\"https:\/\/agora.xtec.cat\/escola-ateneu-igualadi\/wp-content\/uploads\/usu2410\/2026\/08\/2026-09_Ateneu_vegetaria.pdf\">Setembre 2026 Vegetari\u00e0<\/a><\/p>\n<\/div>\n","protected":false},"excerpt":{"rendered":"<p>El menjador de l\u2019Escola \u00e9s un espai social, educatiu i saludable que dona resposta a les necessitats de moltes fam\u00edlies que hi confien. El servei de menjador s\u2019ofereix des del primer dia de curs i \u00e9s gestionat per l\u2019AFA. La comissi\u00f3 de Menjador i Acollida est\u00e0 formada per: Georgina Balcells (AFA) Laura Campos (AFA) Esti [&hellip;]<\/p>\n","protected":false},"author":1,"featured_media":0,"parent":0,"menu_order":0,"comment_status":"closed","ping_status":"closed","template":"","meta":{"_bbp_topic_count":0,"_bbp_reply_count":0,"_bbp_total_topic_count":0,"_bbp_total_reply_count":0,"_bbp_voice_count":0,"_bbp_anonymous_reply_count":0,"_bbp_topic_count_hidden":0,"_bbp_reply_count_hidden":0,"_bbp_forum_subforum_count":0,"site-sidebar-layout":"default","site-content-layout":"","ast-site-content-layout":"default","site-content-style":"default","site-sidebar-style":"default","ast-global-header-display":"","ast-banner-title-visibility":"","ast-main-header-display":"","ast-hfb-above-header-display":"","ast-hfb-below-header-display":"","ast-hfb-mobile-header-display":"","site-post-title":"","ast-breadcrumbs-content":"","ast-featured-img":"","footer-sml-layout":"","theme-transparent-header-meta":"default","adv-header-id-meta":"","stick-header-meta":"","header-above-stick-meta":"","header-main-stick-meta":"","header-below-stick-meta":"","astra-migrate-meta-layouts":"set","ast-page-background-enabled":"default","ast-page-background-meta":{"desktop":{"background-color":"var(--ast-global-color-4)","background-image":"","background-repeat":"repeat","background-position":"center center","background-size":"auto","background-attachment":"scroll","background-type":"","background-media":"","overlay-type":"","overlay-color":"","overlay-opacity":"","overlay-gradient":""},"tablet":{"background-color":"","background-image":"","background-repeat":"repeat","background-position":"center center","background-size":"auto","background-attachment":"scroll","background-type":"","background-media":"","overlay-type":"","overlay-color":"","overlay-opacity":"","overlay-gradient":""},"mobile":{"background-color":"","background-image":"","background-repeat":"repeat","background-position":"center center","background-size":"auto","background-attachment":"scroll","background-type":"","background-media":"","overlay-type":"","overlay-color":"","overlay-opacity":"","overlay-gradient":""}},"ast-content-background-meta":{"desktop":{"background-color":"var(--ast-global-color-5)","background-image":"","background-repeat":"repeat","background-position":"center center","background-size":"auto","background-attachment":"scroll","background-type":"","background-media":"","overlay-type":"","overlay-color":"","overlay-opacity":"","overlay-gradient":""},"tablet":{"background-color":"var(--ast-global-color-5)","background-image":"","background-repeat":"repeat","background-position":"center center","background-size":"auto","background-attachment":"scroll","background-type":"","background-media":"","overlay-type":"","overlay-color":"","overlay-opacity":"","overlay-gradient":""},"mobile":{"background-color":"var(--ast-global-color-5)","background-image":"","background-repeat":"repeat","background-position":"center center","background-size":"auto","background-attachment":"scroll","background-type":"","background-media":"","overlay-type":"","overlay-color":"","overlay-opacity":"","overlay-gradient":""}},"footnotes":""},"class_list":["post-17345","page","type-page","status-publish","hentry"],"post_mailing_queue_ids":[],"_links":{"self":[{"href":"https:\/\/agora.xtec.cat\/escola-ateneu-igualadi\/wp-json\/wp\/v2\/pages\/17345","targetHints":{"allow":["GET"]}}],"collection":[{"href":"https:\/\/agora.xtec.cat\/escola-ateneu-igualadi\/wp-json\/wp\/v2\/pages"}],"about":[{"href":"https:\/\/agora.xtec.cat\/escola-ateneu-igualadi\/wp-json\/wp\/v2\/types\/page"}],"author":[{"embeddable":true,"href":"https:\/\/agora.xtec.cat\/escola-ateneu-igualadi\/wp-json\/wp\/v2\/users\/1"}],"replies":[{"embeddable":true,"href":"https:\/\/agora.xtec.cat\/escola-ateneu-igualadi\/wp-json\/wp\/v2\/comments?post=17345"}],"version-history":[{"count":7,"href":"https:\/\/agora.xtec.cat\/escola-ateneu-igualadi\/wp-json\/wp\/v2\/pages\/17345\/revisions"}],"predecessor-version":[{"id":18336,"href":"https:\/\/agora.xtec.cat\/escola-ateneu-igualadi\/wp-json\/wp\/v2\/pages\/17345\/revisions\/18336"}],"wp:attachment":[{"href":"https:\/\/agora.xtec.cat\/escola-ateneu-igualadi\/wp-json\/wp\/v2\/media?parent=17345"}],"curies":[{"name":"wp","href":"https:\/\/api.w.org\/{rel}","templated":true}]}}

<div>
<p style="font-weight: 400;">El menjador de l’Escola és un espai social, educatiu i saludable que dona resposta a les necessitats de moltes famílies que hi confien.</p>
<p style="font-weight: 400;">El servei de menjador s’ofereix des del primer dia de curs i és gestionat per l’AFA.</p>
<p style="font-weight: 400;">La comissió de Menjador i Acollida està formada per:</p>
<ul>
<li>Georgina Balcells (AFA)</li>
<li>Laura Campos (AFA)</li>
<li>Esti Lizaso (AFA)</li>
<li>Laia Martí (AFA)</li>
<li>Bianca Mur (escola)</li>
<li>Anna Tomàs (escola)</li>
<li>Sandra Sayavera (coordinadora)</li>
</ul>
<p style="font-weight: 400;">La comissió gestiona aquest servei amb la voluntat de donar suport i complementar la tasca educativa de l’Escola i vetlla perquè l’estona del migdia continuï incidint en els mateixos valors i criteris que es treballen en el dia a dia a l’escola.</p>
<p style="font-weight: 400;">L&#8217;horari del servei de menjador és de 12.30 h a 14.30 h, coincidint amb la franja del migdia.</p>
<p style="font-weight: 400;">El servei de càtering és a càrrec de Frescat, que garanteix un servei de qualitat i proximitat. Els menús són mensuals i estan elaborats seguint els criteris nutricionals establerts pel Departament de Salut i supervisats per una dietista.</p>
<p style="font-weight: 400;"><strong>Inscripcions</strong></p>
<p style="font-weight: 400;">Les inscripcions al servei de menjador es fan mitjançant l&#8217;aplicació TPV Escola (Serveis &gt; Inscripcions &gt; Selecciona un formulari). La inscripció és obligatòria per a tot l&#8217;alumnat que faci ús del servei.</p>
<p style="font-weight: 400;">Els usuaris fixos que puntualment no facin ús del menjador hauran d&#8217;anul·lar el servei abans de les 9.30 h a través de TPV Escola.</p>
<p style="font-weight: 400;">Els tiquets esporàdics s&#8217;han de comprar, validar i deixar abonats abans de fer ús del servei. En el següent enllaç podreu consultar com comprar i validar el tiquet a través de l’aplicació <a href="https://tpvescola.com/">TPV Escola</a><u>.</u></p>
<p style="font-weight: 400;"><strong>Dietes especials</strong></p>
<p style="font-weight: 400;">Si un alumne necessita seguir una dieta astringent, cal comunicar-ho abans de les 9.00 h a la coordinadora del servei (<a href="mailto:menjadorateneuigualadi@gmail.com">menjadorateneuigualadi@gmail.com</a>).</p>
<p style="font-weight: 400;">Els menús especials s&#8217;ofereixen exclusivament per motius de salut i no com a alternativa al menú ordinari.</p>
<p style="font-weight: 400;"><strong>Pícnics</strong></p>
<p style="font-weight: 400;">Els dies d&#8217;excursió o de colònies que incloguin l&#8217;hora de dinar, el servei ofereix pícnic.</p>
<ul>
<li>Els usuaris fixos el tenen assignat automàticament.</li>
<li>Els usuaris esporàdics l&#8217;han de sol·licitar adquirint el corresponent tiquet i avisant la coordinadora amb un mínim de dos dies d&#8217;antelació.</li>
<li>Els alumnes becats que no participin en la sortida disposaran igualment del servei en format pícnic.</li>
</ul>
<p style="font-weight: 400;">Aquest servei garanteix que tots els infants disposin d’un àpat saludable i equilibrat en les sortides escolars.</p>
<p style="font-weight: 400;"><strong>Iniciativa: “Dinem en família a l’escola”</strong></p>
<p style="font-weight: 400;">A finals del curs 2022-2023 des de la comissió de menjador de l’AFA va posar en marxa una nova iniciativa: “Dinem en família a l’escola”.</p>
<p style="font-weight: 400;">A partir del segon trimestre, un dia a la setmana, s’obre el menjador de l’escola a totes les famílies que vulguin venir a conèixer el nostre espai i a dinar tots plegats. Per qüestions d’espai, està limitat a un nombre màxim de famílies per setmana (depenent del nombre de comensals) i, a un màxim de 2 adults per família. Tots els membres de la família dinen plegats a la taula on dina el seu fill/a.</p>
<p style="font-weight: 400;">Es tracta d’una iniciativa per veure com és el dia a dia al menjador, tant com a espai on es treballen hàbits d’alimentació, higiene i autonomia dels infants, com també d’espai on es té cura del temps de lleure de tots els infants que hi participen.</p>
<p style="font-weight: 400;">En cas d’estar interessats us haureu d’inscriure en el moment que es comuniqui l’inici d’aquesta activitat. A final de mes, se us girarà el pagament a través del TPV.</p>
<p style="font-weight: 400;"><strong>Dades de contacte</strong></p>
<p style="font-weight: 400;">Les dades de contacte de la coordinadora del servei són:</p>
<ul>
<li>Correu electrònic: <a href="mailto:menjadorateneuigualadi@gmail.com">menjadorateneuigualadi@gmail.com</a></li>
<li>Telèfon: 621 248 491</li>
<li>Horari d’atenció a les famílies: de 9.00 h a 10.00 h de dilluns a divendres, per telèfon o, de forma presencial, al despatx de l’AFA.</li>
</ul>
<p style="font-weight: 400;"><strong>Documents d’interès</strong></p>
<p><a href="https://agora.xtec.cat/escola-ateneu-igualadi/wp-content/uploads/usu2410/2026/08/Normativa-i-Tarifes-Menjador_26-27.pdf">Normativa i Tarifes Menjador 2026-2027</a></p>
<p><a href="https://agora.xtec.cat/escola-ateneu-igualadi/wp-content/uploads/usu2410/2022/07/Autoritzacio-medicaments.pdf">Autorització medicaments</a></p>
</div>
<div>
<p><a href="https://www.youtube.com/watch?v=cRn-xl46GMo">Instruccions per comprar tiquets esporàdics de menjador &#8211; YouTube</a></p>
<p><a href="https://agora.xtec.cat/escola-ateneu-igualadi/wp-content/uploads/usu2410/2026/08/2026-09_Ateneu_basal.pdf">Setembre 2026</a></p>
<p><a href="https://agora.xtec.cat/escola-ateneu-igualadi/wp-content/uploads/usu2410/2026/08/2026-09_Ateneu_halal.pdf">Setembre 2026 Halal</a></p>
<p><a href="https://agora.xtec.cat/escola-ateneu-igualadi/wp-content/uploads/usu2410/2026/08/2026-09_Ateneu_vegetaria.pdf">Setembre 2026 Vegetarià</a></p>
</div>

<p>El menjador de l’Escola és un espai social, educatiu i saludable que dona resposta a les necessitats de moltes famílies que hi confien. El servei de menjador s’ofereix des del primer dia de curs i és gestionat per l’AFA. La comissió de Menjador i Acollida està formada per: Georgina Balcells (AFA) Laura Campos (AFA) Esti [&hellip;]</p>
