{"id":15437,"date":"2020-11-12T11:43:40","date_gmt":"2020-11-12T10:43:40","guid":{"rendered":"https:\/\/agora.xtec.cat\/escola-ateneu-igualadi\/?page_id=15437"},"modified":"2021-11-22T13:28:07","modified_gmt":"2021-11-22T12:28:07","slug":"educacio-visual-i-plastica","status":"publish","type":"page","link":"https:\/\/agora.xtec.cat\/escola-ateneu-igualadi\/educacio-visual-i-plastica\/","title":{"rendered":"Educaci\u00f3 visual i pl\u00e0stica"},"content":{"rendered":"<section><\/section>\n<section>L\u2019\u00e0rea d\u2019Educaci\u00f3 Art\u00edstica a l\u2019Escola pret\u00e9n desenvolupar en les nenes i els nens la percepci\u00f3 i l\u2019expressi\u00f3 est\u00e8tica amb l\u2019objectiu que adquireixin una formaci\u00f3 que els permeti comprendre els mons art\u00edstics i culturals, i de manera molt especial els del seu entorn m\u00e9s proper i els d\u2019altres pobles, i participar-hi. Les sessions es realitzen en grup partit o amb dos mestres a l\u2019aula.<\/p>\n<\/section>\n<section><span style=\"font-family: inherit; font-size: 1em;\">L\u2019Educaci\u00f3 Visual i Pl\u00e0stica tamb\u00e9 t\u00e9 una gran rellev\u00e0ncia des de la perspectiva social i cultural, ja que les manifestacions art\u00edstiques no tan sols s\u00f3n generadores d\u2019espais de coneixement sin\u00f3 tamb\u00e9 d\u2019espais d\u2019experi\u00e8ncia dins l\u2019entorn proper (centre escolar, barri, poble, ciutat, etc.) i de di\u00e0leg amb d\u2019altres manifestacions art\u00edstiques i culturals del m\u00f3n.<\/span><\/p>\n<\/section>\n<section><\/section>\n<section><\/section>\n<section><\/section>\n<section><\/section>\n<section><\/section>\n<section><\/section>\n<section><\/section>\n<section><\/section>\n<section><\/section>\n<section><\/section>\n<section><\/section>\n<section><\/section>\n<section><\/section>\n<section id=\"seccio_horitzontal\">\n<div id=\"inner-content\" class=\"estructura_columnes wrap cf\">\n<section><a title=\"BlogArt\" href=\"https:\/\/www.escolaateneuigualadi.cat\/blocs\/category\/bloc-art\/\" target=\"_blank\" rel=\"noopener noreferrer\">BlocArt \u00a0\u2013 Coneix el treball dels alumnes<\/a><\/section>\n<\/div>\n<\/section>\n","protected":false},"excerpt":{"rendered":"<p>L\u2019\u00e0rea d\u2019Educaci\u00f3 Art\u00edstica a l\u2019Escola pret\u00e9n desenvolupar en les nenes i els nens la percepci\u00f3 i l\u2019expressi\u00f3 est\u00e8tica amb l\u2019objectiu que adquireixin una formaci\u00f3 que els permeti comprendre els mons art\u00edstics i culturals, i de manera molt especial els del seu entorn m\u00e9s proper i els d\u2019altres pobles, i participar-hi. Les sessions es realitzen en [&hellip;]<\/p>\n","protected":false},"author":1,"featured_media":0,"parent":0,"menu_order":0,"comment_status":"closed","ping_status":"closed","template":"","meta":{"_bbp_topic_count":0,"_bbp_reply_count":0,"_bbp_total_topic_count":0,"_bbp_total_reply_count":0,"_bbp_voice_count":0,"_bbp_anonymous_reply_count":0,"_bbp_topic_count_hidden":0,"_bbp_reply_count_hidden":0,"_bbp_forum_subforum_count":0,"site-sidebar-layout":"default","site-content-layout":"","ast-site-content-layout":"","site-content-style":"default","site-sidebar-style":"default","ast-global-header-display":"","ast-banner-title-visibility":"","ast-main-header-display":"","ast-hfb-above-header-display":"","ast-hfb-below-header-display":"","ast-hfb-mobile-header-display":"","site-post-title":"","ast-breadcrumbs-content":"","ast-featured-img":"","footer-sml-layout":"","theme-transparent-header-meta":"","adv-header-id-meta":"","stick-header-meta":"","header-above-stick-meta":"","header-main-stick-meta":"","header-below-stick-meta":"","astra-migrate-meta-layouts":"default","ast-page-background-enabled":"default","ast-page-background-meta":{"desktop":{"background-color":"var(--ast-global-color-4)","background-image":"","background-repeat":"repeat","background-position":"center center","background-size":"auto","background-attachment":"scroll","background-type":"","background-media":"","overlay-type":"","overlay-color":"","overlay-opacity":"","overlay-gradient":""},"tablet":{"background-color":"","background-image":"","background-repeat":"repeat","background-position":"center center","background-size":"auto","background-attachment":"scroll","background-type":"","background-media":"","overlay-type":"","overlay-color":"","overlay-opacity":"","overlay-gradient":""},"mobile":{"background-color":"","background-image":"","background-repeat":"repeat","background-position":"center center","background-size":"auto","background-attachment":"scroll","background-type":"","background-media":"","overlay-type":"","overlay-color":"","overlay-opacity":"","overlay-gradient":""}},"ast-content-background-meta":{"desktop":{"background-color":"var(--ast-global-color-5)","background-image":"","background-repeat":"repeat","background-position":"center center","background-size":"auto","background-attachment":"scroll","background-type":"","background-media":"","overlay-type":"","overlay-color":"","overlay-opacity":"","overlay-gradient":""},"tablet":{"background-color":"var(--ast-global-color-5)","background-image":"","background-repeat":"repeat","background-position":"center center","background-size":"auto","background-attachment":"scroll","background-type":"","background-media":"","overlay-type":"","overlay-color":"","overlay-opacity":"","overlay-gradient":""},"mobile":{"background-color":"var(--ast-global-color-5)","background-image":"","background-repeat":"repeat","background-position":"center center","background-size":"auto","background-attachment":"scroll","background-type":"","background-media":"","overlay-type":"","overlay-color":"","overlay-opacity":"","overlay-gradient":""}},"footnotes":""},"class_list":["post-15437","page","type-page","status-publish","hentry"],"post_mailing_queue_ids":[],"_links":{"self":[{"href":"https:\/\/agora.xtec.cat\/escola-ateneu-igualadi\/wp-json\/wp\/v2\/pages\/15437","targetHints":{"allow":["GET"]}}],"collection":[{"href":"https:\/\/agora.xtec.cat\/escola-ateneu-igualadi\/wp-json\/wp\/v2\/pages"}],"about":[{"href":"https:\/\/agora.xtec.cat\/escola-ateneu-igualadi\/wp-json\/wp\/v2\/types\/page"}],"author":[{"embeddable":true,"href":"https:\/\/agora.xtec.cat\/escola-ateneu-igualadi\/wp-json\/wp\/v2\/users\/1"}],"replies":[{"embeddable":true,"href":"https:\/\/agora.xtec.cat\/escola-ateneu-igualadi\/wp-json\/wp\/v2\/comments?post=15437"}],"version-history":[{"count":3,"href":"https:\/\/agora.xtec.cat\/escola-ateneu-igualadi\/wp-json\/wp\/v2\/pages\/15437\/revisions"}],"predecessor-version":[{"id":16643,"href":"https:\/\/agora.xtec.cat\/escola-ateneu-igualadi\/wp-json\/wp\/v2\/pages\/15437\/revisions\/16643"}],"wp:attachment":[{"href":"https:\/\/agora.xtec.cat\/escola-ateneu-igualadi\/wp-json\/wp\/v2\/media?parent=15437"}],"curies":[{"name":"wp","href":"https:\/\/api.w.org\/{rel}","templated":true}]}}