{"id":506,"date":"2023-07-06T12:33:15","date_gmt":"2023-07-06T10:33:15","guid":{"rendered":"https:\/\/agora.xtec.cat\/escola-argentona\/?page_id=506"},"modified":"2024-02-08T11:01:18","modified_gmt":"2024-02-08T10:01:18","slug":"cultura-emprenadora-escolar","status":"publish","type":"page","link":"https:\/\/agora.xtec.cat\/escola-argentona\/projectes-descola\/cultura-emprenadora-escolar\/","title":{"rendered":"Cultura Emprenadora Escolar"},"content":{"rendered":"<p>L\u2019emprenedoria \u00e9s la capacitat d\u2019una persona de tirar endavant els seus projectes.<\/p>\n<p>El programa \u00abCultura Emprenedora a l\u2019Escola\u00bb (CuEmE) est\u00e0 pensat per fomentar aquesta capacitat en els nois i noies de 5\u00e8 d\u2019educaci\u00f3 prim\u00e0ria.<\/p>\n<p>Durant un curs escolar, els nens i nenes creen i gestionen una cooperativa escolar amb el recolzament de l\u2019escola, l\u2019ajuntament i les empreses i entitats del municipi.<\/p>\n<p>CuEmE utilitza la metodologia del treball per projectes, amb la qual l\u2019alumnat apr\u00e8n a trav\u00e9s de l\u2019acci\u00f3 i posa en pr\u00e0ctica coneixements, habilitats i actituds en un context real i\u00a0est\u00e0 alineat amb els\u00a0<strong><a href=\"https:\/\/www.diba.cat\/web\/ods\">Objectius de Desenvolupament Sostenible de l\u2019Agenda 2030.<\/a><\/strong><\/p>\n<p>El programa treballa\u00a0totes les compet\u00e8ncies clau del curr\u00edculum\u00a0\u2013ling\u00fc\u00edstica, matem\u00e0tica, art\u00edstica, social, m\u00f3n f\u00edsic, digital, i aprendre a aprendre\u2013 a partir de la compet\u00e8ncia emprenedora, d\u2019autonomia i iniciativa personal.<\/p>\n<p>&nbsp;<\/p>\n<p>&nbsp;<\/p>\n<p style=\"text-align: center;\"><span style=\"color: #2795b6;\"><a href=\"https:\/\/agora.xtec.cat\/escola-argentona\/wp-content\/uploads\/usu2376\/2023\/08\/cueme.jpg\"><img loading=\"lazy\" decoding=\"async\" class=\"alignnone wp-image-688\" src=\"https:\/\/agora.xtec.cat\/escola-argentona\/wp-content\/uploads\/usu2376\/2023\/08\/cueme.jpg\" alt=\"\" width=\"122\" height=\"122\" srcset=\"https:\/\/agora.xtec.cat\/escola-argentona\/wp-content\/uploads\/usu2376\/2023\/08\/cueme.jpg 692w, https:\/\/agora.xtec.cat\/escola-argentona\/wp-content\/uploads\/usu2376\/2023\/08\/cueme-300x300.jpg 300w, https:\/\/agora.xtec.cat\/escola-argentona\/wp-content\/uploads\/usu2376\/2023\/08\/cueme-150x150.jpg 150w\" sizes=\"auto, (max-width: 122px) 100vw, 122px\" \/><\/a> \u00a0 \u00a0 \u00a0 \u00a0 \u00a0 \u00a0 \u00a0 \u00a0 <a href=\"https:\/\/agora.xtec.cat\/escola-argentona\/wp-content\/uploads\/usu2376\/2023\/07\/logoajuntament-e1689322620111.jpg\"><img loading=\"lazy\" decoding=\"async\" class=\"alignnone wp-image-665\" src=\"https:\/\/agora.xtec.cat\/escola-argentona\/wp-content\/uploads\/usu2376\/2023\/07\/logoajuntament-e1689322620111.jpg\" alt=\"\" width=\"219\" height=\"127\" srcset=\"https:\/\/agora.xtec.cat\/escola-argentona\/wp-content\/uploads\/usu2376\/2023\/07\/logoajuntament-e1689322620111.jpg 472w, https:\/\/agora.xtec.cat\/escola-argentona\/wp-content\/uploads\/usu2376\/2023\/07\/logoajuntament-e1689322620111-300x174.jpg 300w\" sizes=\"auto, (max-width: 219px) 100vw, 219px\" \/><\/a><\/span><\/p>\n","protected":false},"excerpt":{"rendered":"<p>L\u2019emprenedoria \u00e9s la capacitat d\u2019una persona de tirar endavant els seus projectes.<br \/>\nEl programa \u00abCultura Emprenedora a l\u2019Escola\u00bb (CuEmE) est\u00e0 pensat per fomentar aquesta capacitat en els nois i noies de 5\u00e8 d\u2019educaci\u00f3 prim\u00e0ria.<br \/>\nDurant un curs escolar, els nens i nenes creen i gestionen una cooperativa&hellip;  <a href=\"https:\/\/agora.xtec.cat\/escola-argentona\/projectes-descola\/cultura-emprenadora-escolar\/\" title=\"Read Cultura Emprenadora Escolar\">Llegeix m\u00e9s\u00bb<\/a><\/p>\n","protected":false},"author":1,"featured_media":0,"parent":492,"menu_order":0,"comment_status":"closed","ping_status":"closed","template":"","meta":{"_bbp_topic_count":0,"_bbp_reply_count":0,"_bbp_total_topic_count":0,"_bbp_total_reply_count":0,"_bbp_voice_count":0,"_bbp_anonymous_reply_count":0,"_bbp_topic_count_hidden":0,"_bbp_reply_count_hidden":0,"_bbp_forum_subforum_count":0,"footnotes":""},"class_list":["post-506","page","type-page","status-publish","hentry"],"post_mailing_queue_ids":[],"_links":{"self":[{"href":"https:\/\/agora.xtec.cat\/escola-argentona\/wp-json\/wp\/v2\/pages\/506","targetHints":{"allow":["GET"]}}],"collection":[{"href":"https:\/\/agora.xtec.cat\/escola-argentona\/wp-json\/wp\/v2\/pages"}],"about":[{"href":"https:\/\/agora.xtec.cat\/escola-argentona\/wp-json\/wp\/v2\/types\/page"}],"author":[{"embeddable":true,"href":"https:\/\/agora.xtec.cat\/escola-argentona\/wp-json\/wp\/v2\/users\/1"}],"replies":[{"embeddable":true,"href":"https:\/\/agora.xtec.cat\/escola-argentona\/wp-json\/wp\/v2\/comments?post=506"}],"version-history":[{"count":4,"href":"https:\/\/agora.xtec.cat\/escola-argentona\/wp-json\/wp\/v2\/pages\/506\/revisions"}],"predecessor-version":[{"id":867,"href":"https:\/\/agora.xtec.cat\/escola-argentona\/wp-json\/wp\/v2\/pages\/506\/revisions\/867"}],"up":[{"embeddable":true,"href":"https:\/\/agora.xtec.cat\/escola-argentona\/wp-json\/wp\/v2\/pages\/492"}],"wp:attachment":[{"href":"https:\/\/agora.xtec.cat\/escola-argentona\/wp-json\/wp\/v2\/media?parent=506"}],"curies":[{"name":"wp","href":"https:\/\/api.w.org\/{rel}","templated":true}]}}