{"id":499,"date":"2023-07-06T12:33:15","date_gmt":"2023-07-06T10:33:15","guid":{"rendered":"https:\/\/agora.xtec.cat\/escola-argentona\/?page_id=499"},"modified":"2023-10-08T13:14:40","modified_gmt":"2023-10-08T11:14:40","slug":"fem-dansa","status":"publish","type":"page","link":"https:\/\/agora.xtec.cat\/escola-argentona\/projectes-descola\/fem-dansa\/","title":{"rendered":"Fem Dansa"},"content":{"rendered":"<p>Fem Dansa \u00e9s un projecte impulsat pels professionals de Factoria Mascar\u00f3 amb l\u2019objectiu de crear un escenari a Catalunya amb oportunitats per a la recerca, la creaci\u00f3 i la producci\u00f3 de dansa, aix\u00ed com la seva difusi\u00f3, visibilitat i socialitzaci\u00f3.<\/p>\n<p>Les coreografies experimenten noves formes d\u2019expressi\u00f3 del ball, lligant les propostes amb la quotidianitat i la gestualitat d\u2019avui. Un espai on es conserven les fonts de la dansa popular i tradicional integrant noves propostes de posada en escena.<\/p>\n<p>Fem Dansa \u00e9s un projecte on hi participen els infants del cicle inicial de prim\u00e0ria de les escoles d\u2019Argentona, Dosrius i \u00d2rrius. Les propostes de la Factoria Mascar\u00f3 es treballen des de cadascuna de les escoles al llarg del curs. Finalment, es fa la posada en escena en un espai p\u00fablic del municipi on es convida a totes les fam\u00edlies a assistir a l\u2019acte.<\/p>\n","protected":false},"excerpt":{"rendered":"<p>Fem Dansa \u00e9s un projecte impulsat pels professionals de Factoria Mascar\u00f3 amb l\u2019objectiu de crear un escenari a Catalunya amb oportunitats per a la recerca, la creaci\u00f3 i la producci\u00f3 de dansa, aix\u00ed com la seva difusi\u00f3, visibilitat i socialitzaci\u00f3.<br \/>\nLes coreografies experimenten noves formes d\u2019expressi\u00f3&hellip;  <a href=\"https:\/\/agora.xtec.cat\/escola-argentona\/projectes-descola\/fem-dansa\/\" title=\"Read Fem Dansa\">Llegeix m\u00e9s\u00bb<\/a><\/p>\n","protected":false},"author":1,"featured_media":0,"parent":492,"menu_order":0,"comment_status":"closed","ping_status":"closed","template":"","meta":{"_bbp_topic_count":0,"_bbp_reply_count":0,"_bbp_total_topic_count":0,"_bbp_total_reply_count":0,"_bbp_voice_count":0,"_bbp_anonymous_reply_count":0,"_bbp_topic_count_hidden":0,"_bbp_reply_count_hidden":0,"_bbp_forum_subforum_count":0,"footnotes":""},"class_list":["post-499","page","type-page","status-publish","hentry"],"post_mailing_queue_ids":[],"_links":{"self":[{"href":"https:\/\/agora.xtec.cat\/escola-argentona\/wp-json\/wp\/v2\/pages\/499","targetHints":{"allow":["GET"]}}],"collection":[{"href":"https:\/\/agora.xtec.cat\/escola-argentona\/wp-json\/wp\/v2\/pages"}],"about":[{"href":"https:\/\/agora.xtec.cat\/escola-argentona\/wp-json\/wp\/v2\/types\/page"}],"author":[{"embeddable":true,"href":"https:\/\/agora.xtec.cat\/escola-argentona\/wp-json\/wp\/v2\/users\/1"}],"replies":[{"embeddable":true,"href":"https:\/\/agora.xtec.cat\/escola-argentona\/wp-json\/wp\/v2\/comments?post=499"}],"version-history":[{"count":3,"href":"https:\/\/agora.xtec.cat\/escola-argentona\/wp-json\/wp\/v2\/pages\/499\/revisions"}],"predecessor-version":[{"id":718,"href":"https:\/\/agora.xtec.cat\/escola-argentona\/wp-json\/wp\/v2\/pages\/499\/revisions\/718"}],"up":[{"embeddable":true,"href":"https:\/\/agora.xtec.cat\/escola-argentona\/wp-json\/wp\/v2\/pages\/492"}],"wp:attachment":[{"href":"https:\/\/agora.xtec.cat\/escola-argentona\/wp-json\/wp\/v2\/media?parent=499"}],"curies":[{"name":"wp","href":"https:\/\/api.w.org\/{rel}","templated":true}]}}