{"id":494,"date":"2023-07-06T12:33:15","date_gmt":"2023-07-06T10:33:15","guid":{"rendered":"https:\/\/agora.xtec.cat\/escola-argentona\/?page_id=494"},"modified":"2023-10-08T12:37:45","modified_gmt":"2023-10-08T10:37:45","slug":"protagonista-de-la-setmana","status":"publish","type":"page","link":"https:\/\/agora.xtec.cat\/escola-argentona\/projectes-descola\/protagonista-de-la-setmana\/","title":{"rendered":"Protagonista de la setmana"},"content":{"rendered":"<p>Us presentem el projecte estrella d\u2019Educaci\u00f3 Infantil: el protagonista de la setmana.<\/p>\n<p>El protagonista de la setmana \u00e9s un treball que es fa al llarg del cicle d\u2019Educaci\u00f3 Infantil per tal de desenvolupar l\u2019educaci\u00f3 socioemocional dels nens\/es. Els infants han de ser capa\u00e7os de con\u00e8ixer i explicar dades i an\u00e8cdotes de la seva vida, aix\u00ed com els seus interessos, gustos, prefer\u00e8ncies\u2026 Tamb\u00e9 permet contribuir al foment de la lectoescriptura.<\/p>\n<p><strong>OBJECTIUS<\/strong><\/p>\n<ul>\n<li>Potenciar la descoberta de si mateix.<\/li>\n<li>Fomentar l\u2019autoestima de cada nen\/a aix\u00ed com la seguretat de s\u00ed mateix.<\/li>\n<li>Compartir les pr\u00f2pies viv\u00e8ncies amb la resta de companys\/es.<\/li>\n<li>Anar coneixent els companys\/es que integren el grup-classe per tal de millorar la relaci\u00f3-cohesi\u00f3 entre ells.<\/li>\n<li>Afavorir el respecte, compartir i aprendre dels altres.<\/li>\n<li>Potenciar la qualitat del llenguatge oral, enriquir el vocabulari i saber-se explicar en p\u00fablic.<\/li>\n<li>Afavorir el proc\u00e9s de lectoescriptura de manera significativa i funcional a partir de les pr\u00f2pies viv\u00e8ncies.<\/li>\n<\/ul>\n","protected":false},"excerpt":{"rendered":"<p>Us presentem el projecte estrella d\u2019Educaci\u00f3 Infantil: el protagonista de la setmana.<br \/>\nEl protagonista de la setmana \u00e9s un treball que es fa al llarg del cicle d\u2019Educaci\u00f3 Infantil per tal de desenvolupar l\u2019educaci\u00f3 socioemocional dels nens\/es. Els infants han de ser capa\u00e7os de con\u00e8ixer i&hellip;  <a href=\"https:\/\/agora.xtec.cat\/escola-argentona\/projectes-descola\/protagonista-de-la-setmana\/\" title=\"Read Protagonista de la setmana\">Llegeix m\u00e9s\u00bb<\/a><\/p>\n","protected":false},"author":1,"featured_media":0,"parent":492,"menu_order":0,"comment_status":"closed","ping_status":"closed","template":"","meta":{"_bbp_topic_count":0,"_bbp_reply_count":0,"_bbp_total_topic_count":0,"_bbp_total_reply_count":0,"_bbp_voice_count":0,"_bbp_anonymous_reply_count":0,"_bbp_topic_count_hidden":0,"_bbp_reply_count_hidden":0,"_bbp_forum_subforum_count":0,"footnotes":""},"class_list":["post-494","page","type-page","status-publish","hentry"],"post_mailing_queue_ids":[],"_links":{"self":[{"href":"https:\/\/agora.xtec.cat\/escola-argentona\/wp-json\/wp\/v2\/pages\/494","targetHints":{"allow":["GET"]}}],"collection":[{"href":"https:\/\/agora.xtec.cat\/escola-argentona\/wp-json\/wp\/v2\/pages"}],"about":[{"href":"https:\/\/agora.xtec.cat\/escola-argentona\/wp-json\/wp\/v2\/types\/page"}],"author":[{"embeddable":true,"href":"https:\/\/agora.xtec.cat\/escola-argentona\/wp-json\/wp\/v2\/users\/1"}],"replies":[{"embeddable":true,"href":"https:\/\/agora.xtec.cat\/escola-argentona\/wp-json\/wp\/v2\/comments?post=494"}],"version-history":[{"count":3,"href":"https:\/\/agora.xtec.cat\/escola-argentona\/wp-json\/wp\/v2\/pages\/494\/revisions"}],"predecessor-version":[{"id":547,"href":"https:\/\/agora.xtec.cat\/escola-argentona\/wp-json\/wp\/v2\/pages\/494\/revisions\/547"}],"up":[{"embeddable":true,"href":"https:\/\/agora.xtec.cat\/escola-argentona\/wp-json\/wp\/v2\/pages\/492"}],"wp:attachment":[{"href":"https:\/\/agora.xtec.cat\/escola-argentona\/wp-json\/wp\/v2\/media?parent=494"}],"curies":[{"name":"wp","href":"https:\/\/api.w.org\/{rel}","templated":true}]}}