{"id":3170,"date":"2023-04-20T11:25:22","date_gmt":"2023-04-20T09:25:22","guid":{"rendered":"https:\/\/agora.xtec.cat\/escola-aragai\/?page_id=3170"},"modified":"2025-02-03T21:47:15","modified_gmt":"2025-02-03T20:47:15","slug":"diagnosi","status":"publish","type":"page","link":"https:\/\/agora.xtec.cat\/escola-aragai\/documents\/estrategia-digital\/diagnosi\/","title":{"rendered":"Diagnosi"},"content":{"rendered":"<p>El primer pas per poder elaborar l\u2019estrat\u00e8gia digital de centre ha estat elaborar la diagnosi, per fer-la la comissi\u00f3 digital del centre va decidir emprar diferents eines diagn\u00f2stiques:<\/p>\n<ul>\n<li><strong>Eina Selfie<\/strong>: una eina gratu\u00efta, creada per la Comissi\u00f3 Europea, per ajudar als centres educatius a fer una diagnosi del seu grau d\u2019implementaci\u00f3 de les tecnologies digitals. A donat resposta al q\u00fcestionari Selfie el 100% de l\u2019equip directiu, el 94% de l\u2019equip docent i el 95% de l\u2019alumnat (s\u2019ha passat a l\u2019alumnat de 3r, 4t, 5\u00e8 i 6\u00e8).<\/li>\n<li><strong>Enquesta a les fam\u00edlies<\/strong>\u00a0per poder recollir la seva visi\u00f3 sobre la maduresa digital del centre. En aquest cas han respost un total de 74 fam\u00edlies de l\u2019escola.<\/li>\n<\/ul>\n<p>A partir de l\u2019an\u00e0lisi d\u2019aquestes eines, s\u2019han detectat els punts forts i les oportunitats de millora del centre, que ens permetran establir els objectius de l\u2019Estrat\u00e8gia Digital i ens ajudaran a establir i millorar la Cultura Digital del Centre.<\/p>\n<table style=\"border-collapse: collapse; width: 100%;\">\n<tbody>\n<tr>\n<td style=\"width: 50%; text-align: center;\"><strong>PUNTS FORTS<\/strong><\/td>\n<td style=\"width: 50%; text-align: center;\"><strong>OPORTUNITATS DE MILLORA<\/strong><\/td>\n<\/tr>\n<tr>\n<td style=\"width: 50%; vertical-align: top;\">\n<ul>\n<li>Noves modalitats d\u2019ensenyament<\/li>\n<li>Acc\u00e9s a internet<\/li>\n<li>Assist\u00e8ncia t\u00e8cnica<\/li>\n<li>Participaci\u00f3 en la formaci\u00f3 permanent<\/li>\n<li>\u00das de recursos educatius en l\u00ednia<\/li>\n<li>Comunicaci\u00f3 amb la comunitat educativa<\/li>\n<li>Adaptaci\u00f3 a les necessitats de l\u2019alumnat<\/li>\n<li>Destreses digitals per a diferents mat\u00e8ries<\/li>\n<li>Aprendre a comunicar<\/li>\n<li>Espai Escolar<\/li>\n<li>Compet\u00e8ncia digital del professorat i seguretat en l&#8217;\u00fas de les tecnologies<\/li>\n<li>Acc\u00e9s de l\u2019alumnat a dispositius fora de l\u2019escola<\/li>\n<\/ul>\n<\/td>\n<td style=\"width: 50%; vertical-align: top;\">\n<ul>\n<li>Desenvolupar l&#8217;estrat\u00e8gia digital juntament amb la comunitat educativa<\/li>\n<li>Avaluaci\u00f3 del progr\u00e9s d&#8217;\u00fas d&#8217;eines digitals al centre<\/li>\n<li>Debat sobre l\u2019\u00fas de la tecnologia al centre<\/li>\n<li>Infraestructura<\/li>\n<li>Dispositius digitals per a l\u2019ensenyament<\/li>\n<li>Intercanvi d\u2019experi\u00e8ncies<\/li>\n<li>\u00das d\u2019entorns virtuals d\u2019aprenentatge<\/li>\n<li>Foment de la creativitat<\/li>\n<li>Avaluaci\u00f3 de les destreses<\/li>\n<li>Autoreflexi\u00f3 sobre l\u2019aprenentatge<\/li>\n<li>Comentaris a altres alumnes sobre el seu treball<\/li>\n<li>Creaci\u00f3 de continguts digitals<\/li>\n<li>Experi\u00e8ncia en l&#8217;\u00fas d\u2019entorns virtuals d\u2019aprenentatge<\/li>\n<li>Organitzaci\u00f3 de recursos digitals en l\u00ednia<\/li>\n<\/ul>\n<\/td>\n<\/tr>\n<\/tbody>\n<\/table>\n","protected":false},"excerpt":{"rendered":"<p>El primer pas per poder elaborar l\u2019estrat\u00e8gia digital de centre ha estat elaborar la diagnosi, per fer-la la comissi\u00f3 digital del centre va decidir emprar diferents eines diagn\u00f2stiques: Eina Selfie: una eina gratu\u00efta, creada per la Comissi\u00f3 Europea, per ajudar als centres educatius a fer una diagnosi del seu grau d\u2019implementaci\u00f3 de les tecnologies digitals. [&hellip;]<\/p>\n","protected":false},"author":1,"featured_media":0,"parent":3167,"menu_order":3,"comment_status":"closed","ping_status":"closed","template":"page-templates\/side-menu.php","meta":{"_bbp_topic_count":0,"_bbp_reply_count":0,"_bbp_total_topic_count":0,"_bbp_total_reply_count":0,"_bbp_voice_count":0,"_bbp_anonymous_reply_count":0,"_bbp_topic_count_hidden":0,"_bbp_reply_count_hidden":0,"_bbp_forum_subforum_count":0,"site-sidebar-layout":"default","site-content-layout":"","ast-site-content-layout":"","site-content-style":"default","site-sidebar-style":"default","ast-global-header-display":"","ast-banner-title-visibility":"","ast-main-header-display":"","ast-hfb-above-header-display":"","ast-hfb-below-header-display":"","ast-hfb-mobile-header-display":"","site-post-title":"","ast-breadcrumbs-content":"","ast-featured-img":"","footer-sml-layout":"","theme-transparent-header-meta":"","adv-header-id-meta":"","stick-header-meta":"","header-above-stick-meta":"","header-main-stick-meta":"","header-below-stick-meta":"","astra-migrate-meta-layouts":"default","ast-page-background-enabled":"default","ast-page-background-meta":{"desktop":{"background-color":"var(--ast-global-color-4)","background-image":"","background-repeat":"repeat","background-position":"center center","background-size":"auto","background-attachment":"scroll","background-type":"","background-media":"","overlay-type":"","overlay-color":"","overlay-opacity":"","overlay-gradient":""},"tablet":{"background-color":"","background-image":"","background-repeat":"repeat","background-position":"center center","background-size":"auto","background-attachment":"scroll","background-type":"","background-media":"","overlay-type":"","overlay-color":"","overlay-opacity":"","overlay-gradient":""},"mobile":{"background-color":"","background-image":"","background-repeat":"repeat","background-position":"center center","background-size":"auto","background-attachment":"scroll","background-type":"","background-media":"","overlay-type":"","overlay-color":"","overlay-opacity":"","overlay-gradient":""}},"ast-content-background-meta":{"desktop":{"background-color":"var(--ast-global-color-5)","background-image":"","background-repeat":"repeat","background-position":"center center","background-size":"auto","background-attachment":"scroll","background-type":"","background-media":"","overlay-type":"","overlay-color":"","overlay-opacity":"","overlay-gradient":""},"tablet":{"background-color":"var(--ast-global-color-5)","background-image":"","background-repeat":"repeat","background-position":"center center","background-size":"auto","background-attachment":"scroll","background-type":"","background-media":"","overlay-type":"","overlay-color":"","overlay-opacity":"","overlay-gradient":""},"mobile":{"background-color":"var(--ast-global-color-5)","background-image":"","background-repeat":"repeat","background-position":"center center","background-size":"auto","background-attachment":"scroll","background-type":"","background-media":"","overlay-type":"","overlay-color":"","overlay-opacity":"","overlay-gradient":""}},"footnotes":""},"class_list":["post-3170","page","type-page","status-publish","hentry"],"post_mailing_queue_ids":[],"_links":{"self":[{"href":"https:\/\/agora.xtec.cat\/escola-aragai\/wp-json\/wp\/v2\/pages\/3170","targetHints":{"allow":["GET"]}}],"collection":[{"href":"https:\/\/agora.xtec.cat\/escola-aragai\/wp-json\/wp\/v2\/pages"}],"about":[{"href":"https:\/\/agora.xtec.cat\/escola-aragai\/wp-json\/wp\/v2\/types\/page"}],"author":[{"embeddable":true,"href":"https:\/\/agora.xtec.cat\/escola-aragai\/wp-json\/wp\/v2\/users\/1"}],"replies":[{"embeddable":true,"href":"https:\/\/agora.xtec.cat\/escola-aragai\/wp-json\/wp\/v2\/comments?post=3170"}],"version-history":[{"count":3,"href":"https:\/\/agora.xtec.cat\/escola-aragai\/wp-json\/wp\/v2\/pages\/3170\/revisions"}],"predecessor-version":[{"id":3193,"href":"https:\/\/agora.xtec.cat\/escola-aragai\/wp-json\/wp\/v2\/pages\/3170\/revisions\/3193"}],"up":[{"embeddable":true,"href":"https:\/\/agora.xtec.cat\/escola-aragai\/wp-json\/wp\/v2\/pages\/3167"}],"wp:attachment":[{"href":"https:\/\/agora.xtec.cat\/escola-aragai\/wp-json\/wp\/v2\/media?parent=3170"}],"curies":[{"name":"wp","href":"https:\/\/api.w.org\/{rel}","templated":true}]}}