{"id":30,"date":"2014-09-18T12:30:23","date_gmt":"2014-09-18T11:30:23","guid":{"rendered":"http:\/\/agora.xtec.cat\/escola-aloc-pineda\/?page_id=30"},"modified":"2026-01-26T10:04:24","modified_gmt":"2026-01-26T09:04:24","slug":"instal%c2%b7lacions","status":"publish","type":"page","link":"https:\/\/agora.xtec.cat\/escola-aloc-pineda\/lescola\/instal%c2%b7lacions\/","title":{"rendered":"Instal\u00b7lacions"},"content":{"rendered":"\n<div class=\"wp-block-getwid-images-slider has-arrows-inside has-dots-inside has-images-center has-fitted-images has-fixed-height\"><div class=\"wp-block-getwid-images-slider__wrapper\" data-effect=\"slide\" data-slides-show=\"1\" data-slides-show-laptop=\"1\" data-slides-show-tablet=\"1\" data-slides-show-mobile=\"1\" data-slides-scroll=\"1\" data-autoplay=\"false\" data-pause-hover=\"false\" data-autoplay-speed=\"6000\" data-infinite=\"true\" data-animation-speed=\"800\" data-center-mode=\"false\" data-variable-width=\"false\" data-arrows=\"inside\" data-dots=\"inside\" data-spacing=\"none\"><div class=\"wp-block-getwid-images-slider__item\" style=\"height:400px\"><figure><img loading=\"lazy\" decoding=\"async\" width=\"2560\" height=\"1927\" src=\"https:\/\/agora.xtec.cat\/escola-aloc-pineda\/wp-content\/uploads\/usu2125\/2026\/01\/DSCF4174-scaled.jpg\" data-id=\"733\" data-link=\"https:\/\/agora.xtec.cat\/escola-aloc-pineda\/lescola\/historia\/attachment\/dscf4174\/\" data-original-link=\"https:\/\/agora.xtec.cat\/escola-aloc-pineda\/wp-content\/uploads\/usu2125\/2026\/01\/DSCF4174-scaled.jpg\" class=\"wp-block-getwid-images-slider__image wp-image-733\" srcset=\"https:\/\/agora.xtec.cat\/escola-aloc-pineda\/wp-content\/uploads\/usu2125\/2026\/01\/DSCF4174-scaled.jpg 2560w, https:\/\/agora.xtec.cat\/escola-aloc-pineda\/wp-content\/uploads\/usu2125\/2026\/01\/DSCF4174-300x226.jpg 300w, https:\/\/agora.xtec.cat\/escola-aloc-pineda\/wp-content\/uploads\/usu2125\/2026\/01\/DSCF4174-1024x771.jpg 1024w, https:\/\/agora.xtec.cat\/escola-aloc-pineda\/wp-content\/uploads\/usu2125\/2026\/01\/DSCF4174-768x578.jpg 768w, https:\/\/agora.xtec.cat\/escola-aloc-pineda\/wp-content\/uploads\/usu2125\/2026\/01\/DSCF4174-1536x1156.jpg 1536w, https:\/\/agora.xtec.cat\/escola-aloc-pineda\/wp-content\/uploads\/usu2125\/2026\/01\/DSCF4174-2048x1542.jpg 2048w\" sizes=\"auto, (max-width: 2560px) 100vw, 2560px\" \/><\/figure><\/div><div class=\"wp-block-getwid-images-slider__item\" style=\"height:400px\"><figure><img loading=\"lazy\" decoding=\"async\" width=\"2560\" height=\"1927\" src=\"https:\/\/agora.xtec.cat\/escola-aloc-pineda\/wp-content\/uploads\/usu2125\/2026\/01\/DSCF2532-scaled.jpg\" data-id=\"734\" data-link=\"https:\/\/agora.xtec.cat\/escola-aloc-pineda\/lescola\/historia\/attachment\/dscf2532\/\" data-original-link=\"https:\/\/agora.xtec.cat\/escola-aloc-pineda\/wp-content\/uploads\/usu2125\/2026\/01\/DSCF2532-scaled.jpg\" class=\"wp-block-getwid-images-slider__image wp-image-734\" srcset=\"https:\/\/agora.xtec.cat\/escola-aloc-pineda\/wp-content\/uploads\/usu2125\/2026\/01\/DSCF2532-scaled.jpg 2560w, https:\/\/agora.xtec.cat\/escola-aloc-pineda\/wp-content\/uploads\/usu2125\/2026\/01\/DSCF2532-300x226.jpg 300w, https:\/\/agora.xtec.cat\/escola-aloc-pineda\/wp-content\/uploads\/usu2125\/2026\/01\/DSCF2532-1024x771.jpg 1024w, https:\/\/agora.xtec.cat\/escola-aloc-pineda\/wp-content\/uploads\/usu2125\/2026\/01\/DSCF2532-768x578.jpg 768w, https:\/\/agora.xtec.cat\/escola-aloc-pineda\/wp-content\/uploads\/usu2125\/2026\/01\/DSCF2532-1536x1156.jpg 1536w, https:\/\/agora.xtec.cat\/escola-aloc-pineda\/wp-content\/uploads\/usu2125\/2026\/01\/DSCF2532-2048x1542.jpg 2048w\" sizes=\"auto, (max-width: 2560px) 100vw, 2560px\" \/><\/figure><\/div><div class=\"wp-block-getwid-images-slider__item\" style=\"height:400px\"><figure><img loading=\"lazy\" decoding=\"async\" width=\"1927\" height=\"2560\" src=\"https:\/\/agora.xtec.cat\/escola-aloc-pineda\/wp-content\/uploads\/usu2125\/2026\/01\/DSCF2515-scaled.jpg\" data-id=\"735\" data-link=\"https:\/\/agora.xtec.cat\/escola-aloc-pineda\/lescola\/historia\/attachment\/dscf2515\/\" data-original-link=\"https:\/\/agora.xtec.cat\/escola-aloc-pineda\/wp-content\/uploads\/usu2125\/2026\/01\/DSCF2515-scaled.jpg\" class=\"wp-block-getwid-images-slider__image wp-image-735\" srcset=\"https:\/\/agora.xtec.cat\/escola-aloc-pineda\/wp-content\/uploads\/usu2125\/2026\/01\/DSCF2515-scaled.jpg 1927w, https:\/\/agora.xtec.cat\/escola-aloc-pineda\/wp-content\/uploads\/usu2125\/2026\/01\/DSCF2515-226x300.jpg 226w, https:\/\/agora.xtec.cat\/escola-aloc-pineda\/wp-content\/uploads\/usu2125\/2026\/01\/DSCF2515-771x1024.jpg 771w, https:\/\/agora.xtec.cat\/escola-aloc-pineda\/wp-content\/uploads\/usu2125\/2026\/01\/DSCF2515-768x1020.jpg 768w, https:\/\/agora.xtec.cat\/escola-aloc-pineda\/wp-content\/uploads\/usu2125\/2026\/01\/DSCF2515-1156x1536.jpg 1156w, https:\/\/agora.xtec.cat\/escola-aloc-pineda\/wp-content\/uploads\/usu2125\/2026\/01\/DSCF2515-1542x2048.jpg 1542w\" sizes=\"auto, (max-width: 1927px) 100vw, 1927px\" \/><\/figure><\/div><div class=\"wp-block-getwid-images-slider__item\" style=\"height:400px\"><figure><img loading=\"lazy\" decoding=\"async\" width=\"1280\" height=\"960\" src=\"https:\/\/agora.xtec.cat\/escola-aloc-pineda\/wp-content\/uploads\/usu2125\/2026\/01\/P220610_10.4101.jpg\" data-id=\"736\" data-link=\"https:\/\/agora.xtec.cat\/escola-aloc-pineda\/lescola\/historia\/attachment\/nyx\/\" data-original-link=\"https:\/\/agora.xtec.cat\/escola-aloc-pineda\/wp-content\/uploads\/usu2125\/2026\/01\/P220610_10.4101.jpg\" class=\"wp-block-getwid-images-slider__image wp-image-736\" srcset=\"https:\/\/agora.xtec.cat\/escola-aloc-pineda\/wp-content\/uploads\/usu2125\/2026\/01\/P220610_10.4101.jpg 1280w, https:\/\/agora.xtec.cat\/escola-aloc-pineda\/wp-content\/uploads\/usu2125\/2026\/01\/P220610_10.4101-300x225.jpg 300w, https:\/\/agora.xtec.cat\/escola-aloc-pineda\/wp-content\/uploads\/usu2125\/2026\/01\/P220610_10.4101-1024x768.jpg 1024w, https:\/\/agora.xtec.cat\/escola-aloc-pineda\/wp-content\/uploads\/usu2125\/2026\/01\/P220610_10.4101-768x576.jpg 768w\" sizes=\"auto, (max-width: 1280px) 100vw, 1280px\" \/><figcaption class=\"wp-block-getwid-images-slider__caption\">NYX<\/figcaption><\/figure><\/div><div class=\"wp-block-getwid-images-slider__item\" style=\"height:400px\"><figure><img loading=\"lazy\" decoding=\"async\" width=\"2560\" height=\"1920\" src=\"https:\/\/agora.xtec.cat\/escola-aloc-pineda\/wp-content\/uploads\/usu2125\/2026\/01\/Primaria-1-scaled.jpg\" data-id=\"737\" data-link=\"https:\/\/agora.xtec.cat\/escola-aloc-pineda\/lescola\/historia\/attachment\/primaria-1-2\/\" data-original-link=\"https:\/\/agora.xtec.cat\/escola-aloc-pineda\/wp-content\/uploads\/usu2125\/2026\/01\/Primaria-1-scaled.jpg\" class=\"wp-block-getwid-images-slider__image wp-image-737\" srcset=\"https:\/\/agora.xtec.cat\/escola-aloc-pineda\/wp-content\/uploads\/usu2125\/2026\/01\/Primaria-1-scaled.jpg 2560w, https:\/\/agora.xtec.cat\/escola-aloc-pineda\/wp-content\/uploads\/usu2125\/2026\/01\/Primaria-1-300x225.jpg 300w, https:\/\/agora.xtec.cat\/escola-aloc-pineda\/wp-content\/uploads\/usu2125\/2026\/01\/Primaria-1-1024x768.jpg 1024w, https:\/\/agora.xtec.cat\/escola-aloc-pineda\/wp-content\/uploads\/usu2125\/2026\/01\/Primaria-1-768x576.jpg 768w, https:\/\/agora.xtec.cat\/escola-aloc-pineda\/wp-content\/uploads\/usu2125\/2026\/01\/Primaria-1-1536x1152.jpg 1536w, https:\/\/agora.xtec.cat\/escola-aloc-pineda\/wp-content\/uploads\/usu2125\/2026\/01\/Primaria-1-2048x1536.jpg 2048w\" sizes=\"auto, (max-width: 2560px) 100vw, 2560px\" \/><\/figure><\/div><div class=\"wp-block-getwid-images-slider__item\" style=\"height:400px\"><figure><img loading=\"lazy\" decoding=\"async\" width=\"2560\" height=\"1920\" src=\"https:\/\/agora.xtec.cat\/escola-aloc-pineda\/wp-content\/uploads\/usu2125\/2026\/01\/Educacio-especial-copia-scaled.jpg\" data-id=\"740\" data-link=\"https:\/\/agora.xtec.cat\/escola-aloc-pineda\/lescola\/historia\/attachment\/educacio-especial-copia\/\" data-original-link=\"https:\/\/agora.xtec.cat\/escola-aloc-pineda\/wp-content\/uploads\/usu2125\/2026\/01\/Educacio-especial-copia-scaled.jpg\" class=\"wp-block-getwid-images-slider__image wp-image-740\" srcset=\"https:\/\/agora.xtec.cat\/escola-aloc-pineda\/wp-content\/uploads\/usu2125\/2026\/01\/Educacio-especial-copia-scaled.jpg 2560w, https:\/\/agora.xtec.cat\/escola-aloc-pineda\/wp-content\/uploads\/usu2125\/2026\/01\/Educacio-especial-copia-300x225.jpg 300w, https:\/\/agora.xtec.cat\/escola-aloc-pineda\/wp-content\/uploads\/usu2125\/2026\/01\/Educacio-especial-copia-1024x768.jpg 1024w, https:\/\/agora.xtec.cat\/escola-aloc-pineda\/wp-content\/uploads\/usu2125\/2026\/01\/Educacio-especial-copia-768x576.jpg 768w, https:\/\/agora.xtec.cat\/escola-aloc-pineda\/wp-content\/uploads\/usu2125\/2026\/01\/Educacio-especial-copia-1536x1152.jpg 1536w, https:\/\/agora.xtec.cat\/escola-aloc-pineda\/wp-content\/uploads\/usu2125\/2026\/01\/Educacio-especial-copia-2048x1536.jpg 2048w\" sizes=\"auto, (max-width: 2560px) 100vw, 2560px\" \/><\/figure><\/div><div class=\"wp-block-getwid-images-slider__item\" style=\"height:400px\"><figure><img loading=\"lazy\" decoding=\"async\" width=\"2560\" height=\"1920\" src=\"https:\/\/agora.xtec.cat\/escola-aloc-pineda\/wp-content\/uploads\/usu2125\/2026\/01\/Biblioteca-copia-scaled.jpg\" data-id=\"739\" data-link=\"https:\/\/agora.xtec.cat\/escola-aloc-pineda\/lescola\/historia\/attachment\/biblioteca-copia\/\" data-original-link=\"https:\/\/agora.xtec.cat\/escola-aloc-pineda\/wp-content\/uploads\/usu2125\/2026\/01\/Biblioteca-copia-scaled.jpg\" class=\"wp-block-getwid-images-slider__image wp-image-739\" srcset=\"https:\/\/agora.xtec.cat\/escola-aloc-pineda\/wp-content\/uploads\/usu2125\/2026\/01\/Biblioteca-copia-scaled.jpg 2560w, https:\/\/agora.xtec.cat\/escola-aloc-pineda\/wp-content\/uploads\/usu2125\/2026\/01\/Biblioteca-copia-300x225.jpg 300w, https:\/\/agora.xtec.cat\/escola-aloc-pineda\/wp-content\/uploads\/usu2125\/2026\/01\/Biblioteca-copia-1024x768.jpg 1024w, https:\/\/agora.xtec.cat\/escola-aloc-pineda\/wp-content\/uploads\/usu2125\/2026\/01\/Biblioteca-copia-768x576.jpg 768w, https:\/\/agora.xtec.cat\/escola-aloc-pineda\/wp-content\/uploads\/usu2125\/2026\/01\/Biblioteca-copia-1536x1152.jpg 1536w, https:\/\/agora.xtec.cat\/escola-aloc-pineda\/wp-content\/uploads\/usu2125\/2026\/01\/Biblioteca-copia-2048x1536.jpg 2048w\" sizes=\"auto, (max-width: 2560px) 100vw, 2560px\" \/><\/figure><\/div><div class=\"wp-block-getwid-images-slider__item\" style=\"height:400px\"><figure><img loading=\"lazy\" decoding=\"async\" width=\"2560\" height=\"1927\" src=\"https:\/\/agora.xtec.cat\/escola-aloc-pineda\/wp-content\/uploads\/usu2125\/2026\/01\/DSCF2513-scaled.jpg\" data-id=\"738\" data-link=\"https:\/\/agora.xtec.cat\/escola-aloc-pineda\/lescola\/historia\/attachment\/dscf2513\/\" data-original-link=\"https:\/\/agora.xtec.cat\/escola-aloc-pineda\/wp-content\/uploads\/usu2125\/2026\/01\/DSCF2513-scaled.jpg\" class=\"wp-block-getwid-images-slider__image wp-image-738\" srcset=\"https:\/\/agora.xtec.cat\/escola-aloc-pineda\/wp-content\/uploads\/usu2125\/2026\/01\/DSCF2513-scaled.jpg 2560w, https:\/\/agora.xtec.cat\/escola-aloc-pineda\/wp-content\/uploads\/usu2125\/2026\/01\/DSCF2513-300x226.jpg 300w, https:\/\/agora.xtec.cat\/escola-aloc-pineda\/wp-content\/uploads\/usu2125\/2026\/01\/DSCF2513-1024x771.jpg 1024w, https:\/\/agora.xtec.cat\/escola-aloc-pineda\/wp-content\/uploads\/usu2125\/2026\/01\/DSCF2513-768x578.jpg 768w, https:\/\/agora.xtec.cat\/escola-aloc-pineda\/wp-content\/uploads\/usu2125\/2026\/01\/DSCF2513-1536x1156.jpg 1536w, https:\/\/agora.xtec.cat\/escola-aloc-pineda\/wp-content\/uploads\/usu2125\/2026\/01\/DSCF2513-2048x1542.jpg 2048w\" sizes=\"auto, (max-width: 2560px) 100vw, 2560px\" \/><\/figure><\/div><div class=\"wp-block-getwid-images-slider__item\" style=\"height:400px\"><figure><img loading=\"lazy\" decoding=\"async\" width=\"2560\" height=\"1920\" src=\"https:\/\/agora.xtec.cat\/escola-aloc-pineda\/wp-content\/uploads\/usu2125\/2026\/01\/Infantil-2-copia-scaled.jpg\" data-id=\"744\" data-link=\"https:\/\/agora.xtec.cat\/escola-aloc-pineda\/lescola\/historia\/attachment\/infantil-2-copia\/\" data-original-link=\"https:\/\/agora.xtec.cat\/escola-aloc-pineda\/wp-content\/uploads\/usu2125\/2026\/01\/Infantil-2-copia-scaled.jpg\" class=\"wp-block-getwid-images-slider__image wp-image-744\" srcset=\"https:\/\/agora.xtec.cat\/escola-aloc-pineda\/wp-content\/uploads\/usu2125\/2026\/01\/Infantil-2-copia-scaled.jpg 2560w, https:\/\/agora.xtec.cat\/escola-aloc-pineda\/wp-content\/uploads\/usu2125\/2026\/01\/Infantil-2-copia-300x225.jpg 300w, https:\/\/agora.xtec.cat\/escola-aloc-pineda\/wp-content\/uploads\/usu2125\/2026\/01\/Infantil-2-copia-1024x768.jpg 1024w, https:\/\/agora.xtec.cat\/escola-aloc-pineda\/wp-content\/uploads\/usu2125\/2026\/01\/Infantil-2-copia-768x576.jpg 768w, https:\/\/agora.xtec.cat\/escola-aloc-pineda\/wp-content\/uploads\/usu2125\/2026\/01\/Infantil-2-copia-1536x1152.jpg 1536w, https:\/\/agora.xtec.cat\/escola-aloc-pineda\/wp-content\/uploads\/usu2125\/2026\/01\/Infantil-2-copia-2048x1536.jpg 2048w\" sizes=\"auto, (max-width: 2560px) 100vw, 2560px\" \/><\/figure><\/div><div class=\"wp-block-getwid-images-slider__item\" style=\"height:400px\"><figure><img loading=\"lazy\" decoding=\"async\" width=\"2560\" height=\"1920\" src=\"https:\/\/agora.xtec.cat\/escola-aloc-pineda\/wp-content\/uploads\/usu2125\/2026\/01\/Angles-copia-scaled.jpg\" data-id=\"743\" data-link=\"https:\/\/agora.xtec.cat\/escola-aloc-pineda\/lescola\/historia\/attachment\/angles-copia\/\" data-original-link=\"https:\/\/agora.xtec.cat\/escola-aloc-pineda\/wp-content\/uploads\/usu2125\/2026\/01\/Angles-copia-scaled.jpg\" class=\"wp-block-getwid-images-slider__image wp-image-743\" srcset=\"https:\/\/agora.xtec.cat\/escola-aloc-pineda\/wp-content\/uploads\/usu2125\/2026\/01\/Angles-copia-scaled.jpg 2560w, https:\/\/agora.xtec.cat\/escola-aloc-pineda\/wp-content\/uploads\/usu2125\/2026\/01\/Angles-copia-300x225.jpg 300w, https:\/\/agora.xtec.cat\/escola-aloc-pineda\/wp-content\/uploads\/usu2125\/2026\/01\/Angles-copia-1024x768.jpg 1024w, https:\/\/agora.xtec.cat\/escola-aloc-pineda\/wp-content\/uploads\/usu2125\/2026\/01\/Angles-copia-768x576.jpg 768w, https:\/\/agora.xtec.cat\/escola-aloc-pineda\/wp-content\/uploads\/usu2125\/2026\/01\/Angles-copia-1536x1152.jpg 1536w, https:\/\/agora.xtec.cat\/escola-aloc-pineda\/wp-content\/uploads\/usu2125\/2026\/01\/Angles-copia-2048x1536.jpg 2048w\" sizes=\"auto, (max-width: 2560px) 100vw, 2560px\" \/><\/figure><\/div><div class=\"wp-block-getwid-images-slider__item\" style=\"height:400px\"><figure><img loading=\"lazy\" decoding=\"async\" width=\"2560\" height=\"1920\" src=\"https:\/\/agora.xtec.cat\/escola-aloc-pineda\/wp-content\/uploads\/usu2125\/2026\/01\/Acollida-copia-scaled.jpg\" data-id=\"742\" data-link=\"https:\/\/agora.xtec.cat\/escola-aloc-pineda\/lescola\/historia\/attachment\/acollida-copia\/\" data-original-link=\"https:\/\/agora.xtec.cat\/escola-aloc-pineda\/wp-content\/uploads\/usu2125\/2026\/01\/Acollida-copia-scaled.jpg\" class=\"wp-block-getwid-images-slider__image wp-image-742\" srcset=\"https:\/\/agora.xtec.cat\/escola-aloc-pineda\/wp-content\/uploads\/usu2125\/2026\/01\/Acollida-copia-scaled.jpg 2560w, https:\/\/agora.xtec.cat\/escola-aloc-pineda\/wp-content\/uploads\/usu2125\/2026\/01\/Acollida-copia-300x225.jpg 300w, https:\/\/agora.xtec.cat\/escola-aloc-pineda\/wp-content\/uploads\/usu2125\/2026\/01\/Acollida-copia-1024x768.jpg 1024w, https:\/\/agora.xtec.cat\/escola-aloc-pineda\/wp-content\/uploads\/usu2125\/2026\/01\/Acollida-copia-768x576.jpg 768w, https:\/\/agora.xtec.cat\/escola-aloc-pineda\/wp-content\/uploads\/usu2125\/2026\/01\/Acollida-copia-1536x1152.jpg 1536w, https:\/\/agora.xtec.cat\/escola-aloc-pineda\/wp-content\/uploads\/usu2125\/2026\/01\/Acollida-copia-2048x1536.jpg 2048w\" sizes=\"auto, (max-width: 2560px) 100vw, 2560px\" \/><\/figure><\/div><div class=\"wp-block-getwid-images-slider__item\" style=\"height:400px\"><figure><img loading=\"lazy\" decoding=\"async\" width=\"2560\" height=\"1920\" src=\"https:\/\/agora.xtec.cat\/escola-aloc-pineda\/wp-content\/uploads\/usu2125\/2026\/01\/IMG_0670-copia-scaled.jpg\" data-id=\"741\" data-link=\"https:\/\/agora.xtec.cat\/escola-aloc-pineda\/lescola\/historia\/attachment\/img_0670-copia\/\" data-original-link=\"https:\/\/agora.xtec.cat\/escola-aloc-pineda\/wp-content\/uploads\/usu2125\/2026\/01\/IMG_0670-copia-scaled.jpg\" class=\"wp-block-getwid-images-slider__image wp-image-741\" srcset=\"https:\/\/agora.xtec.cat\/escola-aloc-pineda\/wp-content\/uploads\/usu2125\/2026\/01\/IMG_0670-copia-scaled.jpg 2560w, https:\/\/agora.xtec.cat\/escola-aloc-pineda\/wp-content\/uploads\/usu2125\/2026\/01\/IMG_0670-copia-300x225.jpg 300w, https:\/\/agora.xtec.cat\/escola-aloc-pineda\/wp-content\/uploads\/usu2125\/2026\/01\/IMG_0670-copia-1024x768.jpg 1024w, https:\/\/agora.xtec.cat\/escola-aloc-pineda\/wp-content\/uploads\/usu2125\/2026\/01\/IMG_0670-copia-768x576.jpg 768w, https:\/\/agora.xtec.cat\/escola-aloc-pineda\/wp-content\/uploads\/usu2125\/2026\/01\/IMG_0670-copia-1536x1152.jpg 1536w, https:\/\/agora.xtec.cat\/escola-aloc-pineda\/wp-content\/uploads\/usu2125\/2026\/01\/IMG_0670-copia-2048x1536.jpg 2048w\" sizes=\"auto, (max-width: 2560px) 100vw, 2560px\" \/><\/figure><\/div><\/div><\/div>\n\n\n<p>\u00a0<\/p>\n<p><strong>L\u2019edifici constru\u00eft t\u00e9 un total de 5188 m\u00b2 distribu\u00efts de la seg\u00fcent manera:<\/strong><br \/><span style=\"color: #0000ff;\">Educaci\u00f3 Infantil consta dels seg\u00fcents espais \u00fatils:<\/span><br \/>\u2013 6 aules pels alumnes de I-3 fins a I-5 (dues l\u00ednies). Cadascuna amb els seus lavabos corresponents.<br \/>\u2013 Sala de Psicomotricitat.<br \/>\u2013 Aula de llum.<br \/>\u2013 Lavabo de mestres.<br \/>\u2013 Lavabo de consergeria.<br \/>\u2013 Pati i porxo pels alumnes d\u2019Infantil.<br \/><span style=\"color: #0000ff;\">Educaci\u00f3 Prim\u00e0ria consta dels seg\u00fcents espais \u00fatils:<\/span><br \/>\u2013 12 aules de prim\u00e0ria. Les 4 aules de cicle inicial, situades a la primera planta. I 8 aules (4 de cicle mitj\u00e0 i 4 de cicle superior) situades a la segona planta.<br \/>\u2013 1 aula d\u2019angl\u00e8s.<br \/>\u2013 1 aula de m\u00fasica.<br \/>\u2013 1 aula de suport a la inclusi\u00f3.<br \/>\u2013 1 aula integral de suport.<br \/>\u2013 1 espai de la calma.<br \/>\u2013 1 aula de rob\u00f2tica.<br \/>\u2013 1 aula de pl\u00e0stica i audiovisuals.<br \/>\u2013 2 aules de refor\u00e7 o petits grups.<br \/>\u2013 1 biblioteca.<br \/>\u2013 1 gimn\u00e0s amb escenari, vestidors, lavabos i dutxes.<br \/>\u2013 3 tutories.<br \/>\u2013 1 sala de mestres.<br \/>\u2013 1 despatx per direcci\u00f3.<br \/>\u2013 1 despatx per cap d\u2019estudis.<br \/>\u2013 1 despatx per secret\u00e0ria i administraci\u00f3<br \/>\u2013 1 petit magatzem.<br \/>\u2013 1 espai per consergeria.<br \/>\u2013 1 menjador.<br \/>\u2013 1 espai de cuina.<br \/>\u2013 1 espai per l\u2019AMPA.<br \/>\u2013 Pati i porxo pels alumnes de Prim\u00e0ria.<br \/>Disposem d\u2019un edifici de nova construcci\u00f3 molt ben equipat i amb espais totalment adaptats per a facilitar la mobilitat de qui ho necessiti, disposem d\u2019ascensor i lavabos adaptats. <strong>No tenim barreres arquitect\u00f2niques.<\/strong><\/p>","protected":false},"excerpt":{"rendered":"<p>\u00a0 L\u2019edifici constru\u00eft t\u00e9 un total de 5188 m\u00b2 distribu\u00efts de la seg\u00fcent manera:Educaci\u00f3 Infantil consta dels seg\u00fcents espais \u00fatils:\u2013 [&hellip;]<\/p>\n","protected":false},"author":1,"featured_media":0,"parent":22,"menu_order":40,"comment_status":"closed","ping_status":"closed","template":"","meta":{"_bbp_topic_count":0,"_bbp_reply_count":0,"_bbp_total_topic_count":0,"_bbp_total_reply_count":0,"_bbp_voice_count":0,"_bbp_anonymous_reply_count":0,"_bbp_topic_count_hidden":0,"_bbp_reply_count_hidden":0,"_bbp_forum_subforum_count":0,"site-sidebar-layout":"default","site-content-layout":"","ast-site-content-layout":"default","site-content-style":"default","site-sidebar-style":"default","ast-global-header-display":"","ast-banner-title-visibility":"","ast-main-header-display":"","ast-hfb-above-header-display":"","ast-hfb-below-header-display":"","ast-hfb-mobile-header-display":"","site-post-title":"","ast-breadcrumbs-content":"","ast-featured-img":"","footer-sml-layout":"","theme-transparent-header-meta":"","adv-header-id-meta":"","stick-header-meta":"","header-above-stick-meta":"","header-main-stick-meta":"","header-below-stick-meta":"","astra-migrate-meta-layouts":"set","ast-page-background-enabled":"default","ast-page-background-meta":{"desktop":{"background-color":"var(--ast-global-color-4)","background-image":"","background-repeat":"repeat","background-position":"center center","background-size":"auto","background-attachment":"scroll","background-type":"","background-media":"","overlay-type":"","overlay-color":"","overlay-opacity":"","overlay-gradient":""},"tablet":{"background-color":"","background-image":"","background-repeat":"repeat","background-position":"center center","background-size":"auto","background-attachment":"scroll","background-type":"","background-media":"","overlay-type":"","overlay-color":"","overlay-opacity":"","overlay-gradient":""},"mobile":{"background-color":"","background-image":"","background-repeat":"repeat","background-position":"center center","background-size":"auto","background-attachment":"scroll","background-type":"","background-media":"","overlay-type":"","overlay-color":"","overlay-opacity":"","overlay-gradient":""}},"ast-content-background-meta":{"desktop":{"background-color":"var(--ast-global-color-5)","background-image":"","background-repeat":"repeat","background-position":"center center","background-size":"auto","background-attachment":"scroll","background-type":"","background-media":"","overlay-type":"","overlay-color":"","overlay-opacity":"","overlay-gradient":""},"tablet":{"background-color":"var(--ast-global-color-5)","background-image":"","background-repeat":"repeat","background-position":"center center","background-size":"auto","background-attachment":"scroll","background-type":"","background-media":"","overlay-type":"","overlay-color":"","overlay-opacity":"","overlay-gradient":""},"mobile":{"background-color":"var(--ast-global-color-5)","background-image":"","background-repeat":"repeat","background-position":"center center","background-size":"auto","background-attachment":"scroll","background-type":"","background-media":"","overlay-type":"","overlay-color":"","overlay-opacity":"","overlay-gradient":""}},"footnotes":""},"class_list":["post-30","page","type-page","status-publish","hentry"],"post_mailing_queue_ids":[],"_links":{"self":[{"href":"https:\/\/agora.xtec.cat\/escola-aloc-pineda\/wp-json\/wp\/v2\/pages\/30","targetHints":{"allow":["GET"]}}],"collection":[{"href":"https:\/\/agora.xtec.cat\/escola-aloc-pineda\/wp-json\/wp\/v2\/pages"}],"about":[{"href":"https:\/\/agora.xtec.cat\/escola-aloc-pineda\/wp-json\/wp\/v2\/types\/page"}],"author":[{"embeddable":true,"href":"https:\/\/agora.xtec.cat\/escola-aloc-pineda\/wp-json\/wp\/v2\/users\/1"}],"replies":[{"embeddable":true,"href":"https:\/\/agora.xtec.cat\/escola-aloc-pineda\/wp-json\/wp\/v2\/comments?post=30"}],"version-history":[{"count":5,"href":"https:\/\/agora.xtec.cat\/escola-aloc-pineda\/wp-json\/wp\/v2\/pages\/30\/revisions"}],"predecessor-version":[{"id":751,"href":"https:\/\/agora.xtec.cat\/escola-aloc-pineda\/wp-json\/wp\/v2\/pages\/30\/revisions\/751"}],"up":[{"embeddable":true,"href":"https:\/\/agora.xtec.cat\/escola-aloc-pineda\/wp-json\/wp\/v2\/pages\/22"}],"wp:attachment":[{"href":"https:\/\/agora.xtec.cat\/escola-aloc-pineda\/wp-json\/wp\/v2\/media?parent=30"}],"curies":[{"name":"wp","href":"https:\/\/api.w.org\/{rel}","templated":true}]}}