{"id":84,"date":"2014-09-18T14:11:31","date_gmt":"2014-09-18T13:11:31","guid":{"rendered":"http:\/\/agora.xtec.cat\/escola-agora\/?page_id=84"},"modified":"2024-11-11T13:09:09","modified_gmt":"2024-11-11T12:09:09","slug":"activitats-extraescolars","status":"publish","type":"page","link":"https:\/\/agora.xtec.cat\/escola-agora\/serveis\/activitats-extraescolars\/","title":{"rendered":"Activitats extraescolars"},"content":{"rendered":"<p>Les activitats extraescolars que s&#8217;ofereixen aquest curs escolar 2024-25 s\u00f3n:<\/p>\n<p><a href=\"http:\/\/ampaextraescolars.blogspot.com\/?zx=8285817097d8e9a3\">AQU\u00cd<\/a> pots trobar m\u00e9s informaci\u00f3.<\/p>\n<div><strong>&#8211; Arts&amp;Crafts<\/strong><\/div>\n<div><strong>&#8211; Teatre<\/strong><\/div>\n<div><strong>&#8211; Karate (I5)<\/strong><\/div>\n<div><strong>&#8211; Jocs i esports<\/strong><\/div>\n<div><strong>&#8211; Dansa<\/strong><\/div>\n<div><\/div>\n<div><strong>&#8211; Escacs<\/strong><\/div>\n<div><strong>&#8211; Futbol<\/strong><\/div>\n<div><strong>&#8211; Experimenta&#8217;l<\/strong><\/div>\n<div><strong>&#8211; Multiesport<\/strong><\/div>\n<div><strong>&#8211; Teatre musical<\/strong><\/div>\n<div><\/div>\n<div><\/div>\n<div>.<\/div>\n<div><\/div>\n<div><img loading=\"lazy\" decoding=\"async\" class=\"\" src=\"https:\/\/blogger.googleusercontent.com\/img\/b\/R29vZ2xl\/AVvXsEg1EY8XutyyCbCuTNP6kfNSCpE-lQGkIoU2OlWWPlq2AoHLiCe-xF_r5MEzpyH4Egs6O9iE2W5mXggl2hO-4ucToLQrjPWt_6WRjTBbzi7Y-YTb2t-FMzTVjsIsIn9l0CnXIaB-DYg4itVh\/s1600\/afa+logo+2+color.jpg\" width=\"171\" height=\"108\" \/> <img loading=\"lazy\" decoding=\"async\" class=\"\" src=\"https:\/\/blogger.googleusercontent.com\/img\/a\/AVvXsEgFfZC_BmhHF5YK1FmhZrHjBrQnMEgfUpwvZgL0deg13bwp2wq05TTjWo7b_fAmAs6IGonOx5pk5Upo9-C_GvZlaLOIEwxk-lujEagMNPtEw6Kb8anTBR9ASXuiwJYCEtmULKIBiyFOGuncd-OVbzYfHCyTmWDYYgOaBRiadeR9VKOiMWHXku8h7CF3spfd=s1150\" width=\"382\" height=\"107\" \/><\/div>\n","protected":false},"excerpt":{"rendered":"<p>Les activitats extraescolars que s&#8217;ofereixen aquest curs escolar 2024-25 s\u00f3n: AQU\u00cd pots trobar m\u00e9s informaci\u00f3. &#8211; Arts&amp;Crafts &#8211; Teatre &#8211; Karate (I5) &#8211; Jocs i esports &#8211; Dansa &#8211; Escacs &#8211; Futbol &#8211; Experimenta&#8217;l &#8211; Multiesport &#8211; Teatre musical .<\/p>\n","protected":false},"author":1,"featured_media":0,"parent":66,"menu_order":60,"comment_status":"closed","ping_status":"closed","template":"page-templates\/side-menu.php","meta":{"_bbp_topic_count":0,"_bbp_reply_count":0,"_bbp_total_topic_count":0,"_bbp_total_reply_count":0,"_bbp_voice_count":0,"_bbp_anonymous_reply_count":0,"_bbp_topic_count_hidden":0,"_bbp_reply_count_hidden":0,"_bbp_forum_subforum_count":0,"site-sidebar-layout":"default","site-content-layout":"","ast-site-content-layout":"","site-content-style":"default","site-sidebar-style":"default","ast-global-header-display":"","ast-banner-title-visibility":"","ast-main-header-display":"","ast-hfb-above-header-display":"","ast-hfb-below-header-display":"","ast-hfb-mobile-header-display":"","site-post-title":"","ast-breadcrumbs-content":"","ast-featured-img":"","footer-sml-layout":"","theme-transparent-header-meta":"","adv-header-id-meta":"","stick-header-meta":"","header-above-stick-meta":"","header-main-stick-meta":"","header-below-stick-meta":"","astra-migrate-meta-layouts":"default","ast-page-background-enabled":"default","ast-page-background-meta":{"desktop":{"background-color":"var(--ast-global-color-4)","background-image":"","background-repeat":"repeat","background-position":"center center","background-size":"auto","background-attachment":"scroll","background-type":"","background-media":"","overlay-type":"","overlay-color":"","overlay-opacity":"","overlay-gradient":""},"tablet":{"background-color":"","background-image":"","background-repeat":"repeat","background-position":"center center","background-size":"auto","background-attachment":"scroll","background-type":"","background-media":"","overlay-type":"","overlay-color":"","overlay-opacity":"","overlay-gradient":""},"mobile":{"background-color":"","background-image":"","background-repeat":"repeat","background-position":"center center","background-size":"auto","background-attachment":"scroll","background-type":"","background-media":"","overlay-type":"","overlay-color":"","overlay-opacity":"","overlay-gradient":""}},"ast-content-background-meta":{"desktop":{"background-color":"var(--ast-global-color-5)","background-image":"","background-repeat":"repeat","background-position":"center center","background-size":"auto","background-attachment":"scroll","background-type":"","background-media":"","overlay-type":"","overlay-color":"","overlay-opacity":"","overlay-gradient":""},"tablet":{"background-color":"var(--ast-global-color-5)","background-image":"","background-repeat":"repeat","background-position":"center center","background-size":"auto","background-attachment":"scroll","background-type":"","background-media":"","overlay-type":"","overlay-color":"","overlay-opacity":"","overlay-gradient":""},"mobile":{"background-color":"var(--ast-global-color-5)","background-image":"","background-repeat":"repeat","background-position":"center center","background-size":"auto","background-attachment":"scroll","background-type":"","background-media":"","overlay-type":"","overlay-color":"","overlay-opacity":"","overlay-gradient":""}},"footnotes":""},"class_list":["post-84","page","type-page","status-publish","hentry"],"post_mailing_queue_ids":[],"_links":{"self":[{"href":"https:\/\/agora.xtec.cat\/escola-agora\/wp-json\/wp\/v2\/pages\/84","targetHints":{"allow":["GET"]}}],"collection":[{"href":"https:\/\/agora.xtec.cat\/escola-agora\/wp-json\/wp\/v2\/pages"}],"about":[{"href":"https:\/\/agora.xtec.cat\/escola-agora\/wp-json\/wp\/v2\/types\/page"}],"author":[{"embeddable":true,"href":"https:\/\/agora.xtec.cat\/escola-agora\/wp-json\/wp\/v2\/users\/1"}],"replies":[{"embeddable":true,"href":"https:\/\/agora.xtec.cat\/escola-agora\/wp-json\/wp\/v2\/comments?post=84"}],"version-history":[{"count":6,"href":"https:\/\/agora.xtec.cat\/escola-agora\/wp-json\/wp\/v2\/pages\/84\/revisions"}],"predecessor-version":[{"id":12231,"href":"https:\/\/agora.xtec.cat\/escola-agora\/wp-json\/wp\/v2\/pages\/84\/revisions\/12231"}],"up":[{"embeddable":true,"href":"https:\/\/agora.xtec.cat\/escola-agora\/wp-json\/wp\/v2\/pages\/66"}],"wp:attachment":[{"href":"https:\/\/agora.xtec.cat\/escola-agora\/wp-json\/wp\/v2\/media?parent=84"}],"curies":[{"name":"wp","href":"https:\/\/api.w.org\/{rel}","templated":true}]}}