{"id":73,"date":"2014-09-18T14:01:51","date_gmt":"2014-09-18T13:01:51","guid":{"rendered":"http:\/\/agora.xtec.cat\/escola-agora\/?page_id=73"},"modified":"2024-11-11T10:13:16","modified_gmt":"2024-11-11T09:13:16","slug":"menjador-escolar","status":"publish","type":"page","link":"https:\/\/agora.xtec.cat\/escola-agora\/serveis\/menjador-escolar\/","title":{"rendered":"Menjador escolar"},"content":{"rendered":"<p>Gaudim d&#8217;un servei de menjador amb monitors especialitzats<\/p>\n<p><a href=\"https:\/\/agora.xtec.cat\/escola-agora\/wp-content\/uploads\/usu616\/2018\/11\/IMG-20181122-WA0001-1.jpg\"><img loading=\"lazy\" decoding=\"async\" class=\"wp-image-2735 alignnone\" src=\"https:\/\/agora.xtec.cat\/escola-agora\/wp-content\/uploads\/usu616\/2018\/11\/IMG-20181122-WA0001-1.jpg\" alt=\"\" width=\"682\" height=\"612\" srcset=\"https:\/\/agora.xtec.cat\/escola-agora\/wp-content\/uploads\/usu616\/2018\/11\/IMG-20181122-WA0001-1.jpg 910w, https:\/\/agora.xtec.cat\/escola-agora\/wp-content\/uploads\/usu616\/2018\/11\/IMG-20181122-WA0001-1-300x269.jpg 300w, https:\/\/agora.xtec.cat\/escola-agora\/wp-content\/uploads\/usu616\/2018\/11\/IMG-20181122-WA0001-1-768x690.jpg 768w\" sizes=\"auto, (max-width: 682px) 100vw, 682px\" \/><\/a><\/p>\n<p>Aquestes s\u00f3n algunes de les\u00a0<strong>activitats<\/strong> que fan els nens i nenes de l&#8217;escola a l&#8217;hora del <strong>menjador<\/strong>:<\/p>\n<p><a href=\"https:\/\/lh3.googleusercontent.com\/GTKTwCyVR9TWal7hLzpWm8FOGj2_nFDVKc0tbJzpFXSNHvInpz63ntNvBrqDU8SpEAGibaGBUafTJrlpy8dL_0SWUb6whrM-15oFlsU-zlwTgGFgACWr6UFoIk6bHqPE6HDjA1df8DEZL5n-cFJQCxBlRQA0NRW7i80nm0s3NCBz-8rNfogFDXtgULM3-mVrxDwfup7sGWLUFFNkp0zoQH-5eVb45G54hx-Le1gpoxexp4V_xI_896inOf_uMui8GB_NNtlWGS4RNxNPakVQaUUfo_cNrrB9BJHEDo-bVk30Hd9Kq60Vt8gyaqi_QNR2TkgMg48FahKCnCcTLMxaFl0dXbhPWmC8I4ELf0gEV_W1P6gz05IMZFx2uCgcg65bADIiuhlcEHD_ywJ_kZA6HvJ3mfmBqQvbrSGZiIaRaLA7TnasUYquIMm_CM7TZbs6B9VDpE-5U2rVv0x0d7H6wgRC104gB9csIW9S62svbv-bklleBMWGOLkd0429AYcK8cs3MrasDsRB_LiwOXlz9Sq3Us0KPsohtweDWVHoqEpNxECXgf0su8AVjnwX-FOqkdWckduyuk_i2eqbmaCOSOkx94Icm6nOZcySh-PwjA=w1362-h766-no\"><img loading=\"lazy\" decoding=\"async\" class=\"alignnone \" src=\"https:\/\/lh3.googleusercontent.com\/GTKTwCyVR9TWal7hLzpWm8FOGj2_nFDVKc0tbJzpFXSNHvInpz63ntNvBrqDU8SpEAGibaGBUafTJrlpy8dL_0SWUb6whrM-15oFlsU-zlwTgGFgACWr6UFoIk6bHqPE6HDjA1df8DEZL5n-cFJQCxBlRQA0NRW7i80nm0s3NCBz-8rNfogFDXtgULM3-mVrxDwfup7sGWLUFFNkp0zoQH-5eVb45G54hx-Le1gpoxexp4V_xI_896inOf_uMui8GB_NNtlWGS4RNxNPakVQaUUfo_cNrrB9BJHEDo-bVk30Hd9Kq60Vt8gyaqi_QNR2TkgMg48FahKCnCcTLMxaFl0dXbhPWmC8I4ELf0gEV_W1P6gz05IMZFx2uCgcg65bADIiuhlcEHD_ywJ_kZA6HvJ3mfmBqQvbrSGZiIaRaLA7TnasUYquIMm_CM7TZbs6B9VDpE-5U2rVv0x0d7H6wgRC104gB9csIW9S62svbv-bklleBMWGOLkd0429AYcK8cs3MrasDsRB_LiwOXlz9Sq3Us0KPsohtweDWVHoqEpNxECXgf0su8AVjnwX-FOqkdWckduyuk_i2eqbmaCOSOkx94Icm6nOZcySh-PwjA=w1362-h766-no\" width=\"317\" height=\"169\" \/><\/a>\u00a0<img loading=\"lazy\" decoding=\"async\" class=\"alignnone \" src=\"https:\/\/lh3.googleusercontent.com\/t1sp6o8PpCfatOOpeKBhO_zipwVRlnJ5lCuL6FmzJqkTHlyA27qcROKPEFc-qD-NQKZ8pM2qR1_dedfApA-In03QN1VXWwdIIaf9dlPyKyCx9LCDojKP9lCz4tGctsLg3q5iUVUitO7I3h016G-Yy2u2rTKjUMPM2gUasYzK9KEpjUC40GsEo-uLvrPX6oBuSPcHIGkiv4WeESSEGS2-qm_O9xsaIyOOnrpNtTa1qHlVKVos3OqpuWzvYgKuP5DhkWJ-5_q5Nm8FEwONouxEuhkhconWXKHjyMt_nE8dlgJFoxI_C-jcg2q9vn6Z2llsKRnUiEGPTSXOMDqrtnhJqdt10t_BHpOFTfs1m4m0yVWs3GvfFGO1J2nK1aE9JRy1Cu_4bUkWchsXpspBX0SXrbU1nWECP2HSUdGKCBOgDF6hQ7oS9lhrj-J4T3IU5pDqQNHiPwBl0C-9Gra9EEKSb3XzlFnqcV9X52oFhaRmpc8Aj-CLwfh0BaiIT0b2ZCm4LS8cGsObkTxhh0Ccvmdu2o-QvCMWBTinaKnfQuluKFoJ5AvVeEEQzExecKvfOjq2zNK_xNMTro0gaakbIAsZUiXNtIgsZbgvX4sorQ2DHQ=w431-h766-no\" width=\"101\" height=\"172\" \/>\u00a0<a href=\"https:\/\/lh3.googleusercontent.com\/KQhdt9v4Af8o5qmlXJn6SF7q-o2uljZ8x0OUaU_Yxv972DibLvSUlfkApMR4Xu5Buyp_OWY0k9_N45ixJTGoA2QMbPAcuWvtakv-tvycqA9XomJyRvbtrJFjabJhzPQgJv_zytCI14QSaC_fCQ6VNuhl0qFm9TxYW31nQKMD45WAY3tOlsgds7Iax_9Tb4jicBzInJ6H0xTExJ2DXhlASiCnGHnMYIAp0O0gZ2JBsZlZXPYEUh1HEbnACI7MWAo9Zf-GZgj2RzCvxZU2Wdoq2TJJW0E49aBYEnWK8rkma9ix19neuDDTJ3ewb4Ktzp59lK_kHC7QwxAsi_dux2MfeINClaLpnUVA9gH9yQrUMtLt5SbOSyCYDrjBs4si3pkWPKcZP6E29JZo7JlkEOtVCeAu5NQxi1Ke-yzCsXiwoA8td81AWE9Z8ob8efTmDK5bg3lhcxxJW7qmyua3NEosggIBJPpXHngHgzdgdPUDMLxtG_RdDxx9XhlLcUarRmJ9_sB5XpTrrMaI_FFJgtISB_u4eBj-YIFWVDqEfeljVtNO7qF2ufXFHjxTtP21pudxjJzp_qTSOUBR8BE8ULw824VZ_4IN4IbmayhsI_l0Kw=w1362-h766-no\"><img loading=\"lazy\" decoding=\"async\" class=\"alignnone \" src=\"https:\/\/lh3.googleusercontent.com\/KQhdt9v4Af8o5qmlXJn6SF7q-o2uljZ8x0OUaU_Yxv972DibLvSUlfkApMR4Xu5Buyp_OWY0k9_N45ixJTGoA2QMbPAcuWvtakv-tvycqA9XomJyRvbtrJFjabJhzPQgJv_zytCI14QSaC_fCQ6VNuhl0qFm9TxYW31nQKMD45WAY3tOlsgds7Iax_9Tb4jicBzInJ6H0xTExJ2DXhlASiCnGHnMYIAp0O0gZ2JBsZlZXPYEUh1HEbnACI7MWAo9Zf-GZgj2RzCvxZU2Wdoq2TJJW0E49aBYEnWK8rkma9ix19neuDDTJ3ewb4Ktzp59lK_kHC7QwxAsi_dux2MfeINClaLpnUVA9gH9yQrUMtLt5SbOSyCYDrjBs4si3pkWPKcZP6E29JZo7JlkEOtVCeAu5NQxi1Ke-yzCsXiwoA8td81AWE9Z8ob8efTmDK5bg3lhcxxJW7qmyua3NEosggIBJPpXHngHgzdgdPUDMLxtG_RdDxx9XhlLcUarRmJ9_sB5XpTrrMaI_FFJgtISB_u4eBj-YIFWVDqEfeljVtNO7qF2ufXFHjxTtP21pudxjJzp_qTSOUBR8BE8ULw824VZ_4IN4IbmayhsI_l0Kw=w1362-h766-no\" width=\"323\" height=\"179\" \/><\/a><\/p>\n<p>Tallers de decoraci\u00f3 de Nadal, jocs de taula a la biblioteca, dimecres d&#8217;estudi a la biblioteca, racons i jocs al pati&#8230;<\/p>\n<p><a href=\"https:\/\/photos.app.goo.gl\/7D6bIZCZYQxwsakv2\">AQU\u00cd m\u00e9s fotos<\/a><\/p>\n","protected":false},"excerpt":{"rendered":"<p>Gaudim d&#8217;un servei de menjador amb monitors especialitzats Aquestes s\u00f3n algunes de les\u00a0activitats que fan els nens i nenes de l&#8217;escola a l&#8217;hora del menjador: \u00a0\u00a0 Tallers de decoraci\u00f3 de Nadal, jocs de taula a la biblioteca, dimecres d&#8217;estudi a la biblioteca, racons i jocs al pati&#8230; AQU\u00cd m\u00e9s fotos<\/p>\n","protected":false},"author":1,"featured_media":0,"parent":66,"menu_order":30,"comment_status":"closed","ping_status":"closed","template":"page-templates\/side-menu.php","meta":{"_bbp_topic_count":0,"_bbp_reply_count":0,"_bbp_total_topic_count":0,"_bbp_total_reply_count":0,"_bbp_voice_count":0,"_bbp_anonymous_reply_count":0,"_bbp_topic_count_hidden":0,"_bbp_reply_count_hidden":0,"_bbp_forum_subforum_count":0,"site-sidebar-layout":"default","site-content-layout":"","ast-site-content-layout":"","site-content-style":"default","site-sidebar-style":"default","ast-global-header-display":"","ast-banner-title-visibility":"","ast-main-header-display":"","ast-hfb-above-header-display":"","ast-hfb-below-header-display":"","ast-hfb-mobile-header-display":"","site-post-title":"","ast-breadcrumbs-content":"","ast-featured-img":"","footer-sml-layout":"","theme-transparent-header-meta":"","adv-header-id-meta":"","stick-header-meta":"","header-above-stick-meta":"","header-main-stick-meta":"","header-below-stick-meta":"","astra-migrate-meta-layouts":"default","ast-page-background-enabled":"default","ast-page-background-meta":{"desktop":{"background-color":"var(--ast-global-color-4)","background-image":"","background-repeat":"repeat","background-position":"center center","background-size":"auto","background-attachment":"scroll","background-type":"","background-media":"","overlay-type":"","overlay-color":"","overlay-opacity":"","overlay-gradient":""},"tablet":{"background-color":"","background-image":"","background-repeat":"repeat","background-position":"center center","background-size":"auto","background-attachment":"scroll","background-type":"","background-media":"","overlay-type":"","overlay-color":"","overlay-opacity":"","overlay-gradient":""},"mobile":{"background-color":"","background-image":"","background-repeat":"repeat","background-position":"center center","background-size":"auto","background-attachment":"scroll","background-type":"","background-media":"","overlay-type":"","overlay-color":"","overlay-opacity":"","overlay-gradient":""}},"ast-content-background-meta":{"desktop":{"background-color":"var(--ast-global-color-5)","background-image":"","background-repeat":"repeat","background-position":"center center","background-size":"auto","background-attachment":"scroll","background-type":"","background-media":"","overlay-type":"","overlay-color":"","overlay-opacity":"","overlay-gradient":""},"tablet":{"background-color":"var(--ast-global-color-5)","background-image":"","background-repeat":"repeat","background-position":"center center","background-size":"auto","background-attachment":"scroll","background-type":"","background-media":"","overlay-type":"","overlay-color":"","overlay-opacity":"","overlay-gradient":""},"mobile":{"background-color":"var(--ast-global-color-5)","background-image":"","background-repeat":"repeat","background-position":"center center","background-size":"auto","background-attachment":"scroll","background-type":"","background-media":"","overlay-type":"","overlay-color":"","overlay-opacity":"","overlay-gradient":""}},"footnotes":""},"class_list":["post-73","page","type-page","status-publish","hentry"],"post_mailing_queue_ids":[],"_links":{"self":[{"href":"https:\/\/agora.xtec.cat\/escola-agora\/wp-json\/wp\/v2\/pages\/73","targetHints":{"allow":["GET"]}}],"collection":[{"href":"https:\/\/agora.xtec.cat\/escola-agora\/wp-json\/wp\/v2\/pages"}],"about":[{"href":"https:\/\/agora.xtec.cat\/escola-agora\/wp-json\/wp\/v2\/types\/page"}],"author":[{"embeddable":true,"href":"https:\/\/agora.xtec.cat\/escola-agora\/wp-json\/wp\/v2\/users\/1"}],"replies":[{"embeddable":true,"href":"https:\/\/agora.xtec.cat\/escola-agora\/wp-json\/wp\/v2\/comments?post=73"}],"version-history":[{"count":4,"href":"https:\/\/agora.xtec.cat\/escola-agora\/wp-json\/wp\/v2\/pages\/73\/revisions"}],"predecessor-version":[{"id":12225,"href":"https:\/\/agora.xtec.cat\/escola-agora\/wp-json\/wp\/v2\/pages\/73\/revisions\/12225"}],"up":[{"embeddable":true,"href":"https:\/\/agora.xtec.cat\/escola-agora\/wp-json\/wp\/v2\/pages\/66"}],"wp:attachment":[{"href":"https:\/\/agora.xtec.cat\/escola-agora\/wp-json\/wp\/v2\/media?parent=73"}],"curies":[{"name":"wp","href":"https:\/\/api.w.org\/{rel}","templated":true}]}}