{"id":427,"date":"2016-11-16T09:09:22","date_gmt":"2016-11-16T08:09:22","guid":{"rendered":"http:\/\/agora.xtec.cat\/escola-agora\/?page_id=427"},"modified":"2025-01-12T22:42:02","modified_gmt":"2025-01-12T21:42:02","slug":"llengua","status":"publish","type":"page","link":"https:\/\/agora.xtec.cat\/escola-agora\/lescola\/com-ho-fem\/tallers\/llengua\/","title":{"rendered":"Llengua"},"content":{"rendered":"<p>Defineixen el tractament de la llengua al centre a partir de la tipologia textual, prioritzant la seva funcionalitat i amb un plantejament metodol\u00f2gic que faciliti la inducci\u00f3 del pensament de l\u2019alumnat per tal que sigui capa\u00e7 de treure\u2019n conclusions.<\/p>\n<p><strong>Metodologia:<\/strong><\/p>\n<p>Totes les tipologies s\u2019han de treballar a tots els nivells (Educaci\u00f3 Infantil i Prim\u00e0ria)<\/p>\n<ul>\n<li>L\u2019alumnat estar\u00e0 organitzat en agrupaments m\u00e9s redu\u00efts, per cicle, per donar protagonisme als alumnes i facilitar-ne el treball deductiu.<\/li>\n<li>Els agrupaments seran variables segons la valoraci\u00f3 que se\u2019n faci en acabar cada tipologia textual.<\/li>\n<li>El treball de llengua ha de recollir tres aspectes: parlar, escriure i escoltar.<\/li>\n<li>Es far\u00e0 la mateixa activitat als diferents agrupaments de cada cicle, amb diferent grau d\u2019aprofundiment en el treball segons caracter\u00edstiques del grup.<\/li>\n<li>A l\u2019\u00e0rea de castell\u00e0 es treballar\u00e0 igualment la mateixa tipologia textual, aprofitant el treball d\u2019estructura del text i gram\u00e0tica (comunes) i centrant el treball en el l\u00e8xic i trets diferencials, amb un altre g\u00e8nere de la tipologia treballada.<\/li>\n<\/ul>\n","protected":false},"excerpt":{"rendered":"<p>Defineixen el tractament de la llengua al centre a partir de la tipologia textual, prioritzant la seva funcionalitat i amb un plantejament metodol\u00f2gic que faciliti la inducci\u00f3 del pensament de l\u2019alumnat per tal que sigui capa\u00e7 de treure\u2019n conclusions. Metodologia: Totes les tipologies s\u2019han de treballar a tots els nivells (Educaci\u00f3 Infantil i Prim\u00e0ria) L\u2019alumnat [&hellip;]<\/p>\n","protected":false},"author":1,"featured_media":0,"parent":345,"menu_order":0,"comment_status":"closed","ping_status":"closed","template":"page-templates\/side-menu.php","meta":{"_bbp_topic_count":0,"_bbp_reply_count":0,"_bbp_total_topic_count":0,"_bbp_total_reply_count":0,"_bbp_voice_count":0,"_bbp_anonymous_reply_count":0,"_bbp_topic_count_hidden":0,"_bbp_reply_count_hidden":0,"_bbp_forum_subforum_count":0,"site-sidebar-layout":"default","site-content-layout":"","ast-site-content-layout":"","site-content-style":"default","site-sidebar-style":"default","ast-global-header-display":"","ast-banner-title-visibility":"","ast-main-header-display":"","ast-hfb-above-header-display":"","ast-hfb-below-header-display":"","ast-hfb-mobile-header-display":"","site-post-title":"","ast-breadcrumbs-content":"","ast-featured-img":"","footer-sml-layout":"","theme-transparent-header-meta":"","adv-header-id-meta":"","stick-header-meta":"","header-above-stick-meta":"","header-main-stick-meta":"","header-below-stick-meta":"","astra-migrate-meta-layouts":"default","ast-page-background-enabled":"default","ast-page-background-meta":{"desktop":{"background-color":"var(--ast-global-color-4)","background-image":"","background-repeat":"repeat","background-position":"center center","background-size":"auto","background-attachment":"scroll","background-type":"","background-media":"","overlay-type":"","overlay-color":"","overlay-opacity":"","overlay-gradient":""},"tablet":{"background-color":"","background-image":"","background-repeat":"repeat","background-position":"center center","background-size":"auto","background-attachment":"scroll","background-type":"","background-media":"","overlay-type":"","overlay-color":"","overlay-opacity":"","overlay-gradient":""},"mobile":{"background-color":"","background-image":"","background-repeat":"repeat","background-position":"center center","background-size":"auto","background-attachment":"scroll","background-type":"","background-media":"","overlay-type":"","overlay-color":"","overlay-opacity":"","overlay-gradient":""}},"ast-content-background-meta":{"desktop":{"background-color":"var(--ast-global-color-5)","background-image":"","background-repeat":"repeat","background-position":"center center","background-size":"auto","background-attachment":"scroll","background-type":"","background-media":"","overlay-type":"","overlay-color":"","overlay-opacity":"","overlay-gradient":""},"tablet":{"background-color":"var(--ast-global-color-5)","background-image":"","background-repeat":"repeat","background-position":"center center","background-size":"auto","background-attachment":"scroll","background-type":"","background-media":"","overlay-type":"","overlay-color":"","overlay-opacity":"","overlay-gradient":""},"mobile":{"background-color":"var(--ast-global-color-5)","background-image":"","background-repeat":"repeat","background-position":"center center","background-size":"auto","background-attachment":"scroll","background-type":"","background-media":"","overlay-type":"","overlay-color":"","overlay-opacity":"","overlay-gradient":""}},"footnotes":""},"class_list":["post-427","page","type-page","status-publish","hentry"],"post_mailing_queue_ids":[],"_links":{"self":[{"href":"https:\/\/agora.xtec.cat\/escola-agora\/wp-json\/wp\/v2\/pages\/427","targetHints":{"allow":["GET"]}}],"collection":[{"href":"https:\/\/agora.xtec.cat\/escola-agora\/wp-json\/wp\/v2\/pages"}],"about":[{"href":"https:\/\/agora.xtec.cat\/escola-agora\/wp-json\/wp\/v2\/types\/page"}],"author":[{"embeddable":true,"href":"https:\/\/agora.xtec.cat\/escola-agora\/wp-json\/wp\/v2\/users\/1"}],"replies":[{"embeddable":true,"href":"https:\/\/agora.xtec.cat\/escola-agora\/wp-json\/wp\/v2\/comments?post=427"}],"version-history":[{"count":4,"href":"https:\/\/agora.xtec.cat\/escola-agora\/wp-json\/wp\/v2\/pages\/427\/revisions"}],"predecessor-version":[{"id":12420,"href":"https:\/\/agora.xtec.cat\/escola-agora\/wp-json\/wp\/v2\/pages\/427\/revisions\/12420"}],"up":[{"embeddable":true,"href":"https:\/\/agora.xtec.cat\/escola-agora\/wp-json\/wp\/v2\/pages\/345"}],"wp:attachment":[{"href":"https:\/\/agora.xtec.cat\/escola-agora\/wp-json\/wp\/v2\/media?parent=427"}],"curies":[{"name":"wp","href":"https:\/\/api.w.org\/{rel}","templated":true}]}}

<p>Defineixen el tractament de la llengua al centre a partir de la tipologia textual, prioritzant la seva funcionalitat i amb un plantejament metodològic que faciliti la inducció del pensament de l’alumnat per tal que sigui capaç de treure’n conclusions.</p>
<p><strong>Metodologia:</strong></p>
<p>Totes les tipologies s’han de treballar a tots els nivells (Educació Infantil i Primària)</p>
<ul>
<li>L’alumnat estarà organitzat en agrupaments més reduïts, per cicle, per donar protagonisme als alumnes i facilitar-ne el treball deductiu.</li>
<li>Els agrupaments seran variables segons la valoració que se’n faci en acabar cada tipologia textual.</li>
<li>El treball de llengua ha de recollir tres aspectes: parlar, escriure i escoltar.</li>
<li>Es farà la mateixa activitat als diferents agrupaments de cada cicle, amb diferent grau d’aprofundiment en el treball segons característiques del grup.</li>
<li>A l’àrea de castellà es treballarà igualment la mateixa tipologia textual, aprofitant el treball d’estructura del text i gramàtica (comunes) i centrant el treball en el lèxic i trets diferencials, amb un altre gènere de la tipologia treballada.</li>
</ul>

<p>Defineixen el tractament de la llengua al centre a partir de la tipologia textual, prioritzant la seva funcionalitat i amb un plantejament metodològic que faciliti la inducció del pensament de l’alumnat per tal que sigui capaç de treure’n conclusions. Metodologia: Totes les tipologies s’han de treballar a tots els nivells (Educació Infantil i Primària) L’alumnat [&hellip;]</p>
