{"id":341,"date":"2016-11-11T16:54:16","date_gmt":"2016-11-11T15:54:16","guid":{"rendered":"http:\/\/agora.xtec.cat\/escola-agora\/?page_id=341"},"modified":"2024-11-11T14:03:17","modified_gmt":"2024-11-11T13:03:17","slug":"treball-de-les-emocions","status":"publish","type":"page","link":"https:\/\/agora.xtec.cat\/escola-agora\/lescola\/com-ho-fem\/treball-de-les-emocions\/","title":{"rendered":"Treball de les emocions"},"content":{"rendered":"<p><b>PR\u00c0CTIQUES RESTAURATIVES<\/b><\/p>\n<p><span style=\"font-weight: 400;\">L&#8217;enfocament restauratiu aporta diferents estrat\u00e8gies proactives per a la millora de la conviv\u00e8ncia que faciliten la creaci\u00f3 de grup i comunitat, i estrat\u00e8gies no agressives per a la gesti\u00f3 positiva dels conflictes.<\/span><\/p>\n<p><span style=\"font-weight: 400;\">El model restauratiu cerca la responsabilitzaci\u00f3 de cadasc\u00fa pel que fa a les seves accions i les seves conseq\u00fc\u00e8ncies, i planteja la idea que tots i totes ens podem equivocar. Des d&#8217;una aproximaci\u00f3 humanista, les pr\u00e0ctiques restauratives, com la mediaci\u00f3 o els cercles, s\u00f3n processos que faciliten que una persona pugui donar resposta a la seva conducta connectant amb els propis sentiments, emocions i necessitats.\u00a0<\/span><\/p>\n<p><span style=\"font-weight: 400;\">A l\u2019escola duem a terme les seg\u00fcents pr\u00e0ctiques restauratives:<\/span><\/p>\n<ul>\n<li style=\"font-weight: 400;\" aria-level=\"1\"><b>RAC\u00d3 DE CONVIV\u00c8NCIA O DE <\/b><b style=\"font-family: inherit; font-size: 1em;\">\u201cMIRAR ENDINS\u201d: <\/b>\u00c9<span style=\"font-weight: 400;\">s un espai acollidor que hi ha a cada aula amb diferents materials.\u00a0<\/span><\/li>\n<li aria-level=\"1\"><b>COMPROMISOS I NECESSITATS: <\/b>En els moments de cercle, crearem compromisos i necessitats que e<span style=\"font-weight: 400;\">s penjaran a l\u2019aula en l\u2019espai de conviv\u00e8ncia i es revisaran cada trimestre tant en grup com individualment a trav\u00e9s de les tutories individualitzades.\u00a0<\/span><\/li>\n<li aria-level=\"1\"><b>ALFABETITZACI\u00d3 D\u2019EMOCIONS I NECESSITATS: <span style=\"font-weight: 400;\">Al llarg de l\u2019escolaritat, els nostres infants han d\u2019anar adquirint el vocabulari emocional i de necessitats per tal de recon\u00e8ixer les seves pr\u00f2pies emocions i posar-hi nom. Per desenvolupar aix\u00f2 usarem les cartes que tindran en el rac\u00f3 de conviv\u00e8ncia.<\/span><\/b><\/li>\n<li aria-level=\"1\"><b>DIN\u00c0MIQUES DE COHESI\u00d3 DE GRUP:<\/b><span style=\"font-weight: 400;\"> Tamb\u00e9 es duran a terme cercles de di\u00e0leg amb din\u00e0miques de cohesi\u00f3 de grup.\u00a0<\/span><\/li>\n<li aria-level=\"1\"><b>TUTORIES INDIVIDUALITZADES<\/b><\/li>\n<li aria-level=\"1\"><b>TEMPS DE CERCLE:\u00a0<\/b>Espais que realitzem cada dia a l&#8217;aula. S\u00f3n moments per escolar-nos, parlar i poder expressar el que sentim o necessitem.<\/li>\n<\/ul>\n<p><a href=\"https:\/\/agora.xtec.cat\/escola-agora\/wp-content\/uploads\/usu616\/2024\/11\/practiques-restauratives-logo.jpg\"><img loading=\"lazy\" decoding=\"async\" class=\"alignleft wp-image-12237 size-full\" src=\"https:\/\/agora.xtec.cat\/escola-agora\/wp-content\/uploads\/usu616\/2024\/11\/practiques-restauratives-logo.jpg\" alt=\"\" width=\"881\" height=\"626\" srcset=\"https:\/\/agora.xtec.cat\/escola-agora\/wp-content\/uploads\/usu616\/2024\/11\/practiques-restauratives-logo.jpg 881w, https:\/\/agora.xtec.cat\/escola-agora\/wp-content\/uploads\/usu616\/2024\/11\/practiques-restauratives-logo-300x213.jpg 300w, https:\/\/agora.xtec.cat\/escola-agora\/wp-content\/uploads\/usu616\/2024\/11\/practiques-restauratives-logo-768x546.jpg 768w\" sizes=\"auto, (max-width: 881px) 100vw, 881px\" \/><\/a><\/p>\n","protected":false},"excerpt":{"rendered":"<p>PR\u00c0CTIQUES RESTAURATIVES L&#8217;enfocament restauratiu aporta diferents estrat\u00e8gies proactives per a la millora de la conviv\u00e8ncia que faciliten la creaci\u00f3 de grup i comunitat, i estrat\u00e8gies no agressives per a la gesti\u00f3 positiva dels conflictes. El model restauratiu cerca la responsabilitzaci\u00f3 de cadasc\u00fa pel que fa a les seves accions i les seves conseq\u00fc\u00e8ncies, i planteja [&hellip;]<\/p>\n","protected":false},"author":1,"featured_media":0,"parent":324,"menu_order":0,"comment_status":"closed","ping_status":"closed","template":"page-templates\/side-menu.php","meta":{"_bbp_topic_count":0,"_bbp_reply_count":0,"_bbp_total_topic_count":0,"_bbp_total_reply_count":0,"_bbp_voice_count":0,"_bbp_anonymous_reply_count":0,"_bbp_topic_count_hidden":0,"_bbp_reply_count_hidden":0,"_bbp_forum_subforum_count":0,"site-sidebar-layout":"default","site-content-layout":"","ast-site-content-layout":"","site-content-style":"default","site-sidebar-style":"default","ast-global-header-display":"","ast-banner-title-visibility":"","ast-main-header-display":"","ast-hfb-above-header-display":"","ast-hfb-below-header-display":"","ast-hfb-mobile-header-display":"","site-post-title":"","ast-breadcrumbs-content":"","ast-featured-img":"","footer-sml-layout":"","theme-transparent-header-meta":"","adv-header-id-meta":"","stick-header-meta":"","header-above-stick-meta":"","header-main-stick-meta":"","header-below-stick-meta":"","astra-migrate-meta-layouts":"default","ast-page-background-enabled":"default","ast-page-background-meta":{"desktop":{"background-color":"var(--ast-global-color-4)","background-image":"","background-repeat":"repeat","background-position":"center center","background-size":"auto","background-attachment":"scroll","background-type":"","background-media":"","overlay-type":"","overlay-color":"","overlay-opacity":"","overlay-gradient":""},"tablet":{"background-color":"","background-image":"","background-repeat":"repeat","background-position":"center center","background-size":"auto","background-attachment":"scroll","background-type":"","background-media":"","overlay-type":"","overlay-color":"","overlay-opacity":"","overlay-gradient":""},"mobile":{"background-color":"","background-image":"","background-repeat":"repeat","background-position":"center center","background-size":"auto","background-attachment":"scroll","background-type":"","background-media":"","overlay-type":"","overlay-color":"","overlay-opacity":"","overlay-gradient":""}},"ast-content-background-meta":{"desktop":{"background-color":"var(--ast-global-color-5)","background-image":"","background-repeat":"repeat","background-position":"center center","background-size":"auto","background-attachment":"scroll","background-type":"","background-media":"","overlay-type":"","overlay-color":"","overlay-opacity":"","overlay-gradient":""},"tablet":{"background-color":"var(--ast-global-color-5)","background-image":"","background-repeat":"repeat","background-position":"center center","background-size":"auto","background-attachment":"scroll","background-type":"","background-media":"","overlay-type":"","overlay-color":"","overlay-opacity":"","overlay-gradient":""},"mobile":{"background-color":"var(--ast-global-color-5)","background-image":"","background-repeat":"repeat","background-position":"center center","background-size":"auto","background-attachment":"scroll","background-type":"","background-media":"","overlay-type":"","overlay-color":"","overlay-opacity":"","overlay-gradient":""}},"footnotes":""},"class_list":["post-341","page","type-page","status-publish","hentry"],"post_mailing_queue_ids":[],"_links":{"self":[{"href":"https:\/\/agora.xtec.cat\/escola-agora\/wp-json\/wp\/v2\/pages\/341","targetHints":{"allow":["GET"]}}],"collection":[{"href":"https:\/\/agora.xtec.cat\/escola-agora\/wp-json\/wp\/v2\/pages"}],"about":[{"href":"https:\/\/agora.xtec.cat\/escola-agora\/wp-json\/wp\/v2\/types\/page"}],"author":[{"embeddable":true,"href":"https:\/\/agora.xtec.cat\/escola-agora\/wp-json\/wp\/v2\/users\/1"}],"replies":[{"embeddable":true,"href":"https:\/\/agora.xtec.cat\/escola-agora\/wp-json\/wp\/v2\/comments?post=341"}],"version-history":[{"count":5,"href":"https:\/\/agora.xtec.cat\/escola-agora\/wp-json\/wp\/v2\/pages\/341\/revisions"}],"predecessor-version":[{"id":12239,"href":"https:\/\/agora.xtec.cat\/escola-agora\/wp-json\/wp\/v2\/pages\/341\/revisions\/12239"}],"up":[{"embeddable":true,"href":"https:\/\/agora.xtec.cat\/escola-agora\/wp-json\/wp\/v2\/pages\/324"}],"wp:attachment":[{"href":"https:\/\/agora.xtec.cat\/escola-agora\/wp-json\/wp\/v2\/media?parent=341"}],"curies":[{"name":"wp","href":"https:\/\/api.w.org\/{rel}","templated":true}]}}

<p><b>PRÀCTIQUES RESTAURATIVES</b></p>
<p><span style="font-weight: 400;">L&#8217;enfocament restauratiu aporta diferents estratègies proactives per a la millora de la convivència que faciliten la creació de grup i comunitat, i estratègies no agressives per a la gestió positiva dels conflictes.</span></p>
<p><span style="font-weight: 400;">El model restauratiu cerca la responsabilització de cadascú pel que fa a les seves accions i les seves conseqüències, i planteja la idea que tots i totes ens podem equivocar. Des d&#8217;una aproximació humanista, les pràctiques restauratives, com la mediació o els cercles, són processos que faciliten que una persona pugui donar resposta a la seva conducta connectant amb els propis sentiments, emocions i necessitats. </span></p>
<p><span style="font-weight: 400;">A l’escola duem a terme les següents pràctiques restauratives:</span></p>
<ul>
<li style="font-weight: 400;" aria-level="1"><b>RACÓ DE CONVIVÈNCIA O DE </b><b style="font-family: inherit; font-size: 1em;">“MIRAR ENDINS”: </b>É<span style="font-weight: 400;">s un espai acollidor que hi ha a cada aula amb diferents materials. </span></li>
<li aria-level="1"><b>COMPROMISOS I NECESSITATS: </b>En els moments de cercle, crearem compromisos i necessitats que e<span style="font-weight: 400;">s penjaran a l’aula en l’espai de convivència i es revisaran cada trimestre tant en grup com individualment a través de les tutories individualitzades. </span></li>
<li aria-level="1"><b>ALFABETITZACIÓ D’EMOCIONS I NECESSITATS: <span style="font-weight: 400;">Al llarg de l’escolaritat, els nostres infants han d’anar adquirint el vocabulari emocional i de necessitats per tal de reconèixer les seves pròpies emocions i posar-hi nom. Per desenvolupar això usarem les cartes que tindran en el racó de convivència.</span></b></li>
<li aria-level="1"><b>DINÀMIQUES DE COHESIÓ DE GRUP:</b><span style="font-weight: 400;"> També es duran a terme cercles de diàleg amb dinàmiques de cohesió de grup. </span></li>
<li aria-level="1"><b>TUTORIES INDIVIDUALITZADES</b></li>
<li aria-level="1"><b>TEMPS DE CERCLE: </b>Espais que realitzem cada dia a l&#8217;aula. Són moments per escolar-nos, parlar i poder expressar el que sentim o necessitem.</li>
</ul>
<p><a href="https://agora.xtec.cat/escola-agora/wp-content/uploads/usu616/2024/11/practiques-restauratives-logo.jpg"><img loading="lazy" decoding="async" class="alignleft wp-image-12237 size-full" src="https://agora.xtec.cat/escola-agora/wp-content/uploads/usu616/2024/11/practiques-restauratives-logo.jpg" alt="" width="881" height="626" srcset="https://agora.xtec.cat/escola-agora/wp-content/uploads/usu616/2024/11/practiques-restauratives-logo.jpg 881w, https://agora.xtec.cat/escola-agora/wp-content/uploads/usu616/2024/11/practiques-restauratives-logo-300x213.jpg 300w, https://agora.xtec.cat/escola-agora/wp-content/uploads/usu616/2024/11/practiques-restauratives-logo-768x546.jpg 768w" sizes="auto, (max-width: 881px) 100vw, 881px" /></a></p>

<p>PRÀCTIQUES RESTAURATIVES L&#8217;enfocament restauratiu aporta diferents estratègies proactives per a la millora de la convivència que faciliten la creació de grup i comunitat, i estratègies no agressives per a la gestió positiva dels conflictes. El model restauratiu cerca la responsabilització de cadascú pel que fa a les seves accions i les seves conseqüències, i planteja [&hellip;]</p>
