{"id":339,"date":"2016-11-11T16:53:54","date_gmt":"2016-11-11T15:53:54","guid":{"rendered":"http:\/\/agora.xtec.cat\/escola-agora\/?page_id=339"},"modified":"2025-01-12T22:55:51","modified_gmt":"2025-01-12T21:55:51","slug":"programa-ja-nedo","status":"publish","type":"page","link":"https:\/\/agora.xtec.cat\/escola-agora\/lescola\/que-fem\/programa-ja-nedo\/","title":{"rendered":"Programa &#8220;Ja Nedo&#8221;"},"content":{"rendered":"<p>Participem en el programa &#8220;Ja Nedo&#8221; a 1r i 6\u00e8 de prim\u00e0ria, dins del projecte<a href=\"http:\/\/www.bcn.cat\/lesportensfamesgrans\/ca\/programes.html\" target=\"_blank\" rel=\"noopener noreferrer\">\u00a0<u>Educar en l\u2019esport de l\u2019Ajuntament de Barcelona<\/u>.<\/a>\u00a0El programa pret\u00e9n assegurar que l\u2019alumnat finalitzi l\u2019educaci\u00f3 Prim\u00e0ria havent adquirit els coneixements b\u00e0sics de nataci\u00f3.\u00a0L\u2019activitat est\u00e0 inclosa dins de l\u2019\u00e0rea d\u2019Educaci\u00f3 F\u00edsica i permet als alumnes experimentar noves possibilitats motrius per assolir els primers despla\u00e7aments aut\u00f2noms en el medi aqu\u00e0tic.<\/p>\n<p><strong>Qu\u00e8 cal portar?<\/strong><\/p>\n<ul>\n<li>Banyador<\/li>\n<li>Tovallola<\/li>\n<li>Casquet de bany<\/li>\n<li>Ulleres de piscina\u00a0(opcional).<\/li>\n<li>Xancletes.<\/li>\n<li>Roba interior<\/li>\n<li>Pinta o raspall<\/li>\n<li>Bossa de pl\u00e0stic: per guardar la roba mullada.<\/li>\n<\/ul>\n<p>\u00c9s important que els mateixos infants es preparin la motxilla, amb una supervisi\u00f3 d\u2019algun adult. D\u2019aquesta manera saben quines coses porten i com ho hauran de guardar a la motxilla.<\/p>\n","protected":false},"excerpt":{"rendered":"<p>Participem en el programa &#8220;Ja Nedo&#8221; a 1r i 6\u00e8 de prim\u00e0ria, dins del projecte\u00a0Educar en l\u2019esport de l\u2019Ajuntament de Barcelona.\u00a0El programa pret\u00e9n assegurar que l\u2019alumnat finalitzi l\u2019educaci\u00f3 Prim\u00e0ria havent adquirit els coneixements b\u00e0sics de nataci\u00f3.\u00a0L\u2019activitat est\u00e0 inclosa dins de l\u2019\u00e0rea d\u2019Educaci\u00f3 F\u00edsica i permet als alumnes experimentar noves possibilitats motrius per assolir els primers [&hellip;]<\/p>\n","protected":false},"author":1,"featured_media":0,"parent":327,"menu_order":0,"comment_status":"closed","ping_status":"closed","template":"page-templates\/side-menu.php","meta":{"_bbp_topic_count":0,"_bbp_reply_count":0,"_bbp_total_topic_count":0,"_bbp_total_reply_count":0,"_bbp_voice_count":0,"_bbp_anonymous_reply_count":0,"_bbp_topic_count_hidden":0,"_bbp_reply_count_hidden":0,"_bbp_forum_subforum_count":0,"site-sidebar-layout":"default","site-content-layout":"","ast-site-content-layout":"","site-content-style":"default","site-sidebar-style":"default","ast-global-header-display":"","ast-banner-title-visibility":"","ast-main-header-display":"","ast-hfb-above-header-display":"","ast-hfb-below-header-display":"","ast-hfb-mobile-header-display":"","site-post-title":"","ast-breadcrumbs-content":"","ast-featured-img":"","footer-sml-layout":"","theme-transparent-header-meta":"","adv-header-id-meta":"","stick-header-meta":"","header-above-stick-meta":"","header-main-stick-meta":"","header-below-stick-meta":"","astra-migrate-meta-layouts":"default","ast-page-background-enabled":"default","ast-page-background-meta":{"desktop":{"background-color":"var(--ast-global-color-4)","background-image":"","background-repeat":"repeat","background-position":"center center","background-size":"auto","background-attachment":"scroll","background-type":"","background-media":"","overlay-type":"","overlay-color":"","overlay-opacity":"","overlay-gradient":""},"tablet":{"background-color":"","background-image":"","background-repeat":"repeat","background-position":"center center","background-size":"auto","background-attachment":"scroll","background-type":"","background-media":"","overlay-type":"","overlay-color":"","overlay-opacity":"","overlay-gradient":""},"mobile":{"background-color":"","background-image":"","background-repeat":"repeat","background-position":"center center","background-size":"auto","background-attachment":"scroll","background-type":"","background-media":"","overlay-type":"","overlay-color":"","overlay-opacity":"","overlay-gradient":""}},"ast-content-background-meta":{"desktop":{"background-color":"var(--ast-global-color-5)","background-image":"","background-repeat":"repeat","background-position":"center center","background-size":"auto","background-attachment":"scroll","background-type":"","background-media":"","overlay-type":"","overlay-color":"","overlay-opacity":"","overlay-gradient":""},"tablet":{"background-color":"var(--ast-global-color-5)","background-image":"","background-repeat":"repeat","background-position":"center center","background-size":"auto","background-attachment":"scroll","background-type":"","background-media":"","overlay-type":"","overlay-color":"","overlay-opacity":"","overlay-gradient":""},"mobile":{"background-color":"var(--ast-global-color-5)","background-image":"","background-repeat":"repeat","background-position":"center center","background-size":"auto","background-attachment":"scroll","background-type":"","background-media":"","overlay-type":"","overlay-color":"","overlay-opacity":"","overlay-gradient":""}},"footnotes":""},"class_list":["post-339","page","type-page","status-publish","hentry"],"post_mailing_queue_ids":[],"_links":{"self":[{"href":"https:\/\/agora.xtec.cat\/escola-agora\/wp-json\/wp\/v2\/pages\/339","targetHints":{"allow":["GET"]}}],"collection":[{"href":"https:\/\/agora.xtec.cat\/escola-agora\/wp-json\/wp\/v2\/pages"}],"about":[{"href":"https:\/\/agora.xtec.cat\/escola-agora\/wp-json\/wp\/v2\/types\/page"}],"author":[{"embeddable":true,"href":"https:\/\/agora.xtec.cat\/escola-agora\/wp-json\/wp\/v2\/users\/1"}],"replies":[{"embeddable":true,"href":"https:\/\/agora.xtec.cat\/escola-agora\/wp-json\/wp\/v2\/comments?post=339"}],"version-history":[{"count":3,"href":"https:\/\/agora.xtec.cat\/escola-agora\/wp-json\/wp\/v2\/pages\/339\/revisions"}],"predecessor-version":[{"id":12429,"href":"https:\/\/agora.xtec.cat\/escola-agora\/wp-json\/wp\/v2\/pages\/339\/revisions\/12429"}],"up":[{"embeddable":true,"href":"https:\/\/agora.xtec.cat\/escola-agora\/wp-json\/wp\/v2\/pages\/327"}],"wp:attachment":[{"href":"https:\/\/agora.xtec.cat\/escola-agora\/wp-json\/wp\/v2\/media?parent=339"}],"curies":[{"name":"wp","href":"https:\/\/api.w.org\/{rel}","templated":true}]}}

<p>Participem en el programa &#8220;Ja Nedo&#8221; a 1r i 6è de primària, dins del projecte<a href="http://www.bcn.cat/lesportensfamesgrans/ca/programes.html" target="_blank" rel="noopener noreferrer"> <u>Educar en l’esport de l’Ajuntament de Barcelona</u>.</a> El programa pretén assegurar que l’alumnat finalitzi l’educació Primària havent adquirit els coneixements bàsics de natació. L’activitat està inclosa dins de l’àrea d’Educació Física i permet als alumnes experimentar noves possibilitats motrius per assolir els primers desplaçaments autònoms en el medi aquàtic.</p>
<p><strong>Què cal portar?</strong></p>
<ul>
<li>Banyador</li>
<li>Tovallola</li>
<li>Casquet de bany</li>
<li>Ulleres de piscina (opcional).</li>
<li>Xancletes.</li>
<li>Roba interior</li>
<li>Pinta o raspall</li>
<li>Bossa de plàstic: per guardar la roba mullada.</li>
</ul>
<p>És important que els mateixos infants es preparin la motxilla, amb una supervisió d’algun adult. D’aquesta manera saben quines coses porten i com ho hauran de guardar a la motxilla.</p>

<p>Participem en el programa &#8220;Ja Nedo&#8221; a 1r i 6è de primària, dins del projecte Educar en l’esport de l’Ajuntament de Barcelona. El programa pretén assegurar que l’alumnat finalitzi l’educació Primària havent adquirit els coneixements bàsics de natació. L’activitat està inclosa dins de l’àrea d’Educació Física i permet als alumnes experimentar noves possibilitats motrius per assolir els primers [&hellip;]</p>
