{"id":22,"date":"2014-09-18T12:19:57","date_gmt":"2014-09-18T11:19:57","guid":{"rendered":"http:\/\/agora.xtec.cat\/escola-agora\/?page_id=22"},"modified":"2017-02-24T09:46:29","modified_gmt":"2017-02-24T08:46:29","slug":"lescola","status":"publish","type":"page","link":"https:\/\/agora.xtec.cat\/escola-agora\/lescola\/","title":{"rendered":"L&#8217;escola"},"content":{"rendered":"<ul>\n<li><a href=\"http:\/\/agora.xtec.cat\/escola-agora\/lescola\/qui-som\/\">Qui som?<\/a><\/li>\n<li><a href=\"http:\/\/agora.xtec.cat\/escola-agora\/lescola\/com-ho-fem\/\">Com ho fem?<\/a><\/li>\n<li><a href=\"http:\/\/agora.xtec.cat\/escola-agora\/lescola\/que-fem\/\">Qu\u00e8 fem?<\/a><\/li>\n<li><a href=\"http:\/\/agora.xtec.cat\/escola-agora\/lescola\/missio-visio-i-valors\/\">Missi\u00f3, visi\u00f3 i valors<\/a><\/li>\n<li><a href=\"http:\/\/agora.xtec.cat\/escola-agora\/lescola\/organitzacio-i-funcionament\/\">Organitzaci\u00f3 i funcionament<\/a><\/li>\n<li><a href=\"http:\/\/agora.xtec.cat\/escola-agora\/lescola\/pla-de-convivencia\/\">Pla de conviv\u00e8ncia<\/a><\/li>\n<li><a href=\"http:\/\/agora.xtec.cat\/escola-agora\/lescola\/estrategies-pedagogiques\/\">Estrat\u00e8gies pedag\u00f2giques<\/a><\/li>\n<li><a href=\"http:\/\/agora.xtec.cat\/escola-agora\/lescola\/projectes-del-centre\/\">Projectes\u00a0del centre<\/a><\/li>\n<li><a href=\"http:\/\/www.xtec.cat\/escola-agora\/Imagenes\/CARTA%20DE%20COMPROM%CDS%20EDUCATIU%20AGORANova.pdf\" target=\"_blank\">Carta de comprom\u00eds<\/a><\/li>\n<li><a href=\"http:\/\/agora.xtec.cat\/escola-agora\/lescola\/les-families-al-centre\/\">Les fam\u00edlies al centre<\/a><\/li>\n<li><a href=\"http:\/\/agora.xtec.cat\/escola-agora\/lescola\/horari\/\">Horari<\/a><\/li>\n<li><a href=\"http:\/\/agora.xtec.cat\/escola-agora\/lescola\/on-som\/\">On som?<\/a><\/li>\n<li><a href=\"http:\/\/agora.xtec.cat\/escola-agora\/lescola\/historia\/\">Hist\u00f2ria<\/a><\/li>\n<li><a href=\"http:\/\/agora.xtec.cat\/escola-agora\/lescola\/instal\u00b7lacions\/\">Instal\u00b7lacions<\/a><\/li>\n<\/ul>\n","protected":false},"excerpt":{"rendered":"<p>Qui som? Com ho fem? Qu\u00e8 fem? Missi\u00f3, visi\u00f3 i valors Organitzaci\u00f3 i funcionament Pla de conviv\u00e8ncia Estrat\u00e8gies pedag\u00f2giques Projectes\u00a0del centre Carta de comprom\u00eds Les fam\u00edlies al centre Horari On som? Hist\u00f2ria Instal\u00b7lacions<\/p>\n","protected":false},"author":1,"featured_media":0,"parent":0,"menu_order":0,"comment_status":"closed","ping_status":"closed","template":"page-templates\/side-menu.php","meta":{"_bbp_topic_count":0,"_bbp_reply_count":0,"_bbp_total_topic_count":0,"_bbp_total_reply_count":0,"_bbp_voice_count":0,"_bbp_anonymous_reply_count":0,"_bbp_topic_count_hidden":0,"_bbp_reply_count_hidden":0,"_bbp_forum_subforum_count":0,"site-sidebar-layout":"default","site-content-layout":"","ast-site-content-layout":"","site-content-style":"default","site-sidebar-style":"default","ast-global-header-display":"","ast-banner-title-visibility":"","ast-main-header-display":"","ast-hfb-above-header-display":"","ast-hfb-below-header-display":"","ast-hfb-mobile-header-display":"","site-post-title":"","ast-breadcrumbs-content":"","ast-featured-img":"","footer-sml-layout":"","theme-transparent-header-meta":"","adv-header-id-meta":"","stick-header-meta":"","header-above-stick-meta":"","header-main-stick-meta":"","header-below-stick-meta":"","astra-migrate-meta-layouts":"default","ast-page-background-enabled":"default","ast-page-background-meta":{"desktop":{"background-color":"var(--ast-global-color-4)","background-image":"","background-repeat":"repeat","background-position":"center center","background-size":"auto","background-attachment":"scroll","background-type":"","background-media":"","overlay-type":"","overlay-color":"","overlay-opacity":"","overlay-gradient":""},"tablet":{"background-color":"","background-image":"","background-repeat":"repeat","background-position":"center center","background-size":"auto","background-attachment":"scroll","background-type":"","background-media":"","overlay-type":"","overlay-color":"","overlay-opacity":"","overlay-gradient":""},"mobile":{"background-color":"","background-image":"","background-repeat":"repeat","background-position":"center center","background-size":"auto","background-attachment":"scroll","background-type":"","background-media":"","overlay-type":"","overlay-color":"","overlay-opacity":"","overlay-gradient":""}},"ast-content-background-meta":{"desktop":{"background-color":"var(--ast-global-color-5)","background-image":"","background-repeat":"repeat","background-position":"center center","background-size":"auto","background-attachment":"scroll","background-type":"","background-media":"","overlay-type":"","overlay-color":"","overlay-opacity":"","overlay-gradient":""},"tablet":{"background-color":"var(--ast-global-color-5)","background-image":"","background-repeat":"repeat","background-position":"center center","background-size":"auto","background-attachment":"scroll","background-type":"","background-media":"","overlay-type":"","overlay-color":"","overlay-opacity":"","overlay-gradient":""},"mobile":{"background-color":"var(--ast-global-color-5)","background-image":"","background-repeat":"repeat","background-position":"center center","background-size":"auto","background-attachment":"scroll","background-type":"","background-media":"","overlay-type":"","overlay-color":"","overlay-opacity":"","overlay-gradient":""}},"footnotes":""},"class_list":["post-22","page","type-page","status-publish","hentry"],"post_mailing_queue_ids":[],"_links":{"self":[{"href":"https:\/\/agora.xtec.cat\/escola-agora\/wp-json\/wp\/v2\/pages\/22","targetHints":{"allow":["GET"]}}],"collection":[{"href":"https:\/\/agora.xtec.cat\/escola-agora\/wp-json\/wp\/v2\/pages"}],"about":[{"href":"https:\/\/agora.xtec.cat\/escola-agora\/wp-json\/wp\/v2\/types\/page"}],"author":[{"embeddable":true,"href":"https:\/\/agora.xtec.cat\/escola-agora\/wp-json\/wp\/v2\/users\/1"}],"replies":[{"embeddable":true,"href":"https:\/\/agora.xtec.cat\/escola-agora\/wp-json\/wp\/v2\/comments?post=22"}],"version-history":[{"count":3,"href":"https:\/\/agora.xtec.cat\/escola-agora\/wp-json\/wp\/v2\/pages\/22\/revisions"}],"predecessor-version":[{"id":653,"href":"https:\/\/agora.xtec.cat\/escola-agora\/wp-json\/wp\/v2\/pages\/22\/revisions\/653"}],"wp:attachment":[{"href":"https:\/\/agora.xtec.cat\/escola-agora\/wp-json\/wp\/v2\/media?parent=22"}],"curies":[{"name":"wp","href":"https:\/\/api.w.org\/{rel}","templated":true}]}}