{"id":13133,"date":"2026-04-19T22:50:59","date_gmt":"2026-04-19T20:50:59","guid":{"rendered":"https:\/\/agora.xtec.cat\/escola-agora\/?page_id=13133"},"modified":"2026-04-19T22:50:59","modified_gmt":"2026-04-19T20:50:59","slug":"7-canco-de-la-guineueta","status":"publish","type":"page","link":"https:\/\/agora.xtec.cat\/escola-agora\/cantata-la-cua-de-la-guineueta\/7-canco-de-la-guineueta\/","title":{"rendered":"7. Can\u00e7\u00f3 de la Guineueta"},"content":{"rendered":"<p><a href=\"https:\/\/drive.google.com\/file\/d\/1x8nrB7RsoCeWsntxBKPdtGRqdkZQI6nn\/view?usp=sharing\">7. Can\u00e7\u00f3 de la Guineueta<\/a><br \/>\n<a href=\"https:\/\/drive.google.com\/file\/d\/1x8nrB7RsoCeWsntxBKPdtGRqdkZQI6nn\/view?usp=sharing\"><img loading=\"lazy\" decoding=\"async\" class=\"wp-image-13132 alignnone\" src=\"https:\/\/agora.xtec.cat\/escola-agora\/wp-content\/uploads\/usu616\/2026\/04\/1-fa-molts-anys-1-1024x572.png\" alt=\"\" width=\"632\" height=\"353\" srcset=\"https:\/\/agora.xtec.cat\/escola-agora\/wp-content\/uploads\/usu616\/2026\/04\/1-fa-molts-anys-1-1024x572.png 1024w, https:\/\/agora.xtec.cat\/escola-agora\/wp-content\/uploads\/usu616\/2026\/04\/1-fa-molts-anys-1-300x167.png 300w, https:\/\/agora.xtec.cat\/escola-agora\/wp-content\/uploads\/usu616\/2026\/04\/1-fa-molts-anys-1-768x429.png 768w, https:\/\/agora.xtec.cat\/escola-agora\/wp-content\/uploads\/usu616\/2026\/04\/1-fa-molts-anys-1.png 1376w\" sizes=\"auto, (max-width: 632px) 100vw, 632px\" \/><\/a><\/p>\n<p><a href=\"https:\/\/drive.google.com\/file\/d\/1WNu8cbUkuUcjVrcEg8Gw8KcHfsKFxby6\/view?usp=sharing\">Instrumental<\/a><br \/>\n<strong>7. CAN\u00c7\u00d3 DE LA GUINEUETA<\/strong><\/p>\n<p>Fa molts anys \u201cqu\u2019el\u201d ca\u00e7ador<br \/>\nt\u00e9 la d\u00e8ria d\u2019empaitar-me.<br \/>\nEl que vol \u00e9s enxampar-me<br \/>\nposant trampes a pertot:<br \/>\nparanys per ca\u00e7ar llops,<br \/>\nesquers enverinats,<br \/>\ncadenes i enreixats<br \/>\ni cicuta en un xarop.<\/p>\n<p>Lla\u00e7ades de cordills,<br \/>\narpons ben afilats,<br \/>\ngarjoles per conills,<br \/>\ni enginys ben camuflats.<\/p>\n<p>Com que s\u00e9 on les situa<br \/>\nperqu\u00e8 en Bub abans m\u2019avisa,<br \/>\nfaig servir una falsa cua<br \/>\nque serveix de falsa pista.<\/p>\n<p>Jo m\u2019escapo sigil\u00b7losa,<br \/>\nmolt contenta i orgullosa<br \/>\nd\u2019enganyar al ca\u00e7ador<br \/>\nde manera tan galdosa.<\/p>\n","protected":false},"excerpt":{"rendered":"<p>7. Can\u00e7\u00f3 de la Guineueta Instrumental 7. CAN\u00c7\u00d3 DE LA GUINEUETA Fa molts anys \u201cqu\u2019el\u201d ca\u00e7ador t\u00e9 la d\u00e8ria d\u2019empaitar-me. El que vol \u00e9s enxampar-me posant trampes a pertot: paranys per ca\u00e7ar llops, esquers enverinats, cadenes i enreixats i cicuta en un xarop. Lla\u00e7ades de cordills, arpons ben afilats, garjoles per conills, i enginys ben [&hellip;]<\/p>\n","protected":false},"author":1,"featured_media":0,"parent":12998,"menu_order":7,"comment_status":"closed","ping_status":"closed","template":"","meta":{"_bbp_topic_count":0,"_bbp_reply_count":0,"_bbp_total_topic_count":0,"_bbp_total_reply_count":0,"_bbp_voice_count":0,"_bbp_anonymous_reply_count":0,"_bbp_topic_count_hidden":0,"_bbp_reply_count_hidden":0,"_bbp_forum_subforum_count":0,"site-sidebar-layout":"default","site-content-layout":"","ast-site-content-layout":"default","site-content-style":"default","site-sidebar-style":"default","ast-global-header-display":"","ast-banner-title-visibility":"","ast-main-header-display":"","ast-hfb-above-header-display":"","ast-hfb-below-header-display":"","ast-hfb-mobile-header-display":"","site-post-title":"","ast-breadcrumbs-content":"","ast-featured-img":"","footer-sml-layout":"","theme-transparent-header-meta":"default","adv-header-id-meta":"","stick-header-meta":"","header-above-stick-meta":"","header-main-stick-meta":"","header-below-stick-meta":"","astra-migrate-meta-layouts":"set","ast-page-background-enabled":"default","ast-page-background-meta":{"desktop":{"background-color":"var(--ast-global-color-4)","background-image":"","background-repeat":"repeat","background-position":"center center","background-size":"auto","background-attachment":"scroll","background-type":"","background-media":"","overlay-type":"","overlay-color":"","overlay-opacity":"","overlay-gradient":""},"tablet":{"background-color":"","background-image":"","background-repeat":"repeat","background-position":"center center","background-size":"auto","background-attachment":"scroll","background-type":"","background-media":"","overlay-type":"","overlay-color":"","overlay-opacity":"","overlay-gradient":""},"mobile":{"background-color":"","background-image":"","background-repeat":"repeat","background-position":"center center","background-size":"auto","background-attachment":"scroll","background-type":"","background-media":"","overlay-type":"","overlay-color":"","overlay-opacity":"","overlay-gradient":""}},"ast-content-background-meta":{"desktop":{"background-color":"var(--ast-global-color-5)","background-image":"","background-repeat":"repeat","background-position":"center center","background-size":"auto","background-attachment":"scroll","background-type":"","background-media":"","overlay-type":"","overlay-color":"","overlay-opacity":"","overlay-gradient":""},"tablet":{"background-color":"var(--ast-global-color-5)","background-image":"","background-repeat":"repeat","background-position":"center center","background-size":"auto","background-attachment":"scroll","background-type":"","background-media":"","overlay-type":"","overlay-color":"","overlay-opacity":"","overlay-gradient":""},"mobile":{"background-color":"var(--ast-global-color-5)","background-image":"","background-repeat":"repeat","background-position":"center center","background-size":"auto","background-attachment":"scroll","background-type":"","background-media":"","overlay-type":"","overlay-color":"","overlay-opacity":"","overlay-gradient":""}},"footnotes":""},"class_list":["post-13133","page","type-page","status-publish","hentry"],"post_mailing_queue_ids":[],"_links":{"self":[{"href":"https:\/\/agora.xtec.cat\/escola-agora\/wp-json\/wp\/v2\/pages\/13133","targetHints":{"allow":["GET"]}}],"collection":[{"href":"https:\/\/agora.xtec.cat\/escola-agora\/wp-json\/wp\/v2\/pages"}],"about":[{"href":"https:\/\/agora.xtec.cat\/escola-agora\/wp-json\/wp\/v2\/types\/page"}],"author":[{"embeddable":true,"href":"https:\/\/agora.xtec.cat\/escola-agora\/wp-json\/wp\/v2\/users\/1"}],"replies":[{"embeddable":true,"href":"https:\/\/agora.xtec.cat\/escola-agora\/wp-json\/wp\/v2\/comments?post=13133"}],"version-history":[{"count":1,"href":"https:\/\/agora.xtec.cat\/escola-agora\/wp-json\/wp\/v2\/pages\/13133\/revisions"}],"predecessor-version":[{"id":13134,"href":"https:\/\/agora.xtec.cat\/escola-agora\/wp-json\/wp\/v2\/pages\/13133\/revisions\/13134"}],"up":[{"embeddable":true,"href":"https:\/\/agora.xtec.cat\/escola-agora\/wp-json\/wp\/v2\/pages\/12998"}],"wp:attachment":[{"href":"https:\/\/agora.xtec.cat\/escola-agora\/wp-json\/wp\/v2\/media?parent=13133"}],"curies":[{"name":"wp","href":"https:\/\/api.w.org\/{rel}","templated":true}]}}