{"id":18894,"date":"2025-02-24T05:27:21","date_gmt":"2025-02-24T04:27:21","guid":{"rendered":"https:\/\/agora.xtec.cat\/escola-abelferrater\/?page_id=18894"},"modified":"2025-02-28T06:57:37","modified_gmt":"2025-02-28T05:57:37","slug":"ens-ve-a-coneixer","status":"publish","type":"page","link":"https:\/\/agora.xtec.cat\/escola-abelferrater\/som-europa\/ens-ve-a-coneixer\/","title":{"rendered":"Ens ve a con\u00e8ixer&#8230;"},"content":{"rendered":"<h2>From Slovenia&#8230; ens ve a con\u00e8ixer la Maja i l&#8217;Urska (oct 2024)<\/h2>\n<p><img loading=\"lazy\" decoding=\"async\" class=\"aligncenter size-full wp-image-18968\" src=\"https:\/\/agora.xtec.cat\/escola-abelferrater\/wp-content\/uploads\/usu1450\/2025\/02\/Captura-de-pantalla-2025-02-28-a-les-6.25.04.png\" alt=\"\" width=\"743\" height=\"558\" srcset=\"https:\/\/agora.xtec.cat\/escola-abelferrater\/wp-content\/uploads\/usu1450\/2025\/02\/Captura-de-pantalla-2025-02-28-a-les-6.25.04.png 743w, https:\/\/agora.xtec.cat\/escola-abelferrater\/wp-content\/uploads\/usu1450\/2025\/02\/Captura-de-pantalla-2025-02-28-a-les-6.25.04-300x225.png 300w, https:\/\/agora.xtec.cat\/escola-abelferrater\/wp-content\/uploads\/usu1450\/2025\/02\/Captura-de-pantalla-2025-02-28-a-les-6.25.04-200x150.png 200w\" sizes=\"auto, (max-width: 743px) 100vw, 743px\" \/><\/p>\n<p>L&#8217;Urska i la Maja viuen a Lasko, Eslov\u00e8nia. Fa unes mesos van contactar amb l&#8217;escola i ens van explicar que estaven fent un projecte Erasmus i que els agradaria poder venir a observar com treballem diversos aspectes.<\/p>\n<p>&nbsp;<\/p>\n<h2 style=\"text-align: justify;\">From Slovenia&#8230; ens ve a con\u00e8ixer la Tjasa i les seves companyes (mar\u00e7 2022)<\/h2>\n<p><img loading=\"lazy\" decoding=\"async\" class=\"aligncenter wp-image-18976 size-full\" src=\"https:\/\/agora.xtec.cat\/escola-abelferrater\/wp-content\/uploads\/usu1450\/2025\/02\/Captura-de-pantalla-2025-02-28-a-les-6.38.52.png\" alt=\"\" width=\"222\" height=\"273\" \/><\/p>\n<p>El mar\u00e7 de 2022 arriben les mestres eslovenes. Elles estan en un projecte Erasmus i han escollit la nostra escola per tal de fer observaci\u00f3 de com treballem.<\/p>\n<p>L&#8217;alumnat de 3r els fa un school tour i l&#8217;alumnat de 6\u00e8 un village tour.<\/p>\n<p>Es van organitzar petits tallers de parla per aprendre sobre el seu pa\u00eds i tamb\u00e9 aprofitar per parlar en angl\u00e8s, una ocaci\u00f3 com n&#8217;hi ha poques, en un entorn signifcatiu.<\/p>\n<p><img loading=\"lazy\" decoding=\"async\" class=\"aligncenter size-full wp-image-18981\" src=\"https:\/\/agora.xtec.cat\/escola-abelferrater\/wp-content\/uploads\/usu1450\/2025\/02\/Captura-de-pantalla-2025-02-28-a-les-6.56.06.png\" alt=\"\" width=\"937\" height=\"481\" srcset=\"https:\/\/agora.xtec.cat\/escola-abelferrater\/wp-content\/uploads\/usu1450\/2025\/02\/Captura-de-pantalla-2025-02-28-a-les-6.56.06.png 937w, https:\/\/agora.xtec.cat\/escola-abelferrater\/wp-content\/uploads\/usu1450\/2025\/02\/Captura-de-pantalla-2025-02-28-a-les-6.56.06-300x154.png 300w, https:\/\/agora.xtec.cat\/escola-abelferrater\/wp-content\/uploads\/usu1450\/2025\/02\/Captura-de-pantalla-2025-02-28-a-les-6.56.06-768x394.png 768w\" sizes=\"auto, (max-width: 937px) 100vw, 937px\" \/> <img loading=\"lazy\" decoding=\"async\" class=\"aligncenter size-full wp-image-18982\" src=\"https:\/\/agora.xtec.cat\/escola-abelferrater\/wp-content\/uploads\/usu1450\/2025\/02\/Captura-de-pantalla-2025-02-28-a-les-6.56.18.png\" alt=\"\" width=\"936\" height=\"441\" srcset=\"https:\/\/agora.xtec.cat\/escola-abelferrater\/wp-content\/uploads\/usu1450\/2025\/02\/Captura-de-pantalla-2025-02-28-a-les-6.56.18.png 936w, https:\/\/agora.xtec.cat\/escola-abelferrater\/wp-content\/uploads\/usu1450\/2025\/02\/Captura-de-pantalla-2025-02-28-a-les-6.56.18-300x141.png 300w, https:\/\/agora.xtec.cat\/escola-abelferrater\/wp-content\/uploads\/usu1450\/2025\/02\/Captura-de-pantalla-2025-02-28-a-les-6.56.18-768x362.png 768w\" sizes=\"auto, (max-width: 936px) 100vw, 936px\" \/><\/p>\n<p><img loading=\"lazy\" decoding=\"async\" class=\"aligncenter size-full wp-image-18980\" src=\"https:\/\/agora.xtec.cat\/escola-abelferrater\/wp-content\/uploads\/usu1450\/2025\/02\/Captura-de-pantalla-2025-02-28-a-les-6.54.00.png\" alt=\"\" width=\"933\" height=\"695\" srcset=\"https:\/\/agora.xtec.cat\/escola-abelferrater\/wp-content\/uploads\/usu1450\/2025\/02\/Captura-de-pantalla-2025-02-28-a-les-6.54.00.png 933w, https:\/\/agora.xtec.cat\/escola-abelferrater\/wp-content\/uploads\/usu1450\/2025\/02\/Captura-de-pantalla-2025-02-28-a-les-6.54.00-300x223.png 300w, https:\/\/agora.xtec.cat\/escola-abelferrater\/wp-content\/uploads\/usu1450\/2025\/02\/Captura-de-pantalla-2025-02-28-a-les-6.54.00-768x572.png 768w, https:\/\/agora.xtec.cat\/escola-abelferrater\/wp-content\/uploads\/usu1450\/2025\/02\/Captura-de-pantalla-2025-02-28-a-les-6.54.00-200x150.png 200w\" sizes=\"auto, (max-width: 933px) 100vw, 933px\" \/><\/p>\n<p>Despr\u00e9s de con\u00e8ixer l&#8217;escola i el poble, organitzem una sortida per Reus i Tarragona, ciutats amb un b\u00e9 cultural important.<\/p>\n<p><img loading=\"lazy\" decoding=\"async\" class=\"aligncenter size-full wp-image-18977\" src=\"https:\/\/agora.xtec.cat\/escola-abelferrater\/wp-content\/uploads\/usu1450\/2025\/02\/Captura-de-pantalla-2025-02-28-a-les-6.53.05.png\" alt=\"\" width=\"938\" height=\"690\" srcset=\"https:\/\/agora.xtec.cat\/escola-abelferrater\/wp-content\/uploads\/usu1450\/2025\/02\/Captura-de-pantalla-2025-02-28-a-les-6.53.05.png 938w, https:\/\/agora.xtec.cat\/escola-abelferrater\/wp-content\/uploads\/usu1450\/2025\/02\/Captura-de-pantalla-2025-02-28-a-les-6.53.05-300x221.png 300w, https:\/\/agora.xtec.cat\/escola-abelferrater\/wp-content\/uploads\/usu1450\/2025\/02\/Captura-de-pantalla-2025-02-28-a-les-6.53.05-768x565.png 768w\" sizes=\"auto, (max-width: 938px) 100vw, 938px\" \/><\/p>\n<p><img loading=\"lazy\" decoding=\"async\" class=\"aligncenter size-full wp-image-18983\" src=\"https:\/\/agora.xtec.cat\/escola-abelferrater\/wp-content\/uploads\/usu1450\/2025\/02\/Captura-de-pantalla-2025-02-28-a-les-6.54.10.png\" alt=\"\" width=\"938\" height=\"543\" srcset=\"https:\/\/agora.xtec.cat\/escola-abelferrater\/wp-content\/uploads\/usu1450\/2025\/02\/Captura-de-pantalla-2025-02-28-a-les-6.54.10.png 938w, https:\/\/agora.xtec.cat\/escola-abelferrater\/wp-content\/uploads\/usu1450\/2025\/02\/Captura-de-pantalla-2025-02-28-a-les-6.54.10-300x174.png 300w, https:\/\/agora.xtec.cat\/escola-abelferrater\/wp-content\/uploads\/usu1450\/2025\/02\/Captura-de-pantalla-2025-02-28-a-les-6.54.10-768x445.png 768w\" sizes=\"auto, (max-width: 938px) 100vw, 938px\" \/><\/p>\n","protected":false},"excerpt":{"rendered":"<p>From Slovenia&#8230; ens ve a con\u00e8ixer la Maja i l&#8217;Urska (oct 2024) L&#8217;Urska i la Maja viuen a Lasko, Eslov\u00e8nia. Fa unes mesos van contactar amb l&#8217;escola i ens van explicar que estaven fent un projecte Erasmus i que els agradaria poder venir a observar com treballem diversos aspectes. &nbsp; From Slovenia&#8230; ens ve a [&hellip;]<\/p>\n","protected":false},"author":1,"featured_media":0,"parent":18854,"menu_order":0,"comment_status":"closed","ping_status":"closed","template":"page-templates\/side-menu.php","meta":{"_bbp_topic_count":0,"_bbp_reply_count":0,"_bbp_total_topic_count":0,"_bbp_total_reply_count":0,"_bbp_voice_count":0,"_bbp_anonymous_reply_count":0,"_bbp_topic_count_hidden":0,"_bbp_reply_count_hidden":0,"_bbp_forum_subforum_count":0,"site-sidebar-layout":"default","site-content-layout":"","ast-site-content-layout":"","site-content-style":"default","site-sidebar-style":"default","ast-global-header-display":"","ast-banner-title-visibility":"","ast-main-header-display":"","ast-hfb-above-header-display":"","ast-hfb-below-header-display":"","ast-hfb-mobile-header-display":"","site-post-title":"","ast-breadcrumbs-content":"","ast-featured-img":"","footer-sml-layout":"","theme-transparent-header-meta":"","adv-header-id-meta":"","stick-header-meta":"","header-above-stick-meta":"","header-main-stick-meta":"","header-below-stick-meta":"","astra-migrate-meta-layouts":"default","ast-page-background-enabled":"default","ast-page-background-meta":{"desktop":{"background-color":"var(--ast-global-color-4)","background-image":"","background-repeat":"repeat","background-position":"center center","background-size":"auto","background-attachment":"scroll","background-type":"","background-media":"","overlay-type":"","overlay-color":"","overlay-opacity":"","overlay-gradient":""},"tablet":{"background-color":"","background-image":"","background-repeat":"repeat","background-position":"center center","background-size":"auto","background-attachment":"scroll","background-type":"","background-media":"","overlay-type":"","overlay-color":"","overlay-opacity":"","overlay-gradient":""},"mobile":{"background-color":"","background-image":"","background-repeat":"repeat","background-position":"center center","background-size":"auto","background-attachment":"scroll","background-type":"","background-media":"","overlay-type":"","overlay-color":"","overlay-opacity":"","overlay-gradient":""}},"ast-content-background-meta":{"desktop":{"background-color":"var(--ast-global-color-5)","background-image":"","background-repeat":"repeat","background-position":"center center","background-size":"auto","background-attachment":"scroll","background-type":"","background-media":"","overlay-type":"","overlay-color":"","overlay-opacity":"","overlay-gradient":""},"tablet":{"background-color":"var(--ast-global-color-5)","background-image":"","background-repeat":"repeat","background-position":"center center","background-size":"auto","background-attachment":"scroll","background-type":"","background-media":"","overlay-type":"","overlay-color":"","overlay-opacity":"","overlay-gradient":""},"mobile":{"background-color":"var(--ast-global-color-5)","background-image":"","background-repeat":"repeat","background-position":"center center","background-size":"auto","background-attachment":"scroll","background-type":"","background-media":"","overlay-type":"","overlay-color":"","overlay-opacity":"","overlay-gradient":""}},"footnotes":""},"class_list":["post-18894","page","type-page","status-publish","hentry"],"post_mailing_queue_ids":[],"_links":{"self":[{"href":"https:\/\/agora.xtec.cat\/escola-abelferrater\/wp-json\/wp\/v2\/pages\/18894","targetHints":{"allow":["GET"]}}],"collection":[{"href":"https:\/\/agora.xtec.cat\/escola-abelferrater\/wp-json\/wp\/v2\/pages"}],"about":[{"href":"https:\/\/agora.xtec.cat\/escola-abelferrater\/wp-json\/wp\/v2\/types\/page"}],"author":[{"embeddable":true,"href":"https:\/\/agora.xtec.cat\/escola-abelferrater\/wp-json\/wp\/v2\/users\/1"}],"replies":[{"embeddable":true,"href":"https:\/\/agora.xtec.cat\/escola-abelferrater\/wp-json\/wp\/v2\/comments?post=18894"}],"version-history":[{"count":5,"href":"https:\/\/agora.xtec.cat\/escola-abelferrater\/wp-json\/wp\/v2\/pages\/18894\/revisions"}],"predecessor-version":[{"id":18985,"href":"https:\/\/agora.xtec.cat\/escola-abelferrater\/wp-json\/wp\/v2\/pages\/18894\/revisions\/18985"}],"up":[{"embeddable":true,"href":"https:\/\/agora.xtec.cat\/escola-abelferrater\/wp-json\/wp\/v2\/pages\/18854"}],"wp:attachment":[{"href":"https:\/\/agora.xtec.cat\/escola-abelferrater\/wp-json\/wp\/v2\/media?parent=18894"}],"curies":[{"name":"wp","href":"https:\/\/api.w.org\/{rel}","templated":true}]}}