{"id":18866,"date":"2025-02-21T16:09:01","date_gmt":"2025-02-21T15:09:01","guid":{"rendered":"https:\/\/agora.xtec.cat\/escola-abelferrater\/?page_id=18866"},"modified":"2026-02-12T14:27:12","modified_gmt":"2026-02-12T13:27:12","slug":"we-live-europe","status":"publish","type":"page","link":"https:\/\/agora.xtec.cat\/escola-abelferrater\/som-europa\/we-live-europe\/","title":{"rendered":"We LIVE Europe"},"content":{"rendered":"<h2>Creixem amb esperit europeu<\/h2>\n<div>A l\u2019Escola Abel Ferrater creiem en una educaci\u00f3 oberta al m\u00f3n, on el nostre alumnat esdevingui una ciutadania compromesa amb la societat i la diversitat. \u00c9s per aix\u00f2 que des de la Comissi\u00f3 Erasmus hem creat el projecte We LIVE Europe, una iniciativa per connectar-nos amb altres escoles europees i aix\u00ed fomentar el sentiment de pertinen\u00e7a a la comunitat europea a trav\u00e9s de quatre grans eixos.<\/div>\n<p><img loading=\"lazy\" decoding=\"async\" class=\"aligncenter size-full wp-image-20207\" src=\"https:\/\/agora.xtec.cat\/escola-abelferrater\/wp-content\/uploads\/usu1450\/2025\/11\/IMG_8591.jpg\" alt=\"\" width=\"2526\" height=\"1310\" srcset=\"https:\/\/agora.xtec.cat\/escola-abelferrater\/wp-content\/uploads\/usu1450\/2025\/11\/IMG_8591.jpg 2526w, https:\/\/agora.xtec.cat\/escola-abelferrater\/wp-content\/uploads\/usu1450\/2025\/11\/IMG_8591-300x156.jpg 300w, https:\/\/agora.xtec.cat\/escola-abelferrater\/wp-content\/uploads\/usu1450\/2025\/11\/IMG_8591-1024x531.jpg 1024w, https:\/\/agora.xtec.cat\/escola-abelferrater\/wp-content\/uploads\/usu1450\/2025\/11\/IMG_8591-768x398.jpg 768w, https:\/\/agora.xtec.cat\/escola-abelferrater\/wp-content\/uploads\/usu1450\/2025\/11\/IMG_8591-1536x797.jpg 1536w, https:\/\/agora.xtec.cat\/escola-abelferrater\/wp-content\/uploads\/usu1450\/2025\/11\/IMG_8591-2048x1062.jpg 2048w\" sizes=\"auto, (max-width: 2526px) 100vw, 2526px\" \/><br \/>\n<strong>L \u2013 Learning (Aprenentatge)<\/strong><br \/>\nSeguint el Projecte Educatiu de Centre apostem per un aprenentatge innovador i competencial, on el nostre alumnat descobreixi la riquesa cultural i ling\u00fc\u00edstica d\u2019Europa. Treballem amb metodologies actives per con\u00e8ixer la hist\u00f2ria, les institucions i els valors europeus, tot fomentant el pensament cr\u00edtic i el di\u00e0leg intercultural.<\/p>\n<div>\n<p><strong>I \u2013 Inclusion (Inclusi\u00f3)<\/strong><br \/>\nL\u2019escola \u00e9s un espai per a tothom, i We LIVE Europe ens ajudar\u00e0 a refor\u00e7ar valors com la solidaritat i la igualtat d\u2019oportunitats. A l&#8217;Abel fomentem la inclusi\u00f3 social i la conviv\u00e8ncia, trencant barreres i promovent el respecte a la diversitat cultural i social.<\/p>\n<p><strong>V \u2013 Virtual (Videotrucades)<\/strong><br \/>\nGr\u00e0cies a les noves tecnologies, els nostres infants tindran l\u2019oportunitat de comunicar-se i col\u00b7laborar amb estudiants d\u2019altres pa\u00efsos europeus. A trav\u00e9s de videotrucades i projectes digitals compartits, crearan vincles amb altres realitats i treballaran en equip a nivell internacional.<\/p>\n<p><strong>E \u2013 Environment care (Cura del medi ambient)<\/strong><br \/>\nL\u2019educaci\u00f3 per a la sostenibilitat \u00e9s clau per al futur d\u2019Europa i del m\u00f3n. Som Escola Verda, i seguirem treballant amb activitats ecol\u00f2giques i projectes col\u00b7laboratius, on els infants prenguin consci\u00e8ncia de la import\u00e0ncia de cuidar el medi ambient i aprenguin bones pr\u00e0ctiques per construir un futur m\u00e9s verd i sostenible.<\/p>\n<p>Amb <strong>We LIVE Europe<\/strong>, els nostres infants creixeran amb una mirada oberta i compromesa, entenent que formar part d\u2019Europa \u00e9s una oportunitat per aprendre, compartir i construir un m\u00f3n millor.<\/p>\n<p><img loading=\"lazy\" decoding=\"async\" class=\"aligncenter size-full wp-image-18956\" src=\"https:\/\/agora.xtec.cat\/escola-abelferrater\/wp-content\/uploads\/usu1450\/2025\/02\/Captura-de-pantalla-2025-02-26-a-les-7.25.06.png\" alt=\"\" width=\"372\" height=\"443\" srcset=\"https:\/\/agora.xtec.cat\/escola-abelferrater\/wp-content\/uploads\/usu1450\/2025\/02\/Captura-de-pantalla-2025-02-26-a-les-7.25.06.png 372w, https:\/\/agora.xtec.cat\/escola-abelferrater\/wp-content\/uploads\/usu1450\/2025\/02\/Captura-de-pantalla-2025-02-26-a-les-7.25.06-252x300.png 252w\" sizes=\"auto, (max-width: 372px) 100vw, 372px\" \/><\/p>\n<\/div>\n<div>\n<div class=\"gmail_signature\" dir=\"ltr\" data-smartmail=\"gmail_signature\">\n<div dir=\"ltr\">\n<div><\/div>\n<\/div>\n<\/div>\n<\/div>\n","protected":false},"excerpt":{"rendered":"<p>Creixem amb esperit europeu A l\u2019Escola Abel Ferrater creiem en una educaci\u00f3 oberta al m\u00f3n, on el nostre alumnat esdevingui una ciutadania compromesa amb la societat i la diversitat. \u00c9s per aix\u00f2 que des de la Comissi\u00f3 Erasmus hem creat el projecte We LIVE Europe, una iniciativa per connectar-nos amb altres escoles europees i aix\u00ed [&hellip;]<\/p>\n","protected":false},"author":1,"featured_media":0,"parent":18854,"menu_order":0,"comment_status":"closed","ping_status":"closed","template":"page-templates\/side-menu.php","meta":{"_bbp_topic_count":0,"_bbp_reply_count":0,"_bbp_total_topic_count":0,"_bbp_total_reply_count":0,"_bbp_voice_count":0,"_bbp_anonymous_reply_count":0,"_bbp_topic_count_hidden":0,"_bbp_reply_count_hidden":0,"_bbp_forum_subforum_count":0,"site-sidebar-layout":"default","site-content-layout":"","ast-site-content-layout":"default","site-content-style":"default","site-sidebar-style":"default","ast-global-header-display":"","ast-banner-title-visibility":"","ast-main-header-display":"","ast-hfb-above-header-display":"","ast-hfb-below-header-display":"","ast-hfb-mobile-header-display":"","site-post-title":"","ast-breadcrumbs-content":"","ast-featured-img":"","footer-sml-layout":"","theme-transparent-header-meta":"","adv-header-id-meta":"","stick-header-meta":"","header-above-stick-meta":"","header-main-stick-meta":"","header-below-stick-meta":"","astra-migrate-meta-layouts":"set","ast-page-background-enabled":"default","ast-page-background-meta":{"desktop":{"background-color":"var(--ast-global-color-4)","background-image":"","background-repeat":"repeat","background-position":"center center","background-size":"auto","background-attachment":"scroll","background-type":"","background-media":"","overlay-type":"","overlay-color":"","overlay-opacity":"","overlay-gradient":""},"tablet":{"background-color":"","background-image":"","background-repeat":"repeat","background-position":"center center","background-size":"auto","background-attachment":"scroll","background-type":"","background-media":"","overlay-type":"","overlay-color":"","overlay-opacity":"","overlay-gradient":""},"mobile":{"background-color":"","background-image":"","background-repeat":"repeat","background-position":"center center","background-size":"auto","background-attachment":"scroll","background-type":"","background-media":"","overlay-type":"","overlay-color":"","overlay-opacity":"","overlay-gradient":""}},"ast-content-background-meta":{"desktop":{"background-color":"var(--ast-global-color-5)","background-image":"","background-repeat":"repeat","background-position":"center center","background-size":"auto","background-attachment":"scroll","background-type":"","background-media":"","overlay-type":"","overlay-color":"","overlay-opacity":"","overlay-gradient":""},"tablet":{"background-color":"var(--ast-global-color-5)","background-image":"","background-repeat":"repeat","background-position":"center center","background-size":"auto","background-attachment":"scroll","background-type":"","background-media":"","overlay-type":"","overlay-color":"","overlay-opacity":"","overlay-gradient":""},"mobile":{"background-color":"var(--ast-global-color-5)","background-image":"","background-repeat":"repeat","background-position":"center center","background-size":"auto","background-attachment":"scroll","background-type":"","background-media":"","overlay-type":"","overlay-color":"","overlay-opacity":"","overlay-gradient":""}},"footnotes":""},"class_list":["post-18866","page","type-page","status-publish","hentry"],"post_mailing_queue_ids":[],"_links":{"self":[{"href":"https:\/\/agora.xtec.cat\/escola-abelferrater\/wp-json\/wp\/v2\/pages\/18866","targetHints":{"allow":["GET"]}}],"collection":[{"href":"https:\/\/agora.xtec.cat\/escola-abelferrater\/wp-json\/wp\/v2\/pages"}],"about":[{"href":"https:\/\/agora.xtec.cat\/escola-abelferrater\/wp-json\/wp\/v2\/types\/page"}],"author":[{"embeddable":true,"href":"https:\/\/agora.xtec.cat\/escola-abelferrater\/wp-json\/wp\/v2\/users\/1"}],"replies":[{"embeddable":true,"href":"https:\/\/agora.xtec.cat\/escola-abelferrater\/wp-json\/wp\/v2\/comments?post=18866"}],"version-history":[{"count":6,"href":"https:\/\/agora.xtec.cat\/escola-abelferrater\/wp-json\/wp\/v2\/pages\/18866\/revisions"}],"predecessor-version":[{"id":20695,"href":"https:\/\/agora.xtec.cat\/escola-abelferrater\/wp-json\/wp\/v2\/pages\/18866\/revisions\/20695"}],"up":[{"embeddable":true,"href":"https:\/\/agora.xtec.cat\/escola-abelferrater\/wp-json\/wp\/v2\/pages\/18854"}],"wp:attachment":[{"href":"https:\/\/agora.xtec.cat\/escola-abelferrater\/wp-json\/wp\/v2\/media?parent=18866"}],"curies":[{"name":"wp","href":"https:\/\/api.w.org\/{rel}","templated":true}]}}