{"id":18863,"date":"2025-02-21T16:01:04","date_gmt":"2025-02-21T15:01:04","guid":{"rendered":"https:\/\/agora.xtec.cat\/escola-abelferrater\/?page_id=18863"},"modified":"2025-04-24T10:30:51","modified_gmt":"2025-04-24T08:30:51","slug":"treballem-europa","status":"publish","type":"page","link":"https:\/\/agora.xtec.cat\/escola-abelferrater\/som-europa\/treballem-europa\/","title":{"rendered":"Treballem Europa"},"content":{"rendered":"<h2><b>A 6\u00e8 FEM UN VIATGE PER EUROPA<\/b><\/h2>\n<p><img loading=\"lazy\" decoding=\"async\" class=\"wp-image-18971 alignleft\" src=\"https:\/\/agora.xtec.cat\/escola-abelferrater\/wp-content\/uploads\/usu1450\/2025\/02\/europa.png\" alt=\"\" width=\"62\" height=\"62\" srcset=\"https:\/\/agora.xtec.cat\/escola-abelferrater\/wp-content\/uploads\/usu1450\/2025\/02\/europa.png 512w, https:\/\/agora.xtec.cat\/escola-abelferrater\/wp-content\/uploads\/usu1450\/2025\/02\/europa-300x300.png 300w, https:\/\/agora.xtec.cat\/escola-abelferrater\/wp-content\/uploads\/usu1450\/2025\/02\/europa-150x150.png 150w\" sizes=\"auto, (max-width: 62px) 100vw, 62px\" \/><\/p>\n<p>&nbsp;<\/p>\n<p><span style=\"font-weight: 400;\">Els al<\/span><span style=\"font-weight: 400;\">umnes de 6\u00e8 han treballat les <strong>caracter\u00edstiques f\u00edsiques i l\u2019organitzaci\u00f3 pol\u00edtica d\u2019Europa<\/strong> a trav\u00e9s d\u2019un proj<\/span><span style=\"font-weight: 400;\">ecte globalitzador i competencial. Agrupats en <strong>equips<\/strong> <strong>cooperatius<\/strong>, <strong>han creat la seva pr\u00f2pia ag\u00e8ncia de viatges<\/strong> amb l\u2019obj<\/span><span style=\"font-weight: 400;\">ectiu de dissenyar un d\u00edptic amb informaci\u00f3 sobre un pa\u00eds europeu determinat, una ruta de viatge i un pressupost aplicant un descompte, tot fent recerca dels vols, la reserva de l\u2019hotel, llocs per visitar i activ<\/span><span style=\"font-weight: 400;\">itat<\/span><\/p>\n<p><span style=\"font-weight: 400;\">s a fer durant l\u2019estan\u00e7a i tot el que comporta organitzar un viatge. D\u2019aquesta manera treballem de manera significativa i transversal l\u2019\u00e0rea de medi natural, social i cultural, llengua catalana i matem\u00e0tiques, a m\u00e9s de la compet\u00e8ncia digital i emprenedora.\u00a0<\/span><\/p>\n<p><img loading=\"lazy\" decoding=\"async\" class=\"aligncenter size-full wp-image-18960\" src=\"https:\/\/agora.xtec.cat\/escola-abelferrater\/wp-content\/uploads\/usu1450\/2025\/02\/Captura-de-pantalla-2025-02-28-a-les-6.14.17.png\" alt=\"\" width=\"754\" height=\"566\" srcset=\"https:\/\/agora.xtec.cat\/escola-abelferrater\/wp-content\/uploads\/usu1450\/2025\/02\/Captura-de-pantalla-2025-02-28-a-les-6.14.17.png 754w, https:\/\/agora.xtec.cat\/escola-abelferrater\/wp-content\/uploads\/usu1450\/2025\/02\/Captura-de-pantalla-2025-02-28-a-les-6.14.17-300x225.png 300w, https:\/\/agora.xtec.cat\/escola-abelferrater\/wp-content\/uploads\/usu1450\/2025\/02\/Captura-de-pantalla-2025-02-28-a-les-6.14.17-200x150.png 200w\" sizes=\"auto, (max-width: 754px) 100vw, 754px\" \/><\/p>\n<p>Cada equip ha consensuat el nom de la seva ag\u00e8ncia, el logotip i han arribat els clients. Han anat registrant la seva investigaci\u00f3 sobre el pa\u00eds al dossier d\u2019aprenentatge. Han apr\u00e8s sobre el relleu, la hidrografia, l\u2019organitzaci\u00f3 pol\u00edtica, la moneda, la poblaci\u00f3, parcs naturals i esp\u00e8cies en perill d\u2019extinci\u00f3, elements culturals com danses, balls tradicionals i gastronomia. Tamb\u00e9 han conegut personatges representatius del pa\u00eds, destacant tamb\u00e9 el paper de la dona. En alguns casos, com si es tract\u00e9s de <a style=\"color: inherit; text-decoration: none;\" href=\"http:\/\/diplomarbeit-schreiben.com\">diplomarbeit schreiben lassen<\/a> (fer escriure el treball de final de grau), han aprofundit molt en la recerca i la presentaci\u00f3 del contingut.<\/p>\n<p><img loading=\"lazy\" decoding=\"async\" class=\"aligncenter size-full wp-image-18965\" src=\"https:\/\/agora.xtec.cat\/escola-abelferrater\/wp-content\/uploads\/usu1450\/2025\/02\/3E26CDA1-BB0A-4FD4-942C-2B06A0BE3848.jpeg\" alt=\"\" width=\"2048\" height=\"2048\" srcset=\"https:\/\/agora.xtec.cat\/escola-abelferrater\/wp-content\/uploads\/usu1450\/2025\/02\/3E26CDA1-BB0A-4FD4-942C-2B06A0BE3848.jpeg 2048w, https:\/\/agora.xtec.cat\/escola-abelferrater\/wp-content\/uploads\/usu1450\/2025\/02\/3E26CDA1-BB0A-4FD4-942C-2B06A0BE3848-300x300.jpeg 300w, https:\/\/agora.xtec.cat\/escola-abelferrater\/wp-content\/uploads\/usu1450\/2025\/02\/3E26CDA1-BB0A-4FD4-942C-2B06A0BE3848-1024x1024.jpeg 1024w, https:\/\/agora.xtec.cat\/escola-abelferrater\/wp-content\/uploads\/usu1450\/2025\/02\/3E26CDA1-BB0A-4FD4-942C-2B06A0BE3848-150x150.jpeg 150w, https:\/\/agora.xtec.cat\/escola-abelferrater\/wp-content\/uploads\/usu1450\/2025\/02\/3E26CDA1-BB0A-4FD4-942C-2B06A0BE3848-768x768.jpeg 768w, https:\/\/agora.xtec.cat\/escola-abelferrater\/wp-content\/uploads\/usu1450\/2025\/02\/3E26CDA1-BB0A-4FD4-942C-2B06A0BE3848-1536x1536.jpeg 1536w\" sizes=\"auto, (max-width: 2048px) 100vw, 2048px\" \/><\/p>\n<p><span style=\"font-weight: 400;\">Paral\u00b7lelament, totes les ag\u00e8ncies han assistit a l\u2019escola de les ag\u00e8ncies, on havien de demostrar els seus coneixements sobre els pa\u00efsos, les capitals i la seva localitzaci\u00f3 al mapa d\u2019Europa.<\/span><\/p>\n<p><span style=\"font-weight: 400;\">Finalment, cada ag\u00e8ncia ha fet una exposici\u00f3 oral explicant el que han apr\u00e8s, el proc\u00e9s que han seguit i han aportat m\u00e9s informaci\u00f3 interessant. Durant i en finalitzar el proc\u00e9s, han realitzat diversos tipus d\u2019avaluaci\u00f3 i coavaluaci\u00f3 per prendre consci\u00e8ncia sobre el seu propi proc\u00e9s d\u2019aprenentatge.<\/span><\/p>\n<p><img loading=\"lazy\" decoding=\"async\" class=\"aligncenter size-full wp-image-18966\" src=\"https:\/\/agora.xtec.cat\/escola-abelferrater\/wp-content\/uploads\/usu1450\/2025\/02\/623A9EE2-4BE6-42DA-A667-8B7D50802F09.jpeg\" alt=\"\" width=\"2048\" height=\"2048\" srcset=\"https:\/\/agora.xtec.cat\/escola-abelferrater\/wp-content\/uploads\/usu1450\/2025\/02\/623A9EE2-4BE6-42DA-A667-8B7D50802F09.jpeg 2048w, https:\/\/agora.xtec.cat\/escola-abelferrater\/wp-content\/uploads\/usu1450\/2025\/02\/623A9EE2-4BE6-42DA-A667-8B7D50802F09-300x300.jpeg 300w, https:\/\/agora.xtec.cat\/escola-abelferrater\/wp-content\/uploads\/usu1450\/2025\/02\/623A9EE2-4BE6-42DA-A667-8B7D50802F09-1024x1024.jpeg 1024w, https:\/\/agora.xtec.cat\/escola-abelferrater\/wp-content\/uploads\/usu1450\/2025\/02\/623A9EE2-4BE6-42DA-A667-8B7D50802F09-150x150.jpeg 150w, https:\/\/agora.xtec.cat\/escola-abelferrater\/wp-content\/uploads\/usu1450\/2025\/02\/623A9EE2-4BE6-42DA-A667-8B7D50802F09-768x768.jpeg 768w, https:\/\/agora.xtec.cat\/escola-abelferrater\/wp-content\/uploads\/usu1450\/2025\/02\/623A9EE2-4BE6-42DA-A667-8B7D50802F09-1536x1536.jpeg 1536w\" sizes=\"auto, (max-width: 2048px) 100vw, 2048px\" \/><\/p>\n","protected":false},"excerpt":{"rendered":"<p>A 6\u00e8 FEM UN VIATGE PER EUROPA &nbsp; Els alumnes de 6\u00e8 han treballat les caracter\u00edstiques f\u00edsiques i l\u2019organitzaci\u00f3 pol\u00edtica d\u2019Europa a trav\u00e9s d\u2019un projecte globalitzador i competencial. Agrupats en equips cooperatius, han creat la seva pr\u00f2pia ag\u00e8ncia de viatges amb l\u2019objectiu de dissenyar un d\u00edptic amb informaci\u00f3 sobre un pa\u00eds europeu determinat, una ruta [&hellip;]<\/p>\n","protected":false},"author":1,"featured_media":0,"parent":18854,"menu_order":0,"comment_status":"closed","ping_status":"closed","template":"page-templates\/side-menu.php","meta":{"_bbp_topic_count":0,"_bbp_reply_count":0,"_bbp_total_topic_count":0,"_bbp_total_reply_count":0,"_bbp_voice_count":0,"_bbp_anonymous_reply_count":0,"_bbp_topic_count_hidden":0,"_bbp_reply_count_hidden":0,"_bbp_forum_subforum_count":0,"site-sidebar-layout":"default","site-content-layout":"","ast-site-content-layout":"","site-content-style":"default","site-sidebar-style":"default","ast-global-header-display":"","ast-banner-title-visibility":"","ast-main-header-display":"","ast-hfb-above-header-display":"","ast-hfb-below-header-display":"","ast-hfb-mobile-header-display":"","site-post-title":"","ast-breadcrumbs-content":"","ast-featured-img":"","footer-sml-layout":"","theme-transparent-header-meta":"","adv-header-id-meta":"","stick-header-meta":"","header-above-stick-meta":"","header-main-stick-meta":"","header-below-stick-meta":"","astra-migrate-meta-layouts":"default","ast-page-background-enabled":"default","ast-page-background-meta":{"desktop":{"background-color":"var(--ast-global-color-4)","background-image":"","background-repeat":"repeat","background-position":"center center","background-size":"auto","background-attachment":"scroll","background-type":"","background-media":"","overlay-type":"","overlay-color":"","overlay-opacity":"","overlay-gradient":""},"tablet":{"background-color":"","background-image":"","background-repeat":"repeat","background-position":"center center","background-size":"auto","background-attachment":"scroll","background-type":"","background-media":"","overlay-type":"","overlay-color":"","overlay-opacity":"","overlay-gradient":""},"mobile":{"background-color":"","background-image":"","background-repeat":"repeat","background-position":"center center","background-size":"auto","background-attachment":"scroll","background-type":"","background-media":"","overlay-type":"","overlay-color":"","overlay-opacity":"","overlay-gradient":""}},"ast-content-background-meta":{"desktop":{"background-color":"var(--ast-global-color-5)","background-image":"","background-repeat":"repeat","background-position":"center center","background-size":"auto","background-attachment":"scroll","background-type":"","background-media":"","overlay-type":"","overlay-color":"","overlay-opacity":"","overlay-gradient":""},"tablet":{"background-color":"var(--ast-global-color-5)","background-image":"","background-repeat":"repeat","background-position":"center center","background-size":"auto","background-attachment":"scroll","background-type":"","background-media":"","overlay-type":"","overlay-color":"","overlay-opacity":"","overlay-gradient":""},"mobile":{"background-color":"var(--ast-global-color-5)","background-image":"","background-repeat":"repeat","background-position":"center center","background-size":"auto","background-attachment":"scroll","background-type":"","background-media":"","overlay-type":"","overlay-color":"","overlay-opacity":"","overlay-gradient":""}},"footnotes":""},"class_list":["post-18863","page","type-page","status-publish","hentry"],"post_mailing_queue_ids":[],"_links":{"self":[{"href":"https:\/\/agora.xtec.cat\/escola-abelferrater\/wp-json\/wp\/v2\/pages\/18863","targetHints":{"allow":["GET"]}}],"collection":[{"href":"https:\/\/agora.xtec.cat\/escola-abelferrater\/wp-json\/wp\/v2\/pages"}],"about":[{"href":"https:\/\/agora.xtec.cat\/escola-abelferrater\/wp-json\/wp\/v2\/types\/page"}],"author":[{"embeddable":true,"href":"https:\/\/agora.xtec.cat\/escola-abelferrater\/wp-json\/wp\/v2\/users\/1"}],"replies":[{"embeddable":true,"href":"https:\/\/agora.xtec.cat\/escola-abelferrater\/wp-json\/wp\/v2\/comments?post=18863"}],"version-history":[{"count":5,"href":"https:\/\/agora.xtec.cat\/escola-abelferrater\/wp-json\/wp\/v2\/pages\/18863\/revisions"}],"predecessor-version":[{"id":19311,"href":"https:\/\/agora.xtec.cat\/escola-abelferrater\/wp-json\/wp\/v2\/pages\/18863\/revisions\/19311"}],"up":[{"embeddable":true,"href":"https:\/\/agora.xtec.cat\/escola-abelferrater\/wp-json\/wp\/v2\/pages\/18854"}],"wp:attachment":[{"href":"https:\/\/agora.xtec.cat\/escola-abelferrater\/wp-json\/wp\/v2\/media?parent=18863"}],"curies":[{"name":"wp","href":"https:\/\/api.w.org\/{rel}","templated":true}]}}

<h2><b>A 6è FEM UN VIATGE PER EUROPA</b></h2>
<p><img loading="lazy" decoding="async" class="wp-image-18971 alignleft" src="https://agora.xtec.cat/escola-abelferrater/wp-content/uploads/usu1450/2025/02/europa.png" alt="" width="62" height="62" srcset="https://agora.xtec.cat/escola-abelferrater/wp-content/uploads/usu1450/2025/02/europa.png 512w, https://agora.xtec.cat/escola-abelferrater/wp-content/uploads/usu1450/2025/02/europa-300x300.png 300w, https://agora.xtec.cat/escola-abelferrater/wp-content/uploads/usu1450/2025/02/europa-150x150.png 150w" sizes="auto, (max-width: 62px) 100vw, 62px" /></p>
<p>&nbsp;</p>
<p><span style="font-weight: 400;">Els al</span><span style="font-weight: 400;">umnes de 6è han treballat les <strong>característiques físiques i l’organització política d’Europa</strong> a través d’un proj</span><span style="font-weight: 400;">ecte globalitzador i competencial. Agrupats en <strong>equips</strong> <strong>cooperatius</strong>, <strong>han creat la seva pròpia agència de viatges</strong> amb l’obj</span><span style="font-weight: 400;">ectiu de dissenyar un díptic amb informació sobre un país europeu determinat, una ruta de viatge i un pressupost aplicant un descompte, tot fent recerca dels vols, la reserva de l’hotel, llocs per visitar i activ</span><span style="font-weight: 400;">itat</span></p>
<p><span style="font-weight: 400;">s a fer durant l’estança i tot el que comporta organitzar un viatge. D’aquesta manera treballem de manera significativa i transversal l’àrea de medi natural, social i cultural, llengua catalana i matemàtiques, a més de la competència digital i emprenedora. </span></p>
<p><img loading="lazy" decoding="async" class="aligncenter size-full wp-image-18960" src="https://agora.xtec.cat/escola-abelferrater/wp-content/uploads/usu1450/2025/02/Captura-de-pantalla-2025-02-28-a-les-6.14.17.png" alt="" width="754" height="566" srcset="https://agora.xtec.cat/escola-abelferrater/wp-content/uploads/usu1450/2025/02/Captura-de-pantalla-2025-02-28-a-les-6.14.17.png 754w, https://agora.xtec.cat/escola-abelferrater/wp-content/uploads/usu1450/2025/02/Captura-de-pantalla-2025-02-28-a-les-6.14.17-300x225.png 300w, https://agora.xtec.cat/escola-abelferrater/wp-content/uploads/usu1450/2025/02/Captura-de-pantalla-2025-02-28-a-les-6.14.17-200x150.png 200w" sizes="auto, (max-width: 754px) 100vw, 754px" /></p>
<p>Cada equip ha consensuat el nom de la seva agència, el logotip i han arribat els clients. Han anat registrant la seva investigació sobre el país al dossier d’aprenentatge. Han après sobre el relleu, la hidrografia, l’organització política, la moneda, la població, parcs naturals i espècies en perill d’extinció, elements culturals com danses, balls tradicionals i gastronomia. També han conegut personatges representatius del país, destacant també el paper de la dona. En alguns casos, com si es tractés de <a style="color: inherit; text-decoration: none;" href="http://diplomarbeit-schreiben.com">diplomarbeit schreiben lassen</a> (fer escriure el treball de final de grau), han aprofundit molt en la recerca i la presentació del contingut.</p>
<p><img loading="lazy" decoding="async" class="aligncenter size-full wp-image-18965" src="https://agora.xtec.cat/escola-abelferrater/wp-content/uploads/usu1450/2025/02/3E26CDA1-BB0A-4FD4-942C-2B06A0BE3848.jpeg" alt="" width="2048" height="2048" srcset="https://agora.xtec.cat/escola-abelferrater/wp-content/uploads/usu1450/2025/02/3E26CDA1-BB0A-4FD4-942C-2B06A0BE3848.jpeg 2048w, https://agora.xtec.cat/escola-abelferrater/wp-content/uploads/usu1450/2025/02/3E26CDA1-BB0A-4FD4-942C-2B06A0BE3848-300x300.jpeg 300w, https://agora.xtec.cat/escola-abelferrater/wp-content/uploads/usu1450/2025/02/3E26CDA1-BB0A-4FD4-942C-2B06A0BE3848-1024x1024.jpeg 1024w, https://agora.xtec.cat/escola-abelferrater/wp-content/uploads/usu1450/2025/02/3E26CDA1-BB0A-4FD4-942C-2B06A0BE3848-150x150.jpeg 150w, https://agora.xtec.cat/escola-abelferrater/wp-content/uploads/usu1450/2025/02/3E26CDA1-BB0A-4FD4-942C-2B06A0BE3848-768x768.jpeg 768w, https://agora.xtec.cat/escola-abelferrater/wp-content/uploads/usu1450/2025/02/3E26CDA1-BB0A-4FD4-942C-2B06A0BE3848-1536x1536.jpeg 1536w" sizes="auto, (max-width: 2048px) 100vw, 2048px" /></p>
<p><span style="font-weight: 400;">Paral·lelament, totes les agències han assistit a l’escola de les agències, on havien de demostrar els seus coneixements sobre els països, les capitals i la seva localització al mapa d’Europa.</span></p>
<p><span style="font-weight: 400;">Finalment, cada agència ha fet una exposició oral explicant el que han après, el procés que han seguit i han aportat més informació interessant. Durant i en finalitzar el procés, han realitzat diversos tipus d’avaluació i coavaluació per prendre consciència sobre el seu propi procés d’aprenentatge.</span></p>
<p><img loading="lazy" decoding="async" class="aligncenter size-full wp-image-18966" src="https://agora.xtec.cat/escola-abelferrater/wp-content/uploads/usu1450/2025/02/623A9EE2-4BE6-42DA-A667-8B7D50802F09.jpeg" alt="" width="2048" height="2048" srcset="https://agora.xtec.cat/escola-abelferrater/wp-content/uploads/usu1450/2025/02/623A9EE2-4BE6-42DA-A667-8B7D50802F09.jpeg 2048w, https://agora.xtec.cat/escola-abelferrater/wp-content/uploads/usu1450/2025/02/623A9EE2-4BE6-42DA-A667-8B7D50802F09-300x300.jpeg 300w, https://agora.xtec.cat/escola-abelferrater/wp-content/uploads/usu1450/2025/02/623A9EE2-4BE6-42DA-A667-8B7D50802F09-1024x1024.jpeg 1024w, https://agora.xtec.cat/escola-abelferrater/wp-content/uploads/usu1450/2025/02/623A9EE2-4BE6-42DA-A667-8B7D50802F09-150x150.jpeg 150w, https://agora.xtec.cat/escola-abelferrater/wp-content/uploads/usu1450/2025/02/623A9EE2-4BE6-42DA-A667-8B7D50802F09-768x768.jpeg 768w, https://agora.xtec.cat/escola-abelferrater/wp-content/uploads/usu1450/2025/02/623A9EE2-4BE6-42DA-A667-8B7D50802F09-1536x1536.jpeg 1536w" sizes="auto, (max-width: 2048px) 100vw, 2048px" /></p>

<p>A 6è FEM UN VIATGE PER EUROPA &nbsp; Els alumnes de 6è han treballat les característiques físiques i l’organització política d’Europa a través d’un projecte globalitzador i competencial. Agrupats en equips cooperatius, han creat la seva pròpia agència de viatges amb l’objectiu de dissenyar un díptic amb informació sobre un país europeu determinat, una ruta [&hellip;]</p>
