{"id":10289,"date":"2019-12-12T14:06:37","date_gmt":"2019-12-12T13:06:37","guid":{"rendered":"http:\/\/agora.xtec.cat\/escola-abelferrater\/?page_id=10289"},"modified":"2020-06-30T14:09:51","modified_gmt":"2020-06-30T12:09:51","slug":"projectes-realitzats","status":"publish","type":"page","link":"https:\/\/agora.xtec.cat\/escola-abelferrater\/programes-dinnovacio\/projectes-realitzats\/","title":{"rendered":"Mobile History Maps &#8211; MHM"},"content":{"rendered":"<p>Xiquets i xiquetes del 2010 &#8211; 4t<\/p>\n<p>Finalistes a l&#8217;edici\u00f3 2020<\/p>\n<p><a href=\"https:\/\/mhm.mobileworldcapital.com\/ca_ES\/escenari\/1928\/showedit\"><img loading=\"lazy\" decoding=\"async\" class=\"alignleft  wp-image-11155\" src=\"https:\/\/agora.xtec.cat\/escola-abelferrater\/wp-content\/uploads\/usu1450\/2020\/06\/Captura-de-Pantalla-2020-06-30-a-les-14.07.42.png\" alt=\"\" width=\"296\" height=\"224\" srcset=\"https:\/\/agora.xtec.cat\/escola-abelferrater\/wp-content\/uploads\/usu1450\/2020\/06\/Captura-de-Pantalla-2020-06-30-a-les-14.07.42.png 786w, https:\/\/agora.xtec.cat\/escola-abelferrater\/wp-content\/uploads\/usu1450\/2020\/06\/Captura-de-Pantalla-2020-06-30-a-les-14.07.42-300x227.png 300w, https:\/\/agora.xtec.cat\/escola-abelferrater\/wp-content\/uploads\/usu1450\/2020\/06\/Captura-de-Pantalla-2020-06-30-a-les-14.07.42-768x580.png 768w, https:\/\/agora.xtec.cat\/escola-abelferrater\/wp-content\/uploads\/usu1450\/2020\/06\/Captura-de-Pantalla-2020-06-30-a-les-14.07.42-200x150.png 200w\" sizes=\"auto, (max-width: 296px) 100vw, 296px\" \/><\/a><\/p>\n<p>&nbsp;<\/p>\n<p>&nbsp;<\/p>\n<p>&nbsp;<\/p>\n<p>&nbsp;<\/p>\n<p>&nbsp;<\/p>\n<p>&nbsp;<\/p>\n<p>Xiquets i xiquetes del 2010 &#8211; 3r<br \/>\nGUANYADORS del vot del p\u00fablic als mSchools Student Awards 2019<\/p>\n<p><a href=\"http:\/\/mhm.mobileworldcapital.com\/ca_ES\/escenari\/1341\/showedit\"><img loading=\"lazy\" decoding=\"async\" class=\"alignnone size-medium wp-image-9670\" src=\"https:\/\/agora.xtec.cat\/escola-abelferrater\/wp-content\/uploads\/usu1450\/2019\/06\/Captura-de-Pantalla-2019-06-11-a-les-17.15.56-300x141.png\" alt=\"\" width=\"300\" height=\"141\" srcset=\"https:\/\/agora.xtec.cat\/escola-abelferrater\/wp-content\/uploads\/usu1450\/2019\/06\/Captura-de-Pantalla-2019-06-11-a-les-17.15.56-300x141.png 300w, https:\/\/agora.xtec.cat\/escola-abelferrater\/wp-content\/uploads\/usu1450\/2019\/06\/Captura-de-Pantalla-2019-06-11-a-les-17.15.56-768x360.png 768w, https:\/\/agora.xtec.cat\/escola-abelferrater\/wp-content\/uploads\/usu1450\/2019\/06\/Captura-de-Pantalla-2019-06-11-a-les-17.15.56.png 780w\" sizes=\"auto, (max-width: 300px) 100vw, 300px\" \/><\/a><\/p>\n<p>&#8212;&#8212;&#8212;&#8212;-<\/p>\n<p>Xiquets i xiquetes del 2007 &#8211; 6\u00e8<\/p>\n<p><a href=\"http:\/\/mhm.mobileworldcapital.com\/%29\/escenari\/936\/showedit\"><img loading=\"lazy\" decoding=\"async\" class=\"alignnone size-medium wp-image-9674\" src=\"https:\/\/agora.xtec.cat\/escola-abelferrater\/wp-content\/uploads\/usu1450\/2019\/06\/Captura-de-Pantalla-2019-06-11-a-les-17.35.37-300x145.png\" alt=\"\" width=\"300\" height=\"145\" srcset=\"https:\/\/agora.xtec.cat\/escola-abelferrater\/wp-content\/uploads\/usu1450\/2019\/06\/Captura-de-Pantalla-2019-06-11-a-les-17.35.37-300x145.png 300w, https:\/\/agora.xtec.cat\/escola-abelferrater\/wp-content\/uploads\/usu1450\/2019\/06\/Captura-de-Pantalla-2019-06-11-a-les-17.35.37-768x370.png 768w, https:\/\/agora.xtec.cat\/escola-abelferrater\/wp-content\/uploads\/usu1450\/2019\/06\/Captura-de-Pantalla-2019-06-11-a-les-17.35.37.png 884w\" sizes=\"auto, (max-width: 300px) 100vw, 300px\" \/><\/a><\/p>\n","protected":false},"excerpt":{"rendered":"<p>Xiquets i xiquetes del 2010 &#8211; 4t Finalistes a l&#8217;edici\u00f3 2020 &nbsp; &nbsp; &nbsp; &nbsp; &nbsp; &nbsp; Xiquets i xiquetes del 2010 &#8211; 3r GUANYADORS del vot del p\u00fablic als mSchools Student Awards 2019 &#8212;&#8212;&#8212;&#8212;- Xiquets i xiquetes del 2007 &#8211; 6\u00e8<\/p>\n","protected":false},"author":1,"featured_media":0,"parent":10387,"menu_order":5,"comment_status":"closed","ping_status":"closed","template":"page-templates\/side-menu.php","meta":{"_bbp_topic_count":0,"_bbp_reply_count":0,"_bbp_total_topic_count":0,"_bbp_total_reply_count":0,"_bbp_voice_count":0,"_bbp_anonymous_reply_count":0,"_bbp_topic_count_hidden":0,"_bbp_reply_count_hidden":0,"_bbp_forum_subforum_count":0,"site-sidebar-layout":"default","site-content-layout":"","ast-site-content-layout":"","site-content-style":"default","site-sidebar-style":"default","ast-global-header-display":"","ast-banner-title-visibility":"","ast-main-header-display":"","ast-hfb-above-header-display":"","ast-hfb-below-header-display":"","ast-hfb-mobile-header-display":"","site-post-title":"","ast-breadcrumbs-content":"","ast-featured-img":"","footer-sml-layout":"","theme-transparent-header-meta":"","adv-header-id-meta":"","stick-header-meta":"","header-above-stick-meta":"","header-main-stick-meta":"","header-below-stick-meta":"","astra-migrate-meta-layouts":"default","ast-page-background-enabled":"default","ast-page-background-meta":{"desktop":{"background-color":"var(--ast-global-color-4)","background-image":"","background-repeat":"repeat","background-position":"center center","background-size":"auto","background-attachment":"scroll","background-type":"","background-media":"","overlay-type":"","overlay-color":"","overlay-opacity":"","overlay-gradient":""},"tablet":{"background-color":"","background-image":"","background-repeat":"repeat","background-position":"center center","background-size":"auto","background-attachment":"scroll","background-type":"","background-media":"","overlay-type":"","overlay-color":"","overlay-opacity":"","overlay-gradient":""},"mobile":{"background-color":"","background-image":"","background-repeat":"repeat","background-position":"center center","background-size":"auto","background-attachment":"scroll","background-type":"","background-media":"","overlay-type":"","overlay-color":"","overlay-opacity":"","overlay-gradient":""}},"ast-content-background-meta":{"desktop":{"background-color":"var(--ast-global-color-5)","background-image":"","background-repeat":"repeat","background-position":"center center","background-size":"auto","background-attachment":"scroll","background-type":"","background-media":"","overlay-type":"","overlay-color":"","overlay-opacity":"","overlay-gradient":""},"tablet":{"background-color":"var(--ast-global-color-5)","background-image":"","background-repeat":"repeat","background-position":"center center","background-size":"auto","background-attachment":"scroll","background-type":"","background-media":"","overlay-type":"","overlay-color":"","overlay-opacity":"","overlay-gradient":""},"mobile":{"background-color":"var(--ast-global-color-5)","background-image":"","background-repeat":"repeat","background-position":"center center","background-size":"auto","background-attachment":"scroll","background-type":"","background-media":"","overlay-type":"","overlay-color":"","overlay-opacity":"","overlay-gradient":""}},"footnotes":""},"class_list":["post-10289","page","type-page","status-publish","hentry"],"post_mailing_queue_ids":[],"_links":{"self":[{"href":"https:\/\/agora.xtec.cat\/escola-abelferrater\/wp-json\/wp\/v2\/pages\/10289","targetHints":{"allow":["GET"]}}],"collection":[{"href":"https:\/\/agora.xtec.cat\/escola-abelferrater\/wp-json\/wp\/v2\/pages"}],"about":[{"href":"https:\/\/agora.xtec.cat\/escola-abelferrater\/wp-json\/wp\/v2\/types\/page"}],"author":[{"embeddable":true,"href":"https:\/\/agora.xtec.cat\/escola-abelferrater\/wp-json\/wp\/v2\/users\/1"}],"replies":[{"embeddable":true,"href":"https:\/\/agora.xtec.cat\/escola-abelferrater\/wp-json\/wp\/v2\/comments?post=10289"}],"version-history":[{"count":3,"href":"https:\/\/agora.xtec.cat\/escola-abelferrater\/wp-json\/wp\/v2\/pages\/10289\/revisions"}],"predecessor-version":[{"id":11156,"href":"https:\/\/agora.xtec.cat\/escola-abelferrater\/wp-json\/wp\/v2\/pages\/10289\/revisions\/11156"}],"up":[{"embeddable":true,"href":"https:\/\/agora.xtec.cat\/escola-abelferrater\/wp-json\/wp\/v2\/pages\/10387"}],"wp:attachment":[{"href":"https:\/\/agora.xtec.cat\/escola-abelferrater\/wp-json\/wp\/v2\/media?parent=10289"}],"curies":[{"name":"wp","href":"https:\/\/api.w.org\/{rel}","templated":true}]}}