{"id":7484,"date":"2026-03-08T15:49:59","date_gmt":"2026-03-08T14:49:59","guid":{"rendered":"https:\/\/agora.xtec.cat\/escmusicavic\/?page_id=7484"},"modified":"2026-03-10T11:55:02","modified_gmt":"2026-03-10T10:55:02","slug":"preinscripcions-emvic-2026-2027","status":"publish","type":"page","link":"https:\/\/agora.xtec.cat\/escmusicavic\/preinscripcions-emvic-2026-2027\/","title":{"rendered":"PREINSCRIPCIONS EMVIC 2026-2027"},"content":{"rendered":"<p>Als seg\u00fcents enlla\u00e7os hi trobareu els calendaris de preinscripci\u00f3 per a NOUS ALUMNES de cada programa ofertat a l\u2019EMVIC pel curs 2026-2027.<\/p>\n<p><strong><a href=\"https:\/\/agora.xtec.cat\/escmusicavic\/preinscripcions-emvic-2026-2027\/preinscripcions-a-coneix-la-musica-i-i3-2\/\">CoNEIX la M\u00fasica (Vic) i Sensibilitzaci\u00f3 (i3)<\/a><\/strong>*<\/p>\n<p><strong><a href=\"https:\/\/agora.xtec.cat\/escmusicavic\/preinscripcions-emvic-2026-2027\/preinscripcions-a-sensibilitzacio-i4i5-nivell-elemental-i-nivell-mitja\/\">Sensibilitzaci\u00f3 (i4 i i5), Nivell Elemental i Nivell Mitj\u00e0<\/a><\/strong><\/p>\n<p><strong><a href=\"https:\/\/agora.xtec.cat\/escmusicavic\/preinscripcions-emvic-2026-2027\/preinscripcio-a-laula-dadults\/\">Aula d&#8217;adults<\/a><\/strong><\/p>\n<p>*En el cas de CoNEIX la M\u00fasica i i3 han de fer la preinscripci\u00f3 com a nous alumnes encara que aquest curs ja hagin estat matriculats.<\/p>\n","protected":false},"excerpt":{"rendered":"<p>Als seg\u00fcents enlla\u00e7os hi trobareu els calendaris de preinscripci\u00f3 per a NOUS ALUMNES de cada programa ofertat a l\u2019EMVIC pel curs 2026-2027.<br \/>\n<a href=\"https:\/\/agora.xtec.cat\/escmusicavic\/preinscripcions-emvic-2026-2027\/preinscripcions-a-coneix-la-musica-i-i3-2\/\">CoNEIX la M\u00fasica (Vic) i Sensibilitzaci\u00f3 (i3)<\/a>*<br \/>\n<a href=\"https:\/\/agora.xtec.cat\/escmusicavic\/preinscripcions-emvic-2026-2027\/preinscripcions-a-sensibilitzacio-i4i5-nivell-elemental-i-nivell-mitja\/\">Sensibilitzaci\u00f3 (i4 i i5), Nivell Elemental i Nivell Mitj\u00e0<\/a><br \/>\n<a href=\"https:\/\/agora.xtec.cat\/escmusicavic\/preinscripcions-emvic-2026-2027\/preinscripcio-a-laula-dadults\/\">Aula d&#8217;adults<\/a><br \/>\n*En el cas de CoNEIX la&hellip;  <a href=\"https:\/\/agora.xtec.cat\/escmusicavic\/preinscripcions-emvic-2026-2027\/\" title=\"Read PREINSCRIPCIONS EMVIC 2026-2027\">Llegeix m\u00e9s\u00bb<\/a><\/p>\n","protected":false},"author":11,"featured_media":0,"parent":0,"menu_order":0,"comment_status":"closed","ping_status":"closed","template":"","meta":{"_bbp_topic_count":0,"_bbp_reply_count":0,"_bbp_total_topic_count":0,"_bbp_total_reply_count":0,"_bbp_voice_count":0,"_bbp_anonymous_reply_count":0,"_bbp_topic_count_hidden":0,"_bbp_reply_count_hidden":0,"_bbp_forum_subforum_count":0,"footnotes":""},"class_list":["post-7484","page","type-page","status-publish","hentry"],"post_mailing_queue_ids":[],"_links":{"self":[{"href":"https:\/\/agora.xtec.cat\/escmusicavic\/wp-json\/wp\/v2\/pages\/7484","targetHints":{"allow":["GET"]}}],"collection":[{"href":"https:\/\/agora.xtec.cat\/escmusicavic\/wp-json\/wp\/v2\/pages"}],"about":[{"href":"https:\/\/agora.xtec.cat\/escmusicavic\/wp-json\/wp\/v2\/types\/page"}],"author":[{"embeddable":true,"href":"https:\/\/agora.xtec.cat\/escmusicavic\/wp-json\/wp\/v2\/users\/11"}],"replies":[{"embeddable":true,"href":"https:\/\/agora.xtec.cat\/escmusicavic\/wp-json\/wp\/v2\/comments?post=7484"}],"version-history":[{"count":6,"href":"https:\/\/agora.xtec.cat\/escmusicavic\/wp-json\/wp\/v2\/pages\/7484\/revisions"}],"predecessor-version":[{"id":7506,"href":"https:\/\/agora.xtec.cat\/escmusicavic\/wp-json\/wp\/v2\/pages\/7484\/revisions\/7506"}],"wp:attachment":[{"href":"https:\/\/agora.xtec.cat\/escmusicavic\/wp-json\/wp\/v2\/media?parent=7484"}],"curies":[{"name":"wp","href":"https:\/\/api.w.org\/{rel}","templated":true}]}}