{"id":735,"date":"2018-10-01T16:23:51","date_gmt":"2018-10-01T14:23:51","guid":{"rendered":"http:\/\/agora.xtec.cat\/escmusicavic\/?page_id=735"},"modified":"2026-03-16T09:39:44","modified_gmt":"2026-03-16T08:39:44","slug":"reunions-informatives","status":"publish","type":"page","link":"https:\/\/agora.xtec.cat\/escmusicavic\/reunions-informatives\/","title":{"rendered":"Reunions Informatives"},"content":{"rendered":"<p><span style=\"color: #800000;\">PODEU CONSULTAR LES PRESENTACIONS VISUALS DE LES REUNIONS INFORMATIVES QUE ES FAN AL LLARG DEL CURS ADRE\u00c7ADES A PARES I ALUMNES.<\/span><\/p>\n<p><span style=\"color: #800000;\">Les presentacions poden trigar una mica a carregar-se perqu\u00e8 contenen for\u00e7a imatges. Espereu.<\/span><\/p>\n<p><span style=\"color: #800000;\">Per visualitzar-ho amb comoditat, ajusteu la primera diapositiva a la pantalla amb el zoom i passeu amb la fletxeta dreta.<\/span><\/p>\n<hr \/>\n<p><strong><span style=\"color: #000080;\">BENVINGUDA A LES FAM\u00cdLIES DELS PROGRAMES SENSIBILITZACI\u00d3, NIVELL ELEMENTAL I NIVELL MITJ\u00c0<\/span><\/strong><\/p>\n<p><strong><span style=\"color: #000080;\"><a href=\"https:\/\/agora.xtec.cat\/escmusicavic\/wp-content\/uploads\/usu1071\/2023\/10\/Captura-de-pantalla-2023-10-09-a-les-12.45.41.png\"><img loading=\"lazy\" decoding=\"async\" class=\"wp-image-6253 alignright\" src=\"https:\/\/agora.xtec.cat\/escmusicavic\/wp-content\/uploads\/usu1071\/2023\/10\/Captura-de-pantalla-2023-10-09-a-les-12.45.41-300x242.png\" alt=\"\" width=\"262\" height=\"211\" srcset=\"https:\/\/agora.xtec.cat\/escmusicavic\/wp-content\/uploads\/usu1071\/2023\/10\/Captura-de-pantalla-2023-10-09-a-les-12.45.41-300x242.png 300w, https:\/\/agora.xtec.cat\/escmusicavic\/wp-content\/uploads\/usu1071\/2023\/10\/Captura-de-pantalla-2023-10-09-a-les-12.45.41-1024x827.png 1024w, https:\/\/agora.xtec.cat\/escmusicavic\/wp-content\/uploads\/usu1071\/2023\/10\/Captura-de-pantalla-2023-10-09-a-les-12.45.41-768x620.png 768w, https:\/\/agora.xtec.cat\/escmusicavic\/wp-content\/uploads\/usu1071\/2023\/10\/Captura-de-pantalla-2023-10-09-a-les-12.45.41.png 1132w\" sizes=\"auto, (max-width: 262px) 100vw, 262px\" \/><\/a><\/span><\/strong><\/p>\n<p>Reuni\u00f3 de benvinguda on es presenta el Projecte Educatiu de l&#8217;Escola, organigrama, normatives de funcionament i\u00a0comunicaci\u00f3, etc.<\/p>\n<ul>\n<li><a href=\"https:\/\/latlantida-my.sharepoint.com\/:b:\/g\/personal\/margavinent_emvic_cat\/EVgrDXjxeUhMty0AyO-wLOIB7im2q5UNb8RdSU8gJzgahw?e=r8dV5j\">Benvinguda a Sensibilitzaci\u00f3\u00a0<\/a><\/li>\n<li><a href=\"https:\/\/latlantida-my.sharepoint.com\/:b:\/g\/personal\/margavinent_emvic_cat\/EXsA7_KjVYlAnQa1DbacPz0BGZhzsq-pXctfXd_cUiJ-3A?e=MauYbM\">Benvinguda a Nivell Elemental<\/a><\/li>\n<li><a href=\"https:\/\/latlantida-my.sharepoint.com\/:b:\/g\/personal\/margavinent_emvic_cat\/Ec8pvWVl2URMtOqbVLt_p1kBpRG2CaAXZNhxLNz_eR4dsw?e=tma7Zm\">Benvinguda a Nivell Mitj\u00e0<\/a><\/li>\n<\/ul>\n<p>&nbsp;<\/p>\n<p>&nbsp;<\/p>\n<hr \/>\n<p><strong><span style=\"color: #000080;\">PROJECTE EMVIC PELS NOUS ALUMNES<\/span><\/strong><\/p>\n<p>Presentaci\u00f3 del projecte EMVIC per les noves fam\u00edlies de l&#8217;EMVIC.<a href=\"https:\/\/agora.xtec.cat\/escmusicavic\/wp-content\/uploads\/usu1071\/2020\/05\/Projecte-EMVIC.jpg\"><img loading=\"lazy\" decoding=\"async\" class=\"size-medium wp-image-2928 alignright\" src=\"https:\/\/agora.xtec.cat\/escmusicavic\/wp-content\/uploads\/usu1071\/2020\/05\/Projecte-EMVIC-300x236.jpg\" alt=\"\" width=\"300\" height=\"236\" srcset=\"https:\/\/agora.xtec.cat\/escmusicavic\/wp-content\/uploads\/usu1071\/2020\/05\/Projecte-EMVIC-300x236.jpg 300w, https:\/\/agora.xtec.cat\/escmusicavic\/wp-content\/uploads\/usu1071\/2020\/05\/Projecte-EMVIC-768x605.jpg 768w, https:\/\/agora.xtec.cat\/escmusicavic\/wp-content\/uploads\/usu1071\/2020\/05\/Projecte-EMVIC-1024x806.jpg 1024w, https:\/\/agora.xtec.cat\/escmusicavic\/wp-content\/uploads\/usu1071\/2020\/05\/Projecte-EMVIC.jpg 1368w\" sizes=\"auto, (max-width: 300px) 100vw, 300px\" \/><\/a><\/p>\n<ul>\n<li><a href=\"https:\/\/latlantida-my.sharepoint.com\/:b:\/g\/personal\/margavinent_emvic_cat\/Eb06yLsm69hGkHwu5ziugCoBZ_a-oxQVZGwwcylLIyepgQ?e=CZJ1Fk\">Projecte EMVIC<\/a><\/li>\n<\/ul>\n<p>&nbsp;<\/p>\n<p>&nbsp;<\/p>\n<p>&nbsp;<\/p>\n<p>&nbsp;<\/p>\n<hr \/>\n<p><strong><span class=\"\" style=\"color: #003366;\">ITINERARIS DE NIVELL ELEMENTAL; L&#8217;ACC\u00c9S A INSTRUMENT. ADRE\u00c7AT A ALUMNES DE 1R DE NIVELL ELEMENTAL.<\/span><\/strong><br \/>\n<strong><span class=\"\" style=\"color: #003366;\">\u00a0<a href=\"https:\/\/agora.xtec.cat\/escmusicavic\/wp-content\/uploads\/usu1071\/2020\/06\/Captura-de-Pantalla-2020-06-29-a-les-17.25.53.png\"><img loading=\"lazy\" decoding=\"async\" class=\"size-medium wp-image-3275 alignright\" src=\"https:\/\/agora.xtec.cat\/escmusicavic\/wp-content\/uploads\/usu1071\/2020\/06\/Captura-de-Pantalla-2020-06-29-a-les-17.25.53-300x204.png\" alt=\"\" width=\"300\" height=\"204\" srcset=\"https:\/\/agora.xtec.cat\/escmusicavic\/wp-content\/uploads\/usu1071\/2020\/06\/Captura-de-Pantalla-2020-06-29-a-les-17.25.53-300x204.png 300w, https:\/\/agora.xtec.cat\/escmusicavic\/wp-content\/uploads\/usu1071\/2020\/06\/Captura-de-Pantalla-2020-06-29-a-les-17.25.53-768x523.png 768w, https:\/\/agora.xtec.cat\/escmusicavic\/wp-content\/uploads\/usu1071\/2020\/06\/Captura-de-Pantalla-2020-06-29-a-les-17.25.53-1024x698.png 1024w, https:\/\/agora.xtec.cat\/escmusicavic\/wp-content\/uploads\/usu1071\/2020\/06\/Captura-de-Pantalla-2020-06-29-a-les-17.25.53.png 1032w\" sizes=\"auto, (max-width: 300px) 100vw, 300px\" \/><\/a><br \/>\n<\/span><\/strong><\/p>\n<p><span class=\"\">Reuni\u00f3 adre\u00e7ada als pares i mares de 1r de Nivell Elemental i a tots els que no fan instrument. Orientacions per escollir l&#8217;itinerari i l&#8217;instrument.<\/span><\/p>\n<ul>\n<li style=\"list-style-type: none;\">\n<ul>\n<li style=\"list-style-type: none;\">\n<ul>\n<li><a href=\"https:\/\/agora.xtec.cat\/escmusicavic\/wp-content\/uploads\/usu1071\/2026\/03\/Presentacio-reunio-1NE.pdf\">Nivell Elemental: l&#8217;acc\u00e9s a instrument\u00a0<\/a><\/li>\n<\/ul>\n<\/li>\n<\/ul>\n<\/li>\n<\/ul>\n<p>&nbsp;<\/p>\n<hr \/>\n<p><strong><span style=\"color: #003366;\">EL DARRER TRAM DEL NIVELL ELEMENTAL. ADRE\u00c7AT A ALUMNES DE 4t I 5\u00e8 DE NE.<\/span><\/strong><\/p>\n<p>Reuni\u00f3 adre\u00e7ada a les fam\u00edlies d&#8217;alumnes de 4t de NE: Com afrontar el darrer tram d&#8217;aquesta etapa, les<br \/>\nassignatures de lliure elecci\u00f3, l&#8217;acc\u00e9s al conservatori, etc.<\/p>\n<ul>\n<li style=\"list-style-type: none;\">\n<ul>\n<li style=\"list-style-type: none;\">\n<ul>\n<li><a href=\"https:\/\/agora.xtec.cat\/escmusicavic\/wp-content\/uploads\/usu1071\/2025\/06\/Reunio-4NE.pdf\">El darrer tram del NE<\/a><\/li>\n<\/ul>\n<\/li>\n<\/ul>\n<\/li>\n<\/ul>\n<p>&nbsp;<\/p>\n<hr \/>\n<p><strong><span style=\"color: #003366;\">DESPR\u00c9S DE 6\u00e8 DE NIVELL ELEMENTAL: NIVELL MITJ\u00c0 O CONSERVATORI. ADRE\u00c7AT A ALUMNES DE 5\u00e8 I 6\u00e8 de NE.<\/span><\/strong><\/p>\n<p><a href=\"https:\/\/agora.xtec.cat\/escmusicavic\/wp-content\/uploads\/usu1071\/2020\/06\/Captura-de-Pantalla-2020-06-29-a-les-17.34.27.png\"><img loading=\"lazy\" decoding=\"async\" class=\"size-medium wp-image-3277 alignright\" src=\"https:\/\/agora.xtec.cat\/escmusicavic\/wp-content\/uploads\/usu1071\/2020\/06\/Captura-de-Pantalla-2020-06-29-a-les-17.34.27-300x219.png\" alt=\"\" width=\"300\" height=\"219\" srcset=\"https:\/\/agora.xtec.cat\/escmusicavic\/wp-content\/uploads\/usu1071\/2020\/06\/Captura-de-Pantalla-2020-06-29-a-les-17.34.27-300x219.png 300w, https:\/\/agora.xtec.cat\/escmusicavic\/wp-content\/uploads\/usu1071\/2020\/06\/Captura-de-Pantalla-2020-06-29-a-les-17.34.27-768x562.png 768w, https:\/\/agora.xtec.cat\/escmusicavic\/wp-content\/uploads\/usu1071\/2020\/06\/Captura-de-Pantalla-2020-06-29-a-les-17.34.27.png 830w\" sizes=\"auto, (max-width: 300px) 100vw, 300px\" \/><\/a><br \/>\nEl darrer curs del NE. Qu\u00e8 suposa entrar al conservatori. Quina \u00e9s l&#8217;oferta de l&#8217;emvic al\u00a0Nivell Mitj\u00e0.<\/p>\n<ul>\n<li style=\"list-style-type: none;\">\n<ul>\n<li style=\"list-style-type: none;\">\n<ul>\n<li><a href=\"https:\/\/latlantida-my.sharepoint.com\/:b:\/g\/personal\/dolcaalbert_emvic_cat\/EcDRnn0gfZhEjFs1_GVxbwkBkUUbDflmJzc0-339ooqm7g\">Despr\u00e9s de 6\u00e8 de Nivell Elemental: Nivell Mitj\u00e0 o Conservatori<\/a><\/li>\n<li><a href=\"https:\/\/latlantida-my.sharepoint.com\/:b:\/g\/personal\/margavinent_emvic_cat\/EQOn6V4KsrFPkKrx8h9Dxb4BqWDsqrL_NlLausFCPYQEMw?e=aLUb2C\">Acc\u00e9s al Conservatori\u00a0<\/a><\/li>\n<\/ul>\n<\/li>\n<\/ul>\n<\/li>\n<\/ul>\n<p>&nbsp;<\/p>\n<p>&nbsp;<\/p>\n<hr \/>\n<p><strong><span style=\"color: #003366;\">BENVINGUDA AL CONSERVATORI\u00a0<\/span><\/strong><\/p>\n<p>Reuni\u00f3 a<a href=\"https:\/\/latlantida-my.sharepoint.com\/personal\/sebastiabardolet_emvic_cat\/_layouts\/15\/guestaccess.aspx?guestaccesstoken=oY8NLmYi0NdWQUIF9oPNmbagU6WWNRuV0%2f8vgBo0cZI%3d&amp;docid=07c31adcb22484a088c68c3dedf925645\" target=\"_blank\" rel=\"noopener noreferrer\"><img loading=\"lazy\" decoding=\"async\" class=\"alignright\" src=\"http:\/\/blocs.xtec.cat\/emvic\/files\/2016\/07\/gpbenvinguda.jpg\" alt=\"\" width=\"298\" height=\"223\" \/><\/a>dre\u00e7ada als pares i alumnes que accedeixen al Conservatori de Vic. Curr\u00edculum,\u00a0comprom\u00eds educatiu, normatives, convalidacions, etc.<\/p>\n<ul>\n<li style=\"list-style-type: none;\">\n<ul>\n<li style=\"list-style-type: none;\">\n<ul>\n<li>BENVINGUDA AL CONSERVATORI DE VIC <span style=\"color: #ff0000;\">(Pendent juliol)<\/span><\/li>\n<\/ul>\n<\/li>\n<\/ul>\n<\/li>\n<\/ul>\n<p>&nbsp;<\/p>\n<p>&nbsp;<\/p>\n<p>&nbsp;<\/p>\n<hr \/>\n<p><strong><span style=\"color: #000080;\">BENVIGUDA A L&#8217;AULA D&#8217;ADULTS<\/span><\/strong><\/p>\n<p>Presentaci\u00f3 del projecte EMVIC per les noves fam\u00edlies de l&#8217;EMVIC.<a href=\"https:\/\/agora.xtec.cat\/escmusicavic\/wp-content\/uploads\/usu1071\/2020\/05\/Adults.png\"><img loading=\"lazy\" decoding=\"async\" class=\"size-medium wp-image-2929 alignright\" src=\"https:\/\/agora.xtec.cat\/escmusicavic\/wp-content\/uploads\/usu1071\/2020\/05\/Adults-300x228.png\" alt=\"\" width=\"300\" height=\"228\" srcset=\"https:\/\/agora.xtec.cat\/escmusicavic\/wp-content\/uploads\/usu1071\/2020\/05\/Adults-300x228.png 300w, https:\/\/agora.xtec.cat\/escmusicavic\/wp-content\/uploads\/usu1071\/2020\/05\/Adults-768x583.png 768w, https:\/\/agora.xtec.cat\/escmusicavic\/wp-content\/uploads\/usu1071\/2020\/05\/Adults-1024x777.png 1024w, https:\/\/agora.xtec.cat\/escmusicavic\/wp-content\/uploads\/usu1071\/2020\/05\/Adults.png 1358w\" sizes=\"auto, (max-width: 300px) 100vw, 300px\" \/><\/a><\/p>\n<ul>\n<li style=\"list-style-type: none;\">\n<ul>\n<li><a href=\"https:\/\/agora.xtec.cat\/escmusicavic\/wp-content\/uploads\/usu1071\/2020\/05\/benvingudaaulaadults2019-20.pdf\">Benvinguda a l&#8217;aula d&#8217;adults<\/a><\/li>\n<\/ul>\n<\/li>\n<\/ul>\n<p>&nbsp;<\/p>\n<p>&nbsp;<\/p>\n<p>&nbsp;<\/p>\n<p>&nbsp;<\/p>\n<hr \/>\n<p>&nbsp;<\/p>\n","protected":false},"excerpt":{"rendered":"<p>PODEU CONSULTAR LES PRESENTACIONS VISUALS DE LES REUNIONS INFORMATIVES QUE ES FAN AL LLARG DEL CURS ADRE\u00c7ADES A PARES I ALUMNES.<br \/>\nLes presentacions poden trigar una mica a carregar-se perqu\u00e8 contenen for\u00e7a imatges. Espereu.<br \/>\nPer visualitzar-ho amb comoditat, ajusteu la primera diapositiva a la pantalla amb el&hellip;  <a href=\"https:\/\/agora.xtec.cat\/escmusicavic\/reunions-informatives\/\" title=\"Read Reunions Informatives\">Llegeix m\u00e9s\u00bb<\/a><\/p>\n","protected":false},"author":1,"featured_media":0,"parent":0,"menu_order":25,"comment_status":"closed","ping_status":"closed","template":"page-templates\/side-menu.php","meta":{"_bbp_topic_count":0,"_bbp_reply_count":0,"_bbp_total_topic_count":0,"_bbp_total_reply_count":0,"_bbp_voice_count":0,"_bbp_anonymous_reply_count":0,"_bbp_topic_count_hidden":0,"_bbp_reply_count_hidden":0,"_bbp_forum_subforum_count":0,"footnotes":""},"class_list":["post-735","page","type-page","status-publish","hentry"],"post_mailing_queue_ids":[],"_links":{"self":[{"href":"https:\/\/agora.xtec.cat\/escmusicavic\/wp-json\/wp\/v2\/pages\/735","targetHints":{"allow":["GET"]}}],"collection":[{"href":"https:\/\/agora.xtec.cat\/escmusicavic\/wp-json\/wp\/v2\/pages"}],"about":[{"href":"https:\/\/agora.xtec.cat\/escmusicavic\/wp-json\/wp\/v2\/types\/page"}],"author":[{"embeddable":true,"href":"https:\/\/agora.xtec.cat\/escmusicavic\/wp-json\/wp\/v2\/users\/1"}],"replies":[{"embeddable":true,"href":"https:\/\/agora.xtec.cat\/escmusicavic\/wp-json\/wp\/v2\/comments?post=735"}],"version-history":[{"count":7,"href":"https:\/\/agora.xtec.cat\/escmusicavic\/wp-json\/wp\/v2\/pages\/735\/revisions"}],"predecessor-version":[{"id":7541,"href":"https:\/\/agora.xtec.cat\/escmusicavic\/wp-json\/wp\/v2\/pages\/735\/revisions\/7541"}],"wp:attachment":[{"href":"https:\/\/agora.xtec.cat\/escmusicavic\/wp-json\/wp\/v2\/media?parent=735"}],"curies":[{"name":"wp","href":"https:\/\/api.w.org\/{rel}","templated":true}]}}