{"id":7060,"date":"2025-03-08T16:51:07","date_gmt":"2025-03-08T15:51:07","guid":{"rendered":"https:\/\/agora.xtec.cat\/escmusicavic\/?page_id=7060"},"modified":"2026-03-13T09:13:43","modified_gmt":"2026-03-13T08:13:43","slug":"confirmacio-de-continuitat-i-prematricula-curs-2025-2026","status":"publish","type":"page","link":"https:\/\/agora.xtec.cat\/escmusicavic\/serveis\/confirmacio-de-continuitat-i-prematricula-curs-2025-2026\/","title":{"rendered":"Confirmaci\u00f3 de continu\u00eftat i prematr\u00edcula &#8211; curs 2026-2027"},"content":{"rendered":"<p>Aquesta informaci\u00f3 est\u00e0 adre\u00e7ada a l&#8217;alumnat actual de l&#8217;EMVIC (excepte alumnes actuals de CoNeix la M\u00fasica). Reviseu el calendari <strong>segons el programa que estigueu cursant actualment<\/strong>:<\/p>\n<h6>Alumnes actuals de i3, i4 i i5 (Sensibilitzaci\u00f3):<\/h6>\n<table style=\"font-weight: 400; width: 76.952267%;\" data-tablestyle=\"MsoTableGrid\" data-tablelook=\"1184\" aria-rowcount=\"3\">\n<tbody>\n<tr aria-rowindex=\"1\">\n<td style=\"width: 10.35461%;\" data-celllook=\"0\"><b><span data-contrast=\"auto\">MAR\u00c7<\/span><\/b><span data-ccp-props=\"{}\">\u00a0<\/span><\/td>\n<td style=\"width: 26.099291%;\" data-celllook=\"0\"><b><span data-contrast=\"auto\">Del 14 al 31 de mar\u00e7<\/span><\/b><span data-ccp-props=\"{&quot;201341983&quot;:0,&quot;335559740&quot;:259}\">\u00a0<\/span><\/td>\n<td style=\"width: 62.12766%;\" data-celllook=\"0\"><b><span data-contrast=\"auto\">Confirmaci\u00f3 de continu\u00eftat el curs 2026-2027 a trav\u00e9s de Gwido. Si no recordeu les vostres credencials de Gwido escriviu a <a href=\"mailto:recepcio@emvic.cat\">recepcio@emvic.cat<\/a>.\u00a0 <\/span><\/b><span data-ccp-props=\"{}\">\u00a0<\/span><\/td>\n<\/tr>\n<tr aria-rowindex=\"2\">\n<td style=\"width: 10.35461%;\" data-celllook=\"0\"><b><span data-contrast=\"auto\">JUNY<\/span><\/b><span data-ccp-props=\"{}\">\u00a0<\/span><\/td>\n<td style=\"width: 26.099291%;\" data-celllook=\"0\"><b><span data-contrast=\"auto\">A partir del 19 de juny<\/span><\/b><span data-ccp-props=\"{&quot;201341983&quot;:0,&quot;335559740&quot;:259}\">\u00a0<\/span><\/td>\n<td style=\"width: 62.12766%;\" data-celllook=\"0\"><b><span data-contrast=\"auto\">Publicaci\u00f3<\/span><\/b> <b><span data-contrast=\"auto\">a Gwido dels grups i horaris assignats<\/span><\/b><span data-ccp-props=\"{}\">\u00a0<\/span><\/td>\n<\/tr>\n<tr aria-rowindex=\"3\">\n<td style=\"width: 10.35461%;\" data-celllook=\"0\"><b><span data-contrast=\"auto\">JULIOL<\/span><\/b><span data-ccp-props=\"{}\">\u00a0<\/span><\/td>\n<td style=\"width: 26.099291%;\" data-celllook=\"0\"><b><span data-contrast=\"auto\">A partir del 15 de juliol<\/span><\/b><span data-ccp-props=\"{}\">\u00a0<\/span><\/td>\n<td style=\"width: 62.12766%;\" data-celllook=\"0\"><b><span data-contrast=\"auto\">Validaci\u00f3 autom\u00e0tica de matr\u00edcula<\/span><\/b><span data-ccp-props=\"{}\">\u00a0<\/span><\/td>\n<\/tr>\n<\/tbody>\n<\/table>\n<h6><\/h6>\n<h6>Alumnes actuals de 1NE (confirmaci\u00f3 de continu\u00eftat i prematr\u00edcula):<\/h6>\n<table style=\"font-weight: 400; width: 77.178958%;\" data-tablestyle=\"MsoTableGrid\" data-tablelook=\"1184\" aria-rowcount=\"11\">\n<tbody>\n<tr aria-rowindex=\"1\">\n<td style=\"width: 8.752998%;\" data-celllook=\"0\"><b><span data-contrast=\"auto\">MAR\u00c7<\/span><\/b><span data-ccp-props=\"{}\">\u00a0<\/span><\/td>\n<td style=\"width: 21.342926%;\" data-celllook=\"0\"><b><span data-contrast=\"auto\">Del 14 al 31 mar\u00e7<\/span><\/b><span data-ccp-props=\"{&quot;201341983&quot;:0,&quot;335559740&quot;:259}\">\u00a0<\/span><\/td>\n<td style=\"width: 53.83693%;\" data-celllook=\"0\"><b><span data-contrast=\"auto\">Confirmaci\u00f3 de continu\u00eftat el curs 2026-2027 a trav\u00e9s de Gwido.<\/span><\/b><span data-ccp-props=\"{}\"> <b>Si no recordeu les vostres credencials de Gwido escriviu a <a href=\"mailto:recepcio@emvic.cat\">recepcio@emvic.cat<\/a>.\u00a0 <\/b>\u00a0<\/span><\/td>\n<\/tr>\n<tr aria-rowindex=\"2\">\n<td style=\"width: 8.752998%;\" data-celllook=\"0\"><b><span data-contrast=\"auto\">MAIG<\/span><\/b><span data-ccp-props=\"{}\">\u00a0<\/span><\/td>\n<td style=\"width: 21.342926%;\" data-celllook=\"0\"><b><span data-contrast=\"auto\">29 de maig<\/span><\/b><span data-ccp-props=\"{&quot;201341983&quot;:0,&quot;335559740&quot;:259}\">\u00a0<\/span><\/td>\n<td style=\"width: 53.83693%;\" data-celllook=\"0\"><b><span data-contrast=\"auto\">Publicaci\u00f3 de places d&#8217;instrument ofertades pels alumnes de 1NE.<\/span><\/b><\/td>\n<\/tr>\n<tr aria-rowindex=\"3\">\n<td style=\"width: 8.752998%;\" colspan=\"1\" rowspan=\"6\" data-celllook=\"0\"><b><span data-contrast=\"auto\">JUNY<\/span><\/b><span data-ccp-props=\"{}\">\u00a0<\/span><\/td>\n<td style=\"width: 21.342926%;\" data-celllook=\"0\"><b><span data-contrast=\"auto\">Del 3 al 15 de juny<\/span><\/b><span data-ccp-props=\"{}\">\u00a0<\/span><\/td>\n<td style=\"width: 53.83693%;\" data-celllook=\"0\"><b><span data-contrast=\"auto\">Prematr\u00edcula: tria d&#8217;instrument, PRIG o seguir sense instrument, <\/span><\/b><span data-contrast=\"auto\">a trav\u00e9s de Gwido.<\/span><\/td>\n<\/tr>\n<tr aria-rowindex=\"4\">\n<td style=\"width: 21.342926%;\" data-celllook=\"0\"><b><span data-contrast=\"auto\">\u00a017 juny<\/span><\/b><span data-ccp-props=\"{}\">\u00a0<\/span><\/td>\n<td style=\"width: 53.83693%;\" data-celllook=\"0\"><b><span data-contrast=\"auto\">Publicaci\u00f3 llistat provisional de la tria d\u2019instrument<\/span><\/b><strong> de 1NE.<\/strong><\/td>\n<\/tr>\n<tr aria-rowindex=\"5\">\n<td style=\"width: 21.342926%;\" data-celllook=\"0\"><b><span data-contrast=\"auto\">Del 17 al 19 de juny<\/span><\/b><span data-ccp-props=\"{}\">\u00a0<\/span><\/td>\n<td style=\"width: 53.83693%; vertical-align: middle;\" data-celllook=\"0\"><b><span data-contrast=\"auto\">Sol\u00b7licitud per canviar l\u2019especialitat triada inicialment i atenci\u00f3 a les fam\u00edlies<\/span><\/b><span data-contrast=\"auto\">.<\/span><\/td>\n<\/tr>\n<tr aria-rowindex=\"6\">\n<td style=\"width: 21.342926%;\" data-celllook=\"0\"><b><span data-contrast=\"auto\">23 de juny<\/span><\/b><span data-ccp-props=\"{}\">\u00a0<\/span><\/td>\n<td style=\"width: 53.83693%;\" data-celllook=\"0\"><b><span data-contrast=\"auto\">Llistat definitiu tria instrument<\/span><\/b><span data-ccp-props=\"{}\">\u00a0<strong>de 1NE.<\/strong><\/span><\/td>\n<\/tr>\n<tr aria-rowindex=\"7\">\n<td style=\"width: 21.342926%;\" data-celllook=\"0\"><b><span data-contrast=\"auto\">25 de juny<\/span><\/b><span data-ccp-props=\"{}\">\u00a0<\/span><\/td>\n<td style=\"width: 53.83693%;\" data-celllook=\"0\"><b><span data-contrast=\"auto\">Sorteig de places d&#8217;instrument, en cas de ser necessari.<\/span><\/b><span data-ccp-props=\"{}\">\u00a0<\/span><\/td>\n<\/tr>\n<tr aria-rowindex=\"8\">\n<td style=\"width: 21.342926%;\" data-celllook=\"0\"><b><span data-contrast=\"auto\">25 de juny al 29 de juny<\/span><\/b><span data-ccp-props=\"{}\">\u00a0<\/span><\/td>\n<td style=\"width: 53.83693%;\" data-celllook=\"0\"><strong><span class=\"TextRun SCXW49099129 BCX4\" lang=\"CA-ES\" xml:lang=\"CA-ES\" data-contrast=\"auto\"><span class=\"NormalTextRun SCXW49099129 BCX4\">Reunions per atendre fam\u00edlies que <\/span><span class=\"NormalTextRun SCXW49099129 BCX4\">no han obtingut pla\u00e7a a l\u2019instrument triat.<\/span><\/span><span class=\"EOP SCXW49099129 BCX4\" data-ccp-props=\"{}\">\u00a0<\/span><\/strong><\/td>\n<\/tr>\n<tr aria-rowindex=\"9\">\n<td style=\"width: 8.752998%;\" colspan=\"1\" rowspan=\"3\" data-celllook=\"0\"><b><span data-contrast=\"auto\">JULIOL<\/span><\/b><span data-ccp-props=\"{}\">\u00a0<\/span><\/td>\n<td style=\"width: 21.342926%;\" data-celllook=\"0\"><b><span data-contrast=\"auto\">3 de juliol<\/span><\/b><span data-ccp-props=\"{&quot;201341983&quot;:0,&quot;335559740&quot;:259}\">\u00a0<\/span><\/td>\n<td style=\"width: 53.83693%;\" data-celllook=\"0\"><b><span data-contrast=\"auto\">Resoluci\u00f3 definitiva de la tria d\u2019instrument<\/span><\/b><span data-contrast=\"auto\">.<\/span><span data-ccp-props=\"{}\">\u00a0<\/span><\/td>\n<\/tr>\n<tr aria-rowindex=\"10\">\n<td style=\"width: 21.342926%;\" data-celllook=\"0\"><b><span data-contrast=\"auto\">10-15 de juliol<\/span><\/b><span data-ccp-props=\"{}\">\u00a0<\/span><\/td>\n<td style=\"width: 53.83693%;\" data-celllook=\"0\"><b><span data-contrast=\"auto\">Confecci\u00f3 d\u2019horaris d\u2019instrument.<\/span><\/b><span data-ccp-props=\"{}\">\u00a0<\/span><\/td>\n<\/tr>\n<tr aria-rowindex=\"11\">\n<td style=\"width: 21.342926%;\" data-celllook=\"0\"><b><span data-contrast=\"auto\">A partir del 15 de juliol<\/span><\/b><span data-ccp-props=\"{}\">\u00a0<\/span><\/td>\n<td style=\"width: 53.83693%;\" data-celllook=\"0\"><b><span data-contrast=\"auto\">Cobrament de matr\u00edcula.<\/span><\/b><span data-ccp-props=\"{}\">\u00a0<\/span><\/td>\n<\/tr>\n<\/tbody>\n<\/table>\n<h6><\/h6>\n<h6><a href=\"https:\/\/agora.xtec.cat\/escmusicavic\/serveis\/confirmacio-de-continuitat-i-prematricula-curs-2025-2026\/resultats-tria-dinstrument-1ne-2025-2026\/\">RESULTATS DE LA TRIA D&#8217;INSTRUMENT 2N NIVELL ELEMENTAL<\/a><\/h6>\n<h6>Alumnes actuals de Nivell Elemental (excepte 1NE), Nivell Mitj\u00e0** i Conservatori (confirmaci\u00f3 de continu\u00eftat i prematr\u00edcula):<\/h6>\n<table style=\"font-weight: 400; width: 76.811042%; height: 424px;\" data-tablestyle=\"MsoTableGrid\" data-tablelook=\"1184\" aria-rowcount=\"6\">\n<tbody>\n<tr style=\"height: 65px;\" aria-rowindex=\"1\">\n<td style=\"width: 8.390805%; height: 65px;\" data-celllook=\"0\"><b><span data-contrast=\"auto\">MAR\u00c7<\/span><\/b><span data-ccp-props=\"{}\">\u00a0<\/span><\/td>\n<td style=\"width: 19.770115%; height: 65px;\" data-celllook=\"0\"><b><span data-contrast=\"auto\">Del 14 al 31 mar\u00e7<\/span><\/b><span data-ccp-props=\"{&quot;201341983&quot;:0,&quot;335559740&quot;:259}\">\u00a0<\/span><\/td>\n<td style=\"width: 51.83908%; height: 65px;\" data-celllook=\"0\"><b><span data-contrast=\"none\">Confirmaci\u00f3 de continu\u00eftat el curs 2026-2027 a trav\u00e9s de Gwido. Si no recordeu les vostres credencials de Gwido escriviu a <a href=\"mailto:recepcio@emvic.cat\">recepcio@emvic.cat<\/a>.\u00a0 \u00a0 <\/span><\/b><span data-contrast=\"none\">\u00a0<\/span><span data-ccp-props=\"{}\">\u00a0<\/span><\/td>\n<\/tr>\n<tr style=\"height: 180px;\" aria-rowindex=\"2\">\n<td style=\"width: 8.390805%; height: 180px;\" data-celllook=\"0\"><b><span data-contrast=\"auto\">JUNY<\/span><\/b><span data-ccp-props=\"{&quot;335551550&quot;:1,&quot;335551620&quot;:1}\">\u00a0<\/span><\/td>\n<td style=\"width: 19.770115%; height: 180px;\" data-celllook=\"0\"><b><span data-contrast=\"auto\">Del 3 al 15 de juny<\/span><\/b><span data-ccp-props=\"{}\">\u00a0<\/span><\/td>\n<td style=\"width: 51.83908%; height: 180px;\" data-celllook=\"0\"><b><span data-contrast=\"auto\">Prematr\u00edcula (excepte alumnes que han fet prova d\u2019acc\u00e9s GP)*:\u00a0<\/span><\/b><span data-ccp-props=\"{}\">\u00a0<\/span><\/p>\n<ul>\n<li data-leveltext=\"\uf0b7\" data-font=\"Symbol\" data-listid=\"6\" data-list-defn-props=\"{&quot;335552541&quot;:1,&quot;335559685&quot;:720,&quot;335559991&quot;:360,&quot;469769226&quot;:&quot;Symbol&quot;,&quot;469769242&quot;:[8226],&quot;469777803&quot;:&quot;left&quot;,&quot;469777804&quot;:&quot;\uf0b7&quot;,&quot;469777815&quot;:&quot;hybridMultilevel&quot;}\" aria-setsize=\"-1\" data-aria-posinset=\"1\" data-aria-level=\"1\"><span data-contrast=\"auto\">Sol\u00b7licitud d\u2019optatives i de lliure elecci\u00f3 a trav\u00e9s de Gwido<\/span><span data-ccp-props=\"{}\">\u00a0<\/span><\/li>\n<\/ul>\n<ul>\n<li data-leveltext=\"\uf0b7\" data-font=\"Symbol\" data-listid=\"6\" data-list-defn-props=\"{&quot;335552541&quot;:1,&quot;335559685&quot;:720,&quot;335559991&quot;:360,&quot;469769226&quot;:&quot;Symbol&quot;,&quot;469769242&quot;:[8226],&quot;469777803&quot;:&quot;left&quot;,&quot;469777804&quot;:&quot;\uf0b7&quot;,&quot;469777815&quot;:&quot;hybridMultilevel&quot;}\" aria-setsize=\"-1\" data-aria-posinset=\"2\" data-aria-level=\"1\"><span data-contrast=\"auto\">Sol\u00b7licitud de canvi d\u2019instrument, de tutor, d\u2019itinerari &#8211; escriure a <\/span><a href=\"mailto:dolcaalbert@emvic.cat\"><span data-contrast=\"none\">dolcaalbert@emvic.cat<\/span><\/a><span data-contrast=\"auto\">\u00a0<\/span><\/li>\n<\/ul>\n<\/td>\n<\/tr>\n<tr style=\"height: 48px;\" aria-rowindex=\"3\">\n<td style=\"width: 8.390805%; height: 179px;\" colspan=\"1\" rowspan=\"4\" data-celllook=\"0\"><strong>JULIOL<\/strong><\/td>\n<td style=\"width: 19.770115%; height: 48px;\" data-celllook=\"0\"><b><span data-contrast=\"auto\">3 de juliol<\/span><\/b><span data-ccp-props=\"{}\">\u00a0<\/span><\/td>\n<td style=\"width: 51.83908%; height: 48px;\" data-celllook=\"0\"><b><span data-contrast=\"auto\">Resoluci\u00f3 de la prematr\u00edcula. <\/span><\/b><span data-contrast=\"auto\">Publicaci\u00f3 a la web (optatives i lliure elecci\u00f3).\u00a0<\/span><span data-ccp-props=\"{}\">\u00a0<\/span><\/td>\n<\/tr>\n<tr style=\"height: 49px;\" aria-rowindex=\"4\">\n<td style=\"width: 19.770115%; height: 49px;\" data-celllook=\"0\"><b><span data-contrast=\"auto\">8 de juliol<\/span><\/b><span data-ccp-props=\"{}\">\u00a0<\/span><\/td>\n<td style=\"width: 51.83908%; height: 49px;\" data-celllook=\"0\"><b><span data-contrast=\"auto\">Resoluci\u00f3 de prematr\u00edcula pels que han demanat canvi d&#8217;instrument, de tutor o d&#8217;itinerari.<\/span><\/b><span data-ccp-props=\"{}\">\u00a0<\/span><\/td>\n<\/tr>\n<tr style=\"height: 33px;\" aria-rowindex=\"5\">\n<td style=\"width: 19.770115%; height: 33px;\" data-celllook=\"0\"><b><span data-contrast=\"auto\">10-15 de juliol<\/span><\/b><span data-ccp-props=\"{}\">\u00a0<\/span><\/td>\n<td style=\"width: 51.83908%; height: 33px;\" data-celllook=\"0\"><b><span data-contrast=\"auto\">Confecci\u00f3 d\u2019horaris d\u2019instrument<\/span><\/b><span data-ccp-props=\"{}\">\u00a0<\/span><\/td>\n<\/tr>\n<tr style=\"height: 49px;\" aria-rowindex=\"6\">\n<td style=\"width: 19.770115%; height: 49px;\" data-celllook=\"0\"><b><span data-contrast=\"auto\">A partir del 15 de juliol<\/span><\/b><span data-ccp-props=\"{}\">\u00a0<\/span><\/td>\n<td style=\"width: 51.83908%; height: 49px;\" data-celllook=\"0\"><b><span data-contrast=\"auto\">Cobrament de matr\u00edcula<\/span><\/b><span data-ccp-props=\"{}\">\u00a0<\/span><\/td>\n<\/tr>\n<\/tbody>\n<\/table>\n<p>*Els alumnes que aquest curs accedeixin al Conservatori tindran un calendari excepcional de prematr\u00edcula per triar les assignatures al juliol.<\/p>\n<p>** Els alumnes de Nivell Mitj\u00e0 nascuts al 2008 no han de fer prematr\u00edcula, ja que el curs que ve hauran de demanar pla\u00e7a a l&#8217;Aula d&#8217;Adults.<\/p>\n","protected":false},"excerpt":{"rendered":"<p>Aquesta informaci\u00f3 est\u00e0 adre\u00e7ada a l&#8217;alumnat actual de l&#8217;EMVIC (excepte alumnes actuals de CoNeix la M\u00fasica). Reviseu el calendari segons el programa que estigueu cursant actualment:<br \/>\nAlumnes actuals de i3, i4 i i5 (Sensibilitzaci\u00f3):<\/p>\n<p>MAR\u00c7\u00a0<br \/>\nDel 14 al 31 de mar\u00e7\u00a0<br \/>\nConfirmaci\u00f3 de continu\u00eftat el curs 2026-2027 a trav\u00e9s&hellip;  <a href=\"https:\/\/agora.xtec.cat\/escmusicavic\/serveis\/confirmacio-de-continuitat-i-prematricula-curs-2025-2026\/\" title=\"Read Confirmaci\u00f3 de continu\u00eftat i prematr\u00edcula &#8211; curs 2026-2027\">Llegeix m\u00e9s\u00bb<\/a><\/p>\n","protected":false},"author":11,"featured_media":0,"parent":63,"menu_order":1,"comment_status":"closed","ping_status":"closed","template":"","meta":{"_bbp_topic_count":0,"_bbp_reply_count":0,"_bbp_total_topic_count":0,"_bbp_total_reply_count":0,"_bbp_voice_count":0,"_bbp_anonymous_reply_count":0,"_bbp_topic_count_hidden":0,"_bbp_reply_count_hidden":0,"_bbp_forum_subforum_count":0,"footnotes":""},"class_list":["post-7060","page","type-page","status-publish","hentry"],"post_mailing_queue_ids":[],"_links":{"self":[{"href":"https:\/\/agora.xtec.cat\/escmusicavic\/wp-json\/wp\/v2\/pages\/7060","targetHints":{"allow":["GET"]}}],"collection":[{"href":"https:\/\/agora.xtec.cat\/escmusicavic\/wp-json\/wp\/v2\/pages"}],"about":[{"href":"https:\/\/agora.xtec.cat\/escmusicavic\/wp-json\/wp\/v2\/types\/page"}],"author":[{"embeddable":true,"href":"https:\/\/agora.xtec.cat\/escmusicavic\/wp-json\/wp\/v2\/users\/11"}],"replies":[{"embeddable":true,"href":"https:\/\/agora.xtec.cat\/escmusicavic\/wp-json\/wp\/v2\/comments?post=7060"}],"version-history":[{"count":6,"href":"https:\/\/agora.xtec.cat\/escmusicavic\/wp-json\/wp\/v2\/pages\/7060\/revisions"}],"predecessor-version":[{"id":7525,"href":"https:\/\/agora.xtec.cat\/escmusicavic\/wp-json\/wp\/v2\/pages\/7060\/revisions\/7525"}],"up":[{"embeddable":true,"href":"https:\/\/agora.xtec.cat\/escmusicavic\/wp-json\/wp\/v2\/pages\/63"}],"wp:attachment":[{"href":"https:\/\/agora.xtec.cat\/escmusicavic\/wp-json\/wp\/v2\/media?parent=7060"}],"curies":[{"name":"wp","href":"https:\/\/api.w.org\/{rel}","templated":true}]}}