{"id":682,"date":"2018-09-30T08:40:21","date_gmt":"2018-09-30T06:40:21","guid":{"rendered":"http:\/\/agora.xtec.cat\/escmusicavic\/?page_id=682"},"modified":"2025-05-22T16:24:33","modified_gmt":"2025-05-22T14:24:33","slug":"aula-musica-puig-porret","status":"publish","type":"page","link":"https:\/\/agora.xtec.cat\/escmusicavic\/transparencia\/beques-i-ajuts\/aula-musica-puig-porret\/","title":{"rendered":"Aula M\u00fasica Puig-Porret"},"content":{"rendered":"<p><strong><span style=\"color: #993366;\">PREMI AULA DE M\u00daSICA PUIG-PORRET<\/span><\/strong><\/p>\n<p>\u00c9s fruit d&#8217;un acord de col\u00b7laboraci\u00f3 entre l&#8217;Escola de M\u00fasica i la Fundaci\u00f3 Puig-Porret. Est\u00e0 adre\u00e7at a alumnes de 6\u00e8 de Nivell Elemental o del curs anterior a l&#8217;acc\u00e9s al Conservatori i el seu objectiu \u00e9s garantir un programa d&#8217;aprofundiment a aquells alumnes que demostrin excel\u00b7l\u00e8ncia i inter\u00e8s en l&#8217;estudi musical sense que aix\u00f2 suposi un sobrecost afegit a les fam\u00edlies. Aquest programa d&#8217;aprofundiment consistir\u00e0 en l&#8217;adjudicaci\u00f3 d&#8217;una hora setmanal de classe individual m\u00e9s una s\u00e8rie d&#8217;activitats paral\u00b7leles durant el curs com m\u00e0sters, concerts, participaci\u00f3 en concursos, \u00a0o un curs intensiu a l&#8217;estiu que s&#8217;aniran decicint de manera personalitzada en cada cas.<\/p>\n<p style=\"text-align: left;\">Per qualsevol dubte parleu amb el vostre tutor. Tamb\u00e9 podeu contactar directament al correu <a href=\"mailto:dolcaalbert@emvic.cat\">dolcaalbert@emvic.cat<\/a>.<\/p>\n<hr \/>\n<p><span style=\"color: #993366;\"><b>CONVOCAT\u00d2RIA CURS 2024-2025<\/b>\u00a0<\/span><\/p>\n<p><span data-contrast=\"none\">S\u2019ha obert la convocat\u00f2ria a una nova edici\u00f3 dels PREMIS AULA DE M\u00daSICA PUIG-PORRET.\u00a0<\/span><span data-ccp-props=\"{&quot;335551550&quot;:1,&quot;335551620&quot;:1}\">\u00a0<\/span><\/p>\n<p><span data-contrast=\"none\">Es tracta d\u2019un concurs de m\u00e8rits adre\u00e7at a alumnes que el proper any cursin 6\u00e8 de Nivell Elemental o un curs de Nivell Mitj\u00e0 i que tinguin intenci\u00f3 de realitzar la prova d\u2019acc\u00e9s al Conservatori. <\/span><br \/>\n<span data-contrast=\"none\">El Premi permet cursar el m\u00f2dul d\u2019instrument de 60\u2032 amb avantatges econ\u00f2mics, a m\u00e9s de participar en activitats i concerts que s\u2019organitzen durant el curs. <\/span><br \/>\n<span data-contrast=\"none\">Est\u00e0 obert a totes les especialitats i cal fer la inscripci\u00f3 a trav\u00e9s del tutor de l\u2019EMVIC\u00a0<\/span><b><span data-contrast=\"none\">abans del divendres 30 de maig, <\/span><\/b>emplenant el seg\u00fcent<a href=\"https:\/\/forms.office.com\/Pages\/ResponsePage.aspx?id=pzjJll4sq0uqIBsLhd-bQXQCIQjaLFFBgX9VHQKQYiZUMEdQTUxZMDdPNzNYSVdVT0NSTUdLMTBZSC4u\"><strong> formulari<\/strong><span data-contrast=\"none\"><span class=\"ui-provider gr b c d e f g h i j k l m n o p q r s t u v w x y z ab ac ae af ag ah ai aj ak\" dir=\"ltr\">.<\/span><\/span><\/a><\/p>\n<hr \/>\n<p><span style=\"color: #993366;\"><b>BASES<\/b>\u00a0<\/span><\/p>\n<p><span data-contrast=\"none\">L\u2019alumne que participa al premi haur\u00e0 de presentar 3 obres. Una de les quals ha de ser de mem\u00f2ria i una (pot tractar-se de la mateixa) sense acompanyament. Un moviment d\u2019obra de gran format es considerar\u00e0 tamb\u00e9 una obra. El minutatge m\u00e0xim total ser\u00e0 de 9 minuts.<\/span><br \/>\n<span data-contrast=\"none\">La prova es realitzar\u00e0 el proper <\/span><b><span data-contrast=\"none\">dia 14 de juny a les 12 h a la sala 3. <\/span><\/b>El tribunal estar\u00e0 format per Josep Baucells Colom, Jofre Bardolet Casadevall i Marta Guilaniu Bou.<br \/>\n<span data-contrast=\"none\">L\u2019entrega dels premis Puig-Porret 2025 i el concert dels guanyadors del curs passat (2024) tindr\u00e0 lloc el proper <\/span><b><span data-contrast=\"none\">dia 27 de juny a les 20 h a la Sala 3.<\/span><\/b><\/p>\n<hr \/>\n<p><span style=\"color: #993366;\"><b>PREMIS<\/b>\u00a0<\/span><\/p>\n<p><span data-contrast=\"none\">Els guanyadors de la beca disposaran de forma gratu\u00efta de 15\u2032 per arribar a un m\u00f2dul de 60 minuts d\u2019instrument. Tamb\u00e9 obtindran dues entrades pel cicle de Grans Concerts el curs 2025-2026.<\/span><br \/>\n<span data-contrast=\"none\">Per a qualsevol dubte dirigiu-vos a <a href=\"mailto:dolcaalbert@emvic.cat\">dolcaalbert@emvic.cat<\/a>.<\/span><\/p>\n<hr \/>\n<p>&nbsp;<\/p>\n","protected":false},"excerpt":{"rendered":"<p>PREMI AULA DE M\u00daSICA PUIG-PORRET<br \/>\n\u00c9s fruit d&#8217;un acord de col\u00b7laboraci\u00f3 entre l&#8217;Escola de M\u00fasica i la Fundaci\u00f3 Puig-Porret. Est\u00e0 adre\u00e7at a alumnes de 6\u00e8 de Nivell Elemental o del curs anterior a l&#8217;acc\u00e9s al Conservatori i el seu objectiu \u00e9s garantir un programa d&#8217;aprofundiment a&hellip;  <a href=\"https:\/\/agora.xtec.cat\/escmusicavic\/transparencia\/beques-i-ajuts\/aula-musica-puig-porret\/\" title=\"Read Aula M\u00fasica Puig-Porret\">Llegeix m\u00e9s\u00bb<\/a><\/p>\n","protected":false},"author":1,"featured_media":0,"parent":588,"menu_order":30,"comment_status":"closed","ping_status":"closed","template":"page-templates\/side-menu.php","meta":{"_bbp_topic_count":0,"_bbp_reply_count":0,"_bbp_total_topic_count":0,"_bbp_total_reply_count":0,"_bbp_voice_count":0,"_bbp_anonymous_reply_count":0,"_bbp_topic_count_hidden":0,"_bbp_reply_count_hidden":0,"_bbp_forum_subforum_count":0,"footnotes":""},"class_list":["post-682","page","type-page","status-publish","hentry"],"post_mailing_queue_ids":[],"_links":{"self":[{"href":"https:\/\/agora.xtec.cat\/escmusicavic\/wp-json\/wp\/v2\/pages\/682","targetHints":{"allow":["GET"]}}],"collection":[{"href":"https:\/\/agora.xtec.cat\/escmusicavic\/wp-json\/wp\/v2\/pages"}],"about":[{"href":"https:\/\/agora.xtec.cat\/escmusicavic\/wp-json\/wp\/v2\/types\/page"}],"author":[{"embeddable":true,"href":"https:\/\/agora.xtec.cat\/escmusicavic\/wp-json\/wp\/v2\/users\/1"}],"replies":[{"embeddable":true,"href":"https:\/\/agora.xtec.cat\/escmusicavic\/wp-json\/wp\/v2\/comments?post=682"}],"version-history":[{"count":6,"href":"https:\/\/agora.xtec.cat\/escmusicavic\/wp-json\/wp\/v2\/pages\/682\/revisions"}],"predecessor-version":[{"id":7190,"href":"https:\/\/agora.xtec.cat\/escmusicavic\/wp-json\/wp\/v2\/pages\/682\/revisions\/7190"}],"up":[{"embeddable":true,"href":"https:\/\/agora.xtec.cat\/escmusicavic\/wp-json\/wp\/v2\/pages\/588"}],"wp:attachment":[{"href":"https:\/\/agora.xtec.cat\/escmusicavic\/wp-json\/wp\/v2\/media?parent=682"}],"curies":[{"name":"wp","href":"https:\/\/api.w.org\/{rel}","templated":true}]}}

Aula Música Puig-Porret

<p><strong><span style="color: #993366;">PREMI AULA DE MÚSICA PUIG-PORRET</span></strong></p>
<p>És fruit d&#8217;un acord de col·laboració entre l&#8217;Escola de Música i la Fundació Puig-Porret. Està adreçat a alumnes de 6è de Nivell Elemental o del curs anterior a l&#8217;accés al Conservatori i el seu objectiu és garantir un programa d&#8217;aprofundiment a aquells alumnes que demostrin excel·lència i interès en l&#8217;estudi musical sense que això suposi un sobrecost afegit a les famílies. Aquest programa d&#8217;aprofundiment consistirà en l&#8217;adjudicació d&#8217;una hora setmanal de classe individual més una sèrie d&#8217;activitats paral·leles durant el curs com màsters, concerts, participació en concursos,  o un curs intensiu a l&#8217;estiu que s&#8217;aniran decicint de manera personalitzada en cada cas.</p>
<p style="text-align: left;">Per qualsevol dubte parleu amb el vostre tutor. També podeu contactar directament al correu <a href="mailto:dolcaalbert@emvic.cat">dolcaalbert@emvic.cat</a>.</p>
<hr />
<p><span style="color: #993366;"><b>CONVOCATÒRIA CURS 2024-2025</b> </span></p>
<p><span data-contrast="none">S’ha obert la convocatòria a una nova edició dels PREMIS AULA DE MÚSICA PUIG-PORRET. </span><span data-ccp-props="{&quot;335551550&quot;:1,&quot;335551620&quot;:1}"> </span></p>
<p><span data-contrast="none">Es tracta d’un concurs de mèrits adreçat a alumnes que el proper any cursin 6è de Nivell Elemental o un curs de Nivell Mitjà i que tinguin intenció de realitzar la prova d’accés al Conservatori. </span><br />
<span data-contrast="none">El Premi permet cursar el mòdul d’instrument de 60′ amb avantatges econòmics, a més de participar en activitats i concerts que s’organitzen durant el curs. </span><br />
<span data-contrast="none">Està obert a totes les especialitats i cal fer la inscripció a través del tutor de l’EMVIC </span><b><span data-contrast="none">abans del divendres 30 de maig, </span></b>emplenant el següent<a href="https://forms.office.com/Pages/ResponsePage.aspx?id=pzjJll4sq0uqIBsLhd-bQXQCIQjaLFFBgX9VHQKQYiZUMEdQTUxZMDdPNzNYSVdVT0NSTUdLMTBZSC4u"><strong> formulari</strong><span data-contrast="none"><span class="ui-provider gr b c d e f g h i j k l m n o p q r s t u v w x y z ab ac ae af ag ah ai aj ak" dir="ltr">.</span></span></a></p>
<hr />
<p><span style="color: #993366;"><b>BASES</b> </span></p>
<p><span data-contrast="none">L’alumne que participa al premi haurà de presentar 3 obres. Una de les quals ha de ser de memòria i una (pot tractar-se de la mateixa) sense acompanyament. Un moviment d’obra de gran format es considerarà també una obra. El minutatge màxim total serà de 9 minuts.</span><br />
<span data-contrast="none">La prova es realitzarà el proper </span><b><span data-contrast="none">dia 14 de juny a les 12 h a la sala 3. </span></b>El tribunal estarà format per Josep Baucells Colom, Jofre Bardolet Casadevall i Marta Guilaniu Bou.<br />
<span data-contrast="none">L’entrega dels premis Puig-Porret 2025 i el concert dels guanyadors del curs passat (2024) tindrà lloc el proper </span><b><span data-contrast="none">dia 27 de juny a les 20 h a la Sala 3.</span></b></p>
<hr />
<p><span style="color: #993366;"><b>PREMIS</b> </span></p>
<p><span data-contrast="none">Els guanyadors de la beca disposaran de forma gratuïta de 15′ per arribar a un mòdul de 60 minuts d’instrument. També obtindran dues entrades pel cicle de Grans Concerts el curs 2025-2026.</span><br />
<span data-contrast="none">Per a qualsevol dubte dirigiu-vos a <a href="mailto:dolcaalbert@emvic.cat">dolcaalbert@emvic.cat</a>.</span></p>
<hr />
<p>&nbsp;</p>

<p>PREMI AULA DE MÚSICA PUIG-PORRET<br />
És fruit d&#8217;un acord de col·laboració entre l&#8217;Escola de Música i la Fundació Puig-Porret. Està adreçat a alumnes de 6è de Nivell Elemental o del curs anterior a l&#8217;accés al Conservatori i el seu objectiu és garantir un programa d&#8217;aprofundiment a&hellip;  <a href="https://agora.xtec.cat/escmusicavic/transparencia/beques-i-ajuts/aula-musica-puig-porret/" title="Read Aula Música Puig-Porret">Llegeix més»</a></p>
