{"id":6698,"date":"2024-06-18T12:21:16","date_gmt":"2024-06-18T10:21:16","guid":{"rendered":"https:\/\/agora.xtec.cat\/escmusicavic\/?page_id=6698"},"modified":"2024-06-25T19:28:33","modified_gmt":"2024-06-25T17:28:33","slug":"resultats-tria-dinstrument-1ne-2024-2025","status":"publish","type":"page","link":"https:\/\/agora.xtec.cat\/escmusicavic\/resultats-tria-dinstrument-1ne-2024-2025\/","title":{"rendered":"RESULTATS TRIA D&#8217;INSTRUMENT 1NE 2024-2025"},"content":{"rendered":"<hr \/>\n<h6>RESULTAT SORTEIG DE LA TRIA D&#8217;INSTRUMENT (25\/06\/24)<\/h6>\n<p>Al seg\u00fcent enlla\u00e7 hi trobareu el resultat del sorteig que hem celebrat avui dia 25 de juny a la web de l&#8217;EMVIC.<\/p>\n<p><strong><a href=\"https:\/\/agora.xtec.cat\/escmusicavic\/wp-content\/uploads\/usu1071\/2024\/06\/RESULTAT-SORTEIG-TRIA-INSTRUMENT_25JUNY.pdf\">Resultat del sorteig<\/a><\/strong><\/p>\n<p>Els alumnes que <b>han obtingut pla\u00e7a d&#8217;instrument\u00a0despr\u00e9s del\u00a0sorteig<\/b>\u00a0tenen el seu n\u00famero del\u00a0sorteig\u00a0marcat en f\u00facsia.<\/p>\n<p><b>Atenci\u00f3 a les fam\u00edlies sense pla\u00e7a d&#8217;instrument: <\/b>Una vegada realitzat el sorteig, vam realitzar un segon sorteig entre els alumnes que es van quedar sense l&#8217;opci\u00f3 triada d&#8217;instrument, per establir un ordre per atendre&#8217;ls personalment i oferir-los les opcions disponibles. A partir d&#8217;avui un membre de l&#8217;equip directiu contactar\u00e0 amb cada fam\u00edlia per l&#8217;ordre establert en el segon sorteig.\u00a0<a href=\"https:\/\/agora.xtec.cat\/escmusicavic\/wp-content\/uploads\/usu1071\/2024\/06\/SORTEIG-ORDRE-ATENCIO.pdf\">Sorteig ordre d&#8217;atenci\u00f3<\/a><\/p>\n<hr \/>\n<h6>LLISTAT PROVISIONAL ABANS DEL SORTEIG (25\/06\/24)<\/h6>\n<p>Al seg\u00fcent enlla\u00e7 hi trobareu el llistat de sol\u00b7licituds de la tria d\u2019instrument dels alumnes de 1r de Nivell Elemental, despr\u00e9s del per\u00edode de canvis voluntaris d\u2019instrument i abans de realitzar el <strong>sorteig d&#8217;avui 25 de juny a les 18 h (presencial a l\u2019EMVIC<\/strong>). Tamb\u00e9 us hi hem afegit el una columna amb <strong>el n\u00famero que hem adjudicat a cada sol\u00b7licitud que entra al sorteig<\/strong> (sol\u00b7licituds en taronja).<\/p>\n<p><strong>Atenci\u00f3:<\/strong> El sorteig \u00e9s p\u00fablic, per\u00f2 si hi voleu assistir us recomanem no venir amb els infants, perqu\u00e8 en cas que no obtingueu la pla\u00e7a desitjada pugueu gestionar millor la situaci\u00f3 posteriorment a casa.<\/p>\n<p>El vostre infant est\u00e0 identificat pel codi d\u2019identificaci\u00f3 de l\u2019alumne\/a al Gwido.<\/p>\n<h6><a href=\"https:\/\/agora.xtec.cat\/escmusicavic\/wp-content\/uploads\/usu1071\/2024\/06\/TRIA-_INSTRUMENTS_1NE_ABANS-SORTEIG_2024_2025.pdf\">Llistat provisional i n\u00famero pel sorteig<\/a><\/h6>\n<p>Les sol\u00b7licituds que <strong>ja han obtingut pla\u00e7a (en color verd)<\/strong> no han de fer cap altra gesti\u00f3 fins a la segona setmana de juliol, quan el tutor que se li assigni acordar\u00e0 l\u2019horari de les classes amb cada fam\u00edlia.<\/p>\n<hr \/>\n<h6>LLISTAT PROVISIONAL DE TRIA D\u2019INSTRUMENT (18\/06\/24)<\/h6>\n<p>El\/la vostre\/a fill\/a est\u00e0 identificat pel codi d\u2019identificaci\u00f3 de l\u2019alumne\/a al Gwido.<\/p>\n<p><a href=\"https:\/\/agora.xtec.cat\/escmusicavic\/wp-content\/uploads\/usu1071\/2024\/06\/TRIA-INSTRUMENTS-1NE_2024_2025.pdf\"><strong>Llistat provisional de tria d\u2019instrument<\/strong><\/a><\/p>\n<ul>\n<li>Els\u00a0<strong>alumnes marcats en\u00a0<span style=\"background-color: #99cc00;\">verd<\/span>\u00a0<\/strong>han<strong>\u00a0obtingut pla\u00e7a<\/strong>\u00a0de l\u2019instrument triat i per ara no han de fer res m\u00e9s.<strong> A partir del dia 10 de juliol<\/strong>\u00a0el professor es posar\u00e0 en contacte amb vosaltres per determinar l\u2019horari d\u2019instrument.<\/li>\n<li>Els\u00a0<strong>alumnes marcats en\u00a0<span style=\"background-color: #ff9900;\">taronja<\/span>\u00a0<\/strong>van a\u00a0<strong>sorteig<\/strong>, ja que hi ha m\u00e9s demanda que places disponibles de l\u2019instrument escollit. En aquests casos:\n<ul>\n<li>Si abans de fer el sorteig us interessa\u00a0<strong>canviar a un altre instrument\u00a0<\/strong>que tingui places disponibles\u00a0(places marcades en <span style=\"color: #000000;\">gris<\/span> o sense color de fons),\u00a0podeu sol\u00b7licitar-ho al seg\u00fcent\u00a0<strong><a href=\"https:\/\/forms.office.com\/e\/GubZT4XNjU\">formulari<\/a> fins el divendres 21 de juny.<\/strong><\/li>\n<li>El\u00a0<strong>dia 25 de juny <\/strong>penjarem el llistat provisional despr\u00e9s dels canvis d\u2019instrument sol\u00b7licitats i farem el\u00a0<strong>sorteig de les places\u00a0<\/strong>que tenen m\u00e9s demanda que el n\u00famero de places disponibles.<\/li>\n<\/ul>\n<\/li>\n<\/ul>\n<hr \/>\n<h6>CLAUSUS INSTRUMENTS EMVIC<\/h6>\n<p>Al seg\u00fcent document hi trobareu els clausus per instrument i nivell.<\/p>\n<p><a href=\"https:\/\/agora.xtec.cat\/escmusicavic\/wp-content\/uploads\/usu1071\/2021\/06\/claususEMVIC.pdf\">claususEMVIC<\/a><\/p>\n","protected":false},"excerpt":{"rendered":"<p>RESULTAT SORTEIG DE LA TRIA D&#8217;INSTRUMENT (25\/06\/24)<br \/>\nAl seg\u00fcent enlla\u00e7 hi trobareu el resultat del sorteig que hem celebrat avui dia 25 de juny a la web de l&#8217;EMVIC.<br \/>\n<a href=\"https:\/\/agora.xtec.cat\/escmusicavic\/wp-content\/uploads\/usu1071\/2024\/06\/RESULTAT-SORTEIG-TRIA-INSTRUMENT_25JUNY.pdf\">Resultat del sorteig<\/a><br \/>\nEls alumnes que han obtingut pla\u00e7a d&#8217;instrument\u00a0despr\u00e9s del\u00a0sorteig\u00a0tenen el seu n\u00famero del\u00a0sorteig\u00a0marcat en f\u00facsia.<br \/>\nAtenci\u00f3 a&hellip;  <a href=\"https:\/\/agora.xtec.cat\/escmusicavic\/resultats-tria-dinstrument-1ne-2024-2025\/\" title=\"Read RESULTATS TRIA D&#8217;INSTRUMENT 1NE 2024-2025\">Llegeix m\u00e9s\u00bb<\/a><\/p>\n","protected":false},"author":11,"featured_media":0,"parent":0,"menu_order":0,"comment_status":"closed","ping_status":"closed","template":"","meta":{"_bbp_topic_count":0,"_bbp_reply_count":0,"_bbp_total_topic_count":0,"_bbp_total_reply_count":0,"_bbp_voice_count":0,"_bbp_anonymous_reply_count":0,"_bbp_topic_count_hidden":0,"_bbp_reply_count_hidden":0,"_bbp_forum_subforum_count":0,"footnotes":""},"class_list":["post-6698","page","type-page","status-publish","hentry"],"post_mailing_queue_ids":[],"_links":{"self":[{"href":"https:\/\/agora.xtec.cat\/escmusicavic\/wp-json\/wp\/v2\/pages\/6698","targetHints":{"allow":["GET"]}}],"collection":[{"href":"https:\/\/agora.xtec.cat\/escmusicavic\/wp-json\/wp\/v2\/pages"}],"about":[{"href":"https:\/\/agora.xtec.cat\/escmusicavic\/wp-json\/wp\/v2\/types\/page"}],"author":[{"embeddable":true,"href":"https:\/\/agora.xtec.cat\/escmusicavic\/wp-json\/wp\/v2\/users\/11"}],"replies":[{"embeddable":true,"href":"https:\/\/agora.xtec.cat\/escmusicavic\/wp-json\/wp\/v2\/comments?post=6698"}],"version-history":[{"count":6,"href":"https:\/\/agora.xtec.cat\/escmusicavic\/wp-json\/wp\/v2\/pages\/6698\/revisions"}],"predecessor-version":[{"id":6717,"href":"https:\/\/agora.xtec.cat\/escmusicavic\/wp-json\/wp\/v2\/pages\/6698\/revisions\/6717"}],"wp:attachment":[{"href":"https:\/\/agora.xtec.cat\/escmusicavic\/wp-json\/wp\/v2\/media?parent=6698"}],"curies":[{"name":"wp","href":"https:\/\/api.w.org\/{rel}","templated":true}]}}