{"id":6528,"date":"2024-04-01T23:28:07","date_gmt":"2024-04-01T21:28:07","guid":{"rendered":"https:\/\/agora.xtec.cat\/escmusicavic\/?page_id=6528"},"modified":"2024-05-14T10:05:16","modified_gmt":"2024-05-14T08:05:16","slug":"calendari-de-preinscripcions-per-a-nous-alumnes-de-la-xarxa-emvic-i-e-m-tona","status":"publish","type":"page","link":"https:\/\/agora.xtec.cat\/escmusicavic\/serveis\/preinscripcio-alumnes-nous-2024-2025\/calendari-de-preinscripcions-per-a-nous-alumnes-de-la-xarxa-emvic-i-e-m-tona\/","title":{"rendered":"Calendari de preinscripcions per a NOUS alumnes de la Xarxa EMVIC i l&#8217;E.M. Tona"},"content":{"rendered":"<p>Calendari de preinscripcions per a NOUS alumnes de la Xarxa EMVIC (Aules de Arb\u00facies,\u00a0Calldetenes, Folgueroles, Sant Hilari, Sant Juli\u00e0 de Vilatorta, Santa Eug\u00e8nia de Berga, Viladrau) i l&#8217;E.M. Tona pel curs 2024-2025:<\/p>\n<p><span class=\"ui-provider a b c d e f g h i j k l m n o p q r s t u v w x y z ab ac ae af ag ah ai aj ak\" dir=\"ltr\">Pels programes de Sensibilitzaci\u00f3 Musical, Nivell Elemental i Nivell Mitj\u00e0: <strong>del dissabte 11 de maig al dissabte 15 de juny (de l&#8217;11 al 31 de maig a l&#8217;Escola de M\u00fasica de Tona).<\/strong><\/span><\/p>\n<p><a href=\"https:\/\/emvic.gwido.cat\/inscripcio_ciutadana\/public\/periodes_oberts?c=2\">Inscripci\u00f3 a Arb\u00facies<\/a><\/p>\n<p><a href=\"https:\/\/emvic.gwido.cat\/inscripcio_ciutadana\/public\/periodes_oberts?c=5\">Inscripci\u00f3 a Sant Hilari Sacalm<\/a><\/p>\n<p><a href=\"https:\/\/emvic.gwido.cat\/inscripcio_ciutadana\/public\/periodes_oberts?c=3\">Inscripci\u00f3 a Calldetenes<\/a><\/p>\n<p><a href=\"https:\/\/emvic.gwido.cat\/inscripcio_ciutadana\/public\/periodes_oberts?c=4\">Inscripci\u00f3 a Folgueroles<\/a><\/p>\n<p><a href=\"https:\/\/emvic.gwido.cat\/inscripcio_ciutadana\/public\/periodes_oberts?c=6\">Inscripci\u00f3 a Sant Juli\u00e0 de Vilatorta<\/a><\/p>\n<p><a href=\"https:\/\/emvic.gwido.cat\/inscripcio_ciutadana\/public\/periodes_oberts?c=11\">Inscripci\u00f3 a Santa Eug\u00e8nia de Berga<\/a><\/p>\n<p><a href=\"https:\/\/emvic.gwido.cat\/inscripcio_ciutadana\/public\/periodes_oberts?c=8\">Inscripci\u00f3 a Viladrau<\/a><\/p>\n<p><a href=\"https:\/\/emvic.gwido.cat\/inscripcio_ciutadana\/public\/periodes_oberts?c=7\">Inscripci\u00f3 a E.M. Tona\u00a0<\/a><\/p>\n<p>Pels programes de CoNEIX la M\u00fasica i Aula d&#8217;Adults: <strong>de l&#8217;1 al 15 de juny.\u00a0<\/strong><\/p>\n","protected":false},"excerpt":{"rendered":"<p>Calendari de preinscripcions per a NOUS alumnes de la Xarxa EMVIC (Aules de Arb\u00facies,\u00a0Calldetenes, Folgueroles, Sant Hilari, Sant Juli\u00e0 de Vilatorta, Santa Eug\u00e8nia de Berga, Viladrau) i l&#8217;E.M. Tona pel curs 2024-2025:<br \/>\nPels programes de Sensibilitzaci\u00f3 Musical, Nivell Elemental i Nivell Mitj\u00e0: del dissabte 11 de&hellip;  <a href=\"https:\/\/agora.xtec.cat\/escmusicavic\/serveis\/preinscripcio-alumnes-nous-2024-2025\/calendari-de-preinscripcions-per-a-nous-alumnes-de-la-xarxa-emvic-i-e-m-tona\/\" title=\"Read Calendari de preinscripcions per a NOUS alumnes de la Xarxa EMVIC i l&#8217;E.M. Tona\">Llegeix m\u00e9s\u00bb<\/a><\/p>\n","protected":false},"author":11,"featured_media":0,"parent":6408,"menu_order":0,"comment_status":"closed","ping_status":"closed","template":"","meta":{"_bbp_topic_count":0,"_bbp_reply_count":0,"_bbp_total_topic_count":0,"_bbp_total_reply_count":0,"_bbp_voice_count":0,"_bbp_anonymous_reply_count":0,"_bbp_topic_count_hidden":0,"_bbp_reply_count_hidden":0,"_bbp_forum_subforum_count":0,"footnotes":""},"class_list":["post-6528","page","type-page","status-publish","hentry"],"post_mailing_queue_ids":[],"_links":{"self":[{"href":"https:\/\/agora.xtec.cat\/escmusicavic\/wp-json\/wp\/v2\/pages\/6528","targetHints":{"allow":["GET"]}}],"collection":[{"href":"https:\/\/agora.xtec.cat\/escmusicavic\/wp-json\/wp\/v2\/pages"}],"about":[{"href":"https:\/\/agora.xtec.cat\/escmusicavic\/wp-json\/wp\/v2\/types\/page"}],"author":[{"embeddable":true,"href":"https:\/\/agora.xtec.cat\/escmusicavic\/wp-json\/wp\/v2\/users\/11"}],"replies":[{"embeddable":true,"href":"https:\/\/agora.xtec.cat\/escmusicavic\/wp-json\/wp\/v2\/comments?post=6528"}],"version-history":[{"count":5,"href":"https:\/\/agora.xtec.cat\/escmusicavic\/wp-json\/wp\/v2\/pages\/6528\/revisions"}],"predecessor-version":[{"id":6591,"href":"https:\/\/agora.xtec.cat\/escmusicavic\/wp-json\/wp\/v2\/pages\/6528\/revisions\/6591"}],"up":[{"embeddable":true,"href":"https:\/\/agora.xtec.cat\/escmusicavic\/wp-json\/wp\/v2\/pages\/6408"}],"wp:attachment":[{"href":"https:\/\/agora.xtec.cat\/escmusicavic\/wp-json\/wp\/v2\/media?parent=6528"}],"curies":[{"name":"wp","href":"https:\/\/api.w.org\/{rel}","templated":true}]}}

<p>Calendari de preinscripcions per a NOUS alumnes de la Xarxa EMVIC (Aules de Arbúcies, Calldetenes, Folgueroles, Sant Hilari, Sant Julià de Vilatorta, Santa Eugènia de Berga, Viladrau) i l&#8217;E.M. Tona pel curs 2024-2025:</p>
<p><span class="ui-provider a b c d e f g h i j k l m n o p q r s t u v w x y z ab ac ae af ag ah ai aj ak" dir="ltr">Pels programes de Sensibilització Musical, Nivell Elemental i Nivell Mitjà: <strong>del dissabte 11 de maig al dissabte 15 de juny (de l&#8217;11 al 31 de maig a l&#8217;Escola de Música de Tona).</strong></span></p>
<p><a href="https://emvic.gwido.cat/inscripcio_ciutadana/public/periodes_oberts?c=2">Inscripció a Arbúcies</a></p>
<p><a href="https://emvic.gwido.cat/inscripcio_ciutadana/public/periodes_oberts?c=5">Inscripció a Sant Hilari Sacalm</a></p>
<p><a href="https://emvic.gwido.cat/inscripcio_ciutadana/public/periodes_oberts?c=3">Inscripció a Calldetenes</a></p>
<p><a href="https://emvic.gwido.cat/inscripcio_ciutadana/public/periodes_oberts?c=4">Inscripció a Folgueroles</a></p>
<p><a href="https://emvic.gwido.cat/inscripcio_ciutadana/public/periodes_oberts?c=6">Inscripció a Sant Julià de Vilatorta</a></p>
<p><a href="https://emvic.gwido.cat/inscripcio_ciutadana/public/periodes_oberts?c=11">Inscripció a Santa Eugènia de Berga</a></p>
<p><a href="https://emvic.gwido.cat/inscripcio_ciutadana/public/periodes_oberts?c=8">Inscripció a Viladrau</a></p>
<p><a href="https://emvic.gwido.cat/inscripcio_ciutadana/public/periodes_oberts?c=7">Inscripció a E.M. Tona </a></p>
<p>Pels programes de CoNEIX la Música i Aula d&#8217;Adults: <strong>de l&#8217;1 al 15 de juny. </strong></p>

<p>Calendari de preinscripcions per a NOUS alumnes de la Xarxa EMVIC (Aules de Arbúcies, Calldetenes, Folgueroles, Sant Hilari, Sant Julià de Vilatorta, Santa Eugènia de Berga, Viladrau) i l&#8217;E.M. Tona pel curs 2024-2025:<br />
Pels programes de Sensibilització Musical, Nivell Elemental i Nivell Mitjà: del dissabte 11 de&hellip;  <a href="https://agora.xtec.cat/escmusicavic/serveis/preinscripcio-alumnes-nous-2024-2025/calendari-de-preinscripcions-per-a-nous-alumnes-de-la-xarxa-emvic-i-e-m-tona/" title="Read Calendari de preinscripcions per a NOUS alumnes de la Xarxa EMVIC i l&#8217;E.M. Tona">Llegeix més»</a></p>
