{"id":6472,"date":"2024-03-15T18:09:31","date_gmt":"2024-03-15T17:09:31","guid":{"rendered":"https:\/\/agora.xtec.cat\/escmusicavic\/?page_id=6472"},"modified":"2024-03-15T21:23:48","modified_gmt":"2024-03-15T20:23:48","slug":"alumnes-actuals-de-sensibilitzacio","status":"publish","type":"page","link":"https:\/\/agora.xtec.cat\/escmusicavic\/serveis\/confirmacio-de-continuitat-alumnes-actuals-2024-2025\/alumnes-actuals-de-sensibilitzacio\/","title":{"rendered":"Alumnat actual de Sensibilitzaci\u00f3"},"content":{"rendered":"<p>Calendari de confirmaci\u00f3 de continu\u00eftat de l&#8217;alumnat actual de Sensibilitzaci\u00f3 (i3, i4, i5):<\/p>\n<table style=\"font-weight: 400;\" data-tablestyle=\"MsoTableGrid\" data-tablelook=\"1184\" aria-rowcount=\"3\">\n<tbody>\n<tr aria-rowindex=\"1\">\n<td data-celllook=\"0\"><b><span data-contrast=\"auto\">MAR\u00c7<\/span><\/b><span data-ccp-props=\"{&quot;201341983&quot;:0,&quot;335559740&quot;:259}\">\u00a0<\/span><\/td>\n<td data-celllook=\"0\"><b><span data-contrast=\"auto\">Del 16 al 31 de mar\u00e7<\/span><\/b><span data-ccp-props=\"{&quot;201341983&quot;:0,&quot;335559740&quot;:259}\">\u00a0<\/span><\/td>\n<td data-celllook=\"0\"><b><span data-contrast=\"auto\">Confirmaci\u00f3 de continu\u00eftat pel curs 2024-2025 a trav\u00e9s de <a href=\"https:\/\/emvic.gwido.cat\/inici\">Gwido\u00a0<\/a><\/span><\/b><span data-ccp-props=\"{&quot;201341983&quot;:0,&quot;335559740&quot;:259}\">\u00a0<\/span><\/td>\n<\/tr>\n<tr aria-rowindex=\"2\">\n<td data-celllook=\"0\"><b><span data-contrast=\"auto\">JUNY<\/span><\/b><span data-ccp-props=\"{&quot;201341983&quot;:0,&quot;335559740&quot;:259}\">\u00a0<\/span><\/td>\n<td data-celllook=\"0\"><b><span data-contrast=\"auto\">A partir del 25 de juny<\/span><\/b><span data-ccp-props=\"{&quot;201341983&quot;:0,&quot;335559740&quot;:259}\">\u00a0<\/span><\/td>\n<td data-celllook=\"0\"><b><span data-contrast=\"auto\">Publicaci\u00f3<\/span><\/b> <b><span data-contrast=\"auto\">a Gwido dels horaris assignats<\/span><\/b><span data-ccp-props=\"{&quot;201341983&quot;:0,&quot;335559740&quot;:259}\">\u00a0<\/span><\/td>\n<\/tr>\n<tr aria-rowindex=\"3\">\n<td data-celllook=\"0\"><b><span data-contrast=\"auto\">JULIOL<\/span><\/b><span data-ccp-props=\"{&quot;201341983&quot;:0,&quot;335559740&quot;:259}\">\u00a0<\/span><\/td>\n<td data-celllook=\"0\"><b><span data-contrast=\"auto\">A partir del 15 de juliol<\/span><\/b><span data-ccp-props=\"{&quot;201341983&quot;:0,&quot;335559740&quot;:259}\">\u00a0<\/span><\/td>\n<td data-celllook=\"0\"><b><span data-contrast=\"auto\">Validaci\u00f3 autom\u00e0tica de matr\u00edcula<\/span><\/b><span data-ccp-props=\"{&quot;201341983&quot;:0,&quot;335559740&quot;:259}\">\u00a0<\/span><\/td>\n<\/tr>\n<\/tbody>\n<\/table>\n","protected":false},"excerpt":{"rendered":"<p>Calendari de confirmaci\u00f3 de continu\u00eftat de l&#8217;alumnat actual de Sensibilitzaci\u00f3 (i3, i4, i5):<\/p>\n<p>MAR\u00c7\u00a0<br \/>\nDel 16 al 31 de mar\u00e7\u00a0<br \/>\nConfirmaci\u00f3 de continu\u00eftat pel curs 2024-2025 a trav\u00e9s de <a href=\"https:\/\/emvic.gwido.cat\/inici\">Gwido\u00a0<\/a>\u00a0<\/p>\n<p>JUNY\u00a0<br \/>\nA partir del 25 de juny\u00a0<br \/>\nPublicaci\u00f3 a Gwido dels horaris assignats\u00a0<\/p>\n<p>JULIOL\u00a0<br \/>\nA partir del 15 de juliol\u00a0<br \/>\nValidaci\u00f3 autom\u00e0tica de&hellip;  <a href=\"https:\/\/agora.xtec.cat\/escmusicavic\/serveis\/confirmacio-de-continuitat-alumnes-actuals-2024-2025\/alumnes-actuals-de-sensibilitzacio\/\" title=\"Read Alumnat actual de Sensibilitzaci\u00f3\">Llegeix m\u00e9s\u00bb<\/a><\/p>\n","protected":false},"author":11,"featured_media":0,"parent":6466,"menu_order":0,"comment_status":"closed","ping_status":"closed","template":"","meta":{"_bbp_topic_count":0,"_bbp_reply_count":0,"_bbp_total_topic_count":0,"_bbp_total_reply_count":0,"_bbp_voice_count":0,"_bbp_anonymous_reply_count":0,"_bbp_topic_count_hidden":0,"_bbp_reply_count_hidden":0,"_bbp_forum_subforum_count":0,"footnotes":""},"class_list":["post-6472","page","type-page","status-publish","hentry"],"post_mailing_queue_ids":[],"_links":{"self":[{"href":"https:\/\/agora.xtec.cat\/escmusicavic\/wp-json\/wp\/v2\/pages\/6472","targetHints":{"allow":["GET"]}}],"collection":[{"href":"https:\/\/agora.xtec.cat\/escmusicavic\/wp-json\/wp\/v2\/pages"}],"about":[{"href":"https:\/\/agora.xtec.cat\/escmusicavic\/wp-json\/wp\/v2\/types\/page"}],"author":[{"embeddable":true,"href":"https:\/\/agora.xtec.cat\/escmusicavic\/wp-json\/wp\/v2\/users\/11"}],"replies":[{"embeddable":true,"href":"https:\/\/agora.xtec.cat\/escmusicavic\/wp-json\/wp\/v2\/comments?post=6472"}],"version-history":[{"count":4,"href":"https:\/\/agora.xtec.cat\/escmusicavic\/wp-json\/wp\/v2\/pages\/6472\/revisions"}],"predecessor-version":[{"id":6494,"href":"https:\/\/agora.xtec.cat\/escmusicavic\/wp-json\/wp\/v2\/pages\/6472\/revisions\/6494"}],"up":[{"embeddable":true,"href":"https:\/\/agora.xtec.cat\/escmusicavic\/wp-json\/wp\/v2\/pages\/6466"}],"wp:attachment":[{"href":"https:\/\/agora.xtec.cat\/escmusicavic\/wp-json\/wp\/v2\/media?parent=6472"}],"curies":[{"name":"wp","href":"https:\/\/api.w.org\/{rel}","templated":true}]}}

Alumnat actual de Sensibilització

<p>Calendari de confirmació de continuïtat de l&#8217;alumnat actual de Sensibilització (i3, i4, i5):</p>
<table style="font-weight: 400;" data-tablestyle="MsoTableGrid" data-tablelook="1184" aria-rowcount="3">
<tbody>
<tr aria-rowindex="1">
<td data-celllook="0"><b><span data-contrast="auto">MARÇ</span></b><span data-ccp-props="{&quot;201341983&quot;:0,&quot;335559740&quot;:259}"> </span></td>
<td data-celllook="0"><b><span data-contrast="auto">Del 16 al 31 de març</span></b><span data-ccp-props="{&quot;201341983&quot;:0,&quot;335559740&quot;:259}"> </span></td>
<td data-celllook="0"><b><span data-contrast="auto">Confirmació de continuïtat pel curs 2024-2025 a través de <a href="https://emvic.gwido.cat/inici">Gwido </a></span></b><span data-ccp-props="{&quot;201341983&quot;:0,&quot;335559740&quot;:259}"> </span></td>
</tr>
<tr aria-rowindex="2">
<td data-celllook="0"><b><span data-contrast="auto">JUNY</span></b><span data-ccp-props="{&quot;201341983&quot;:0,&quot;335559740&quot;:259}"> </span></td>
<td data-celllook="0"><b><span data-contrast="auto">A partir del 25 de juny</span></b><span data-ccp-props="{&quot;201341983&quot;:0,&quot;335559740&quot;:259}"> </span></td>
<td data-celllook="0"><b><span data-contrast="auto">Publicació</span></b> <b><span data-contrast="auto">a Gwido dels horaris assignats</span></b><span data-ccp-props="{&quot;201341983&quot;:0,&quot;335559740&quot;:259}"> </span></td>
</tr>
<tr aria-rowindex="3">
<td data-celllook="0"><b><span data-contrast="auto">JULIOL</span></b><span data-ccp-props="{&quot;201341983&quot;:0,&quot;335559740&quot;:259}"> </span></td>
<td data-celllook="0"><b><span data-contrast="auto">A partir del 15 de juliol</span></b><span data-ccp-props="{&quot;201341983&quot;:0,&quot;335559740&quot;:259}"> </span></td>
<td data-celllook="0"><b><span data-contrast="auto">Validació automàtica de matrícula</span></b><span data-ccp-props="{&quot;201341983&quot;:0,&quot;335559740&quot;:259}"> </span></td>
</tr>
</tbody>
</table>

<p>Calendari de confirmació de continuïtat de l&#8217;alumnat actual de Sensibilització (i3, i4, i5):</p>
<p>MARÇ <br />
Del 16 al 31 de març <br />
Confirmació de continuïtat pel curs 2024-2025 a través de <a href="https://emvic.gwido.cat/inici">Gwido </a> </p>
<p>JUNY <br />
A partir del 25 de juny <br />
Publicació a Gwido dels horaris assignats </p>
<p>JULIOL <br />
A partir del 15 de juliol <br />
Validació automàtica de&hellip;  <a href="https://agora.xtec.cat/escmusicavic/serveis/confirmacio-de-continuitat-alumnes-actuals-2024-2025/alumnes-actuals-de-sensibilitzacio/" title="Read Alumnat actual de Sensibilització">Llegeix més»</a></p>
