{"id":6076,"date":"2023-06-16T12:45:11","date_gmt":"2023-06-16T10:45:11","guid":{"rendered":"https:\/\/agora.xtec.cat\/escmusicavic\/?page_id=6076"},"modified":"2023-06-22T13:15:51","modified_gmt":"2023-06-22T11:15:51","slug":"resultats-tria-dinstrument-1r-ne-2023-2024","status":"publish","type":"page","link":"https:\/\/agora.xtec.cat\/escmusicavic\/resultats-tria-dinstrument-1r-ne-2023-2024\/","title":{"rendered":"RESULTATS TRIA D\u2019INSTRUMENT 1R NE 2023-2024"},"content":{"rendered":"<h6>RESULTAT DESPR\u00c9S DEL SORTEIG DE PLACES D&#8217;INSTRUMENT (22\/06\/23)<\/h6>\n<p>Accediu al seg\u00fcent enlla\u00e7 per veure el resultat del sorteig de places d&#8217;instrument de 1NE.<\/p>\n<p>Els alumnes que\u00a0<b>han obtingut pla\u00e7a despr\u00e9s del sorteig<\/b>\u00a0tenen el seu n\u00famero del sorteig\u00a0<span class=\"ContentPasted1\">marcat en\u00a0<\/span><span class=\"ContentPasted1\" style=\"background-color: #ff00ff;\">f\u00facsia<\/span>.<\/p>\n<p><a href=\"https:\/\/agora.xtec.cat\/escmusicavic\/wp-content\/uploads\/usu1071\/2023\/06\/PREMATRICULA-RESULTAT-SORTEIG-TRIA-INSTRUMENT-2023-2024.xlsx.pdf\">Resultat del sorteig<\/a><\/p>\n<p><b>Atenci\u00f3 dels alumnes sense instrument despr\u00e9s del sorteig:\u00a0<\/b>Una vegada realitzat el sorteig, vam realitzar un segon sorteig entre els alumnes que es van quedar sense l&#8217;opci\u00f3 desitjada, per establir un ordre per atendre&#8217;ls personalment o oferir-los les opcions disponibles. A partir d&#8217;avui un membre de l&#8217;equip directiu es posar\u00e0 en contacte amb cada fam\u00edlia per l&#8217;ordre establert en el segon sorteig.<\/p>\n<p><a href=\"https:\/\/agora.xtec.cat\/escmusicavic\/wp-content\/uploads\/usu1071\/2023\/06\/PREMATRICULA-ORDRE-ATENCIO-PERSONALITZADA-ALUMNES-SENSE-INSTRUMENT-2023-2024.xlsx.pdf\">Ordre d&#8217;atenci\u00f3 d&#8217;alumnes que han quedat sense instrument<\/a><\/p>\n<div><\/div>\n<hr \/>\n<h6>LLISTAT PROVISIONAL ABANS DEL SORTEIG\u00a0(20\/06\/23)<\/h6>\n<p style=\"font-weight: 400;\">Al seg\u00fcent enlla\u00e7 us adjuntem el llistat de sol\u00b7licituds provisional de la tria d\u2019instrument dels alumnes de 1r de Nivell Elemental, despr\u00e9s del per\u00edode de canvis voluntaris d\u2019instrument i abans de realitzar el\u00a0<strong>sorteig el proper dimecres dia 21 de juny a les 18 h (presencial a l\u2019EMVIC<\/strong>).Tamb\u00e9 us hi hem afegit el una columna amb\u00a0<strong>el n\u00famero que hem adjudicat a cada sol\u00b7licitud que entra al sorteig<\/strong>\u00a0(sol\u00b7licituds en taronja).<\/p>\n<p style=\"font-weight: 400;\">El\/la vostre\/a fill\/a est\u00e0 identificat pel codi d\u2019identificaci\u00f3 de l\u2019alumne\/a al Gwido.<\/p>\n<h6><a href=\"https:\/\/agora.xtec.cat\/escmusicavic\/wp-content\/uploads\/usu1071\/2023\/06\/PREMATRICULA-TRIA-INSTRUMENT-2023-2024_NUMERO-SORTEIG.xlsx.pdf\">Llistat provisional i n\u00famero pel sorteig<\/a><\/h6>\n<p style=\"font-weight: 400;\">Les sol\u00b7licituds que <strong>ja han obtingut pla\u00e7a (en color verd)<\/strong> no han de fer cap altre gesti\u00f3 fins a la segona setmana de juliol, quan el tutor que se li assigni acordar\u00e0 l\u2019horari de les classes amb cada fam\u00edlia.<\/p>\n<p>&nbsp;<\/p>\n<hr \/>\n<h6>LLISTAT PROVISIONAL DE TRIA D\u2019INSTRUMENT\u00a0(16\/06\/23)<\/h6>\n<p style=\"font-weight: 400;\">El\/la vostre\/a fill\/a est\u00e0 identificat pel codi d\u2019identificaci\u00f3 de l\u2019alumne\/a al Gwido.<\/p>\n<p><strong><a href=\"https:\/\/agora.xtec.cat\/escmusicavic\/wp-content\/uploads\/usu1071\/2023\/06\/PREMATRICULA-TRIA-INSTRUMENT-2023-2024.pdf\">Llistat provisional de tria d&#8217;instrument<\/a><\/strong><\/p>\n<ul>\n<li>Els\u00a0<strong>alumnes marcats en\u00a0<span style=\"background-color: #00ff00;\">verd<\/span>\u00a0<\/strong>han<strong>\u00a0obtingut pla\u00e7a<\/strong>\u00a0de l\u2019instrument triat i per ara no han de fer res m\u00e9s.<strong>\u00a0A\u00a0partir del dia 11 de juliol<\/strong>\u00a0el professor es posar\u00e0 en contacte amb vosaltres per determinar l\u2019horari d\u2019instrument.<\/li>\n<li style=\"font-weight: 400;\">Els\u00a0<strong>alumnes marcats en\u00a0<span style=\"background-color: #ffcc00;\">taronja<\/span>\u00a0<\/strong>van a\u00a0<strong>sorteig<\/strong>, ja que hi ha m\u00e9s demanda que places disponibles de l\u2019instrument escollit. En aquests casos:\n<ul>\n<li style=\"font-weight: 400;\">Si abans de fer el sorteig us interessa\u00a0<strong>canviar a un altre instrument\u00a0<\/strong>que tingui places disponibles\u00a0(places marcades en gris o sense color de fons),\u00a0podeu sol\u00b7licitar-ho al seg\u00fcent\u00a0<strong><a href=\"https:\/\/forms.office.com\/Pages\/ResponsePage.aspx?id=pzjJll4sq0uqIBsLhd-bQZYd1nL5fFNAhtF1fCC8u3pURU8wS0s5TUc4RE5QR1JONks2VTBLSFdLUi4u\">formulari<\/a>\u00a0fins el dilluns 19 de juny.<\/strong><\/li>\n<li>El\u00a0<strong>dia 20 de juny\u00a0<\/strong>penjarem el llistat provisional despr\u00e9s dels canvis d\u2019instrument sol\u00b7licitats.<\/li>\n<li>El\u00a0<strong>sorteig de les places\u00a0<\/strong>que tenen m\u00e9s demanda que el n\u00famero de places disponibles es far\u00e0 el\u00a0<strong>dia 21 de juliol<\/strong>.<\/li>\n<\/ul>\n<\/li>\n<\/ul>\n<hr \/>\n<h6>CLAUSUS INSTRUMENTS EMVIC<\/h6>\n<p style=\"font-weight: 400;\">Al seg\u00fcent document hi trobareu els clausus per instrument i nivell.<\/p>\n<p style=\"font-weight: 400;\"><a href=\"https:\/\/agora.xtec.cat\/escmusicavic\/wp-content\/uploads\/usu1071\/2021\/06\/claususEMVIC.pdf\">claususEMVIC<\/a><\/p>\n","protected":false},"excerpt":{"rendered":"<p>RESULTAT DESPR\u00c9S DEL SORTEIG DE PLACES D&#8217;INSTRUMENT (22\/06\/23)<br \/>\nAccediu al seg\u00fcent enlla\u00e7 per veure el resultat del sorteig de places d&#8217;instrument de 1NE.<br \/>\nEls alumnes que\u00a0han obtingut pla\u00e7a despr\u00e9s del sorteig\u00a0tenen el seu n\u00famero del sorteig\u00a0marcat en\u00a0f\u00facsia.<br \/>\n<a href=\"https:\/\/agora.xtec.cat\/escmusicavic\/wp-content\/uploads\/usu1071\/2023\/06\/PREMATRICULA-RESULTAT-SORTEIG-TRIA-INSTRUMENT-2023-2024.xlsx.pdf\">Resultat del sorteig<\/a><br \/>\nAtenci\u00f3 dels alumnes sense instrument despr\u00e9s del sorteig:\u00a0Una&hellip;  <a href=\"https:\/\/agora.xtec.cat\/escmusicavic\/resultats-tria-dinstrument-1r-ne-2023-2024\/\" title=\"Read RESULTATS TRIA D\u2019INSTRUMENT 1R NE 2023-2024\">Llegeix m\u00e9s\u00bb<\/a><\/p>\n","protected":false},"author":11,"featured_media":0,"parent":0,"menu_order":0,"comment_status":"closed","ping_status":"closed","template":"","meta":{"_bbp_topic_count":0,"_bbp_reply_count":0,"_bbp_total_topic_count":0,"_bbp_total_reply_count":0,"_bbp_voice_count":0,"_bbp_anonymous_reply_count":0,"_bbp_topic_count_hidden":0,"_bbp_reply_count_hidden":0,"_bbp_forum_subforum_count":0,"footnotes":""},"class_list":["post-6076","page","type-page","status-publish","hentry"],"post_mailing_queue_ids":[],"_links":{"self":[{"href":"https:\/\/agora.xtec.cat\/escmusicavic\/wp-json\/wp\/v2\/pages\/6076","targetHints":{"allow":["GET"]}}],"collection":[{"href":"https:\/\/agora.xtec.cat\/escmusicavic\/wp-json\/wp\/v2\/pages"}],"about":[{"href":"https:\/\/agora.xtec.cat\/escmusicavic\/wp-json\/wp\/v2\/types\/page"}],"author":[{"embeddable":true,"href":"https:\/\/agora.xtec.cat\/escmusicavic\/wp-json\/wp\/v2\/users\/11"}],"replies":[{"embeddable":true,"href":"https:\/\/agora.xtec.cat\/escmusicavic\/wp-json\/wp\/v2\/comments?post=6076"}],"version-history":[{"count":3,"href":"https:\/\/agora.xtec.cat\/escmusicavic\/wp-json\/wp\/v2\/pages\/6076\/revisions"}],"predecessor-version":[{"id":6106,"href":"https:\/\/agora.xtec.cat\/escmusicavic\/wp-json\/wp\/v2\/pages\/6076\/revisions\/6106"}],"wp:attachment":[{"href":"https:\/\/agora.xtec.cat\/escmusicavic\/wp-json\/wp\/v2\/media?parent=6076"}],"curies":[{"name":"wp","href":"https:\/\/api.w.org\/{rel}","templated":true}]}}

<h6>RESULTAT DESPRÉS DEL SORTEIG DE PLACES D&#8217;INSTRUMENT (22/06/23)</h6>
<p>Accediu al següent enllaç per veure el resultat del sorteig de places d&#8217;instrument de 1NE.</p>
<p>Els alumnes que <b>han obtingut plaça després del sorteig</b> tenen el seu número del sorteig <span class="ContentPasted1">marcat en </span><span class="ContentPasted1" style="background-color: #ff00ff;">fúcsia</span>.</p>
<p><a href="https://agora.xtec.cat/escmusicavic/wp-content/uploads/usu1071/2023/06/PREMATRICULA-RESULTAT-SORTEIG-TRIA-INSTRUMENT-2023-2024.xlsx.pdf">Resultat del sorteig</a></p>
<p><b>Atenció dels alumnes sense instrument després del sorteig: </b>Una vegada realitzat el sorteig, vam realitzar un segon sorteig entre els alumnes que es van quedar sense l&#8217;opció desitjada, per establir un ordre per atendre&#8217;ls personalment o oferir-los les opcions disponibles. A partir d&#8217;avui un membre de l&#8217;equip directiu es posarà en contacte amb cada família per l&#8217;ordre establert en el segon sorteig.</p>
<p><a href="https://agora.xtec.cat/escmusicavic/wp-content/uploads/usu1071/2023/06/PREMATRICULA-ORDRE-ATENCIO-PERSONALITZADA-ALUMNES-SENSE-INSTRUMENT-2023-2024.xlsx.pdf">Ordre d&#8217;atenció d&#8217;alumnes que han quedat sense instrument</a></p>
<div></div>
<hr />
<h6>LLISTAT PROVISIONAL ABANS DEL SORTEIG (20/06/23)</h6>
<p style="font-weight: 400;">Al següent enllaç us adjuntem el llistat de sol·licituds provisional de la tria d’instrument dels alumnes de 1r de Nivell Elemental, després del període de canvis voluntaris d’instrument i abans de realitzar el <strong>sorteig el proper dimecres dia 21 de juny a les 18 h (presencial a l’EMVIC</strong>).També us hi hem afegit el una columna amb <strong>el número que hem adjudicat a cada sol·licitud que entra al sorteig</strong> (sol·licituds en taronja).</p>
<p style="font-weight: 400;">El/la vostre/a fill/a està identificat pel codi d’identificació de l’alumne/a al Gwido.</p>
<h6><a href="https://agora.xtec.cat/escmusicavic/wp-content/uploads/usu1071/2023/06/PREMATRICULA-TRIA-INSTRUMENT-2023-2024_NUMERO-SORTEIG.xlsx.pdf">Llistat provisional i número pel sorteig</a></h6>
<p style="font-weight: 400;">Les sol·licituds que <strong>ja han obtingut plaça (en color verd)</strong> no han de fer cap altre gestió fins a la segona setmana de juliol, quan el tutor que se li assigni acordarà l’horari de les classes amb cada família.</p>
<p>&nbsp;</p>
<hr />
<h6>LLISTAT PROVISIONAL DE TRIA D’INSTRUMENT (16/06/23)</h6>
<p style="font-weight: 400;">El/la vostre/a fill/a està identificat pel codi d’identificació de l’alumne/a al Gwido.</p>
<p><strong><a href="https://agora.xtec.cat/escmusicavic/wp-content/uploads/usu1071/2023/06/PREMATRICULA-TRIA-INSTRUMENT-2023-2024.pdf">Llistat provisional de tria d&#8217;instrument</a></strong></p>
<ul>
<li>Els <strong>alumnes marcats en <span style="background-color: #00ff00;">verd</span> </strong>han<strong> obtingut plaça</strong> de l’instrument triat i per ara no han de fer res més.<strong> A partir del dia 11 de juliol</strong> el professor es posarà en contacte amb vosaltres per determinar l’horari d’instrument.</li>
<li style="font-weight: 400;">Els <strong>alumnes marcats en <span style="background-color: #ffcc00;">taronja</span> </strong>van a <strong>sorteig</strong>, ja que hi ha més demanda que places disponibles de l’instrument escollit. En aquests casos:
<ul>
<li style="font-weight: 400;">Si abans de fer el sorteig us interessa <strong>canviar a un altre instrument </strong>que tingui places disponibles (places marcades en gris o sense color de fons), podeu sol·licitar-ho al següent <strong><a href="https://forms.office.com/Pages/ResponsePage.aspx?id=pzjJll4sq0uqIBsLhd-bQZYd1nL5fFNAhtF1fCC8u3pURU8wS0s5TUc4RE5QR1JONks2VTBLSFdLUi4u">formulari</a> fins el dilluns 19 de juny.</strong></li>
<li>El <strong>dia 20 de juny </strong>penjarem el llistat provisional després dels canvis d’instrument sol·licitats.</li>
<li>El <strong>sorteig de les places </strong>que tenen més demanda que el número de places disponibles es farà el <strong>dia 21 de juliol</strong>.</li>
</ul>
</li>
</ul>
<hr />
<h6>CLAUSUS INSTRUMENTS EMVIC</h6>
<p style="font-weight: 400;">Al següent document hi trobareu els clausus per instrument i nivell.</p>
<p style="font-weight: 400;"><a href="https://agora.xtec.cat/escmusicavic/wp-content/uploads/usu1071/2021/06/claususEMVIC.pdf">claususEMVIC</a></p>

<p>RESULTAT DESPRÉS DEL SORTEIG DE PLACES D&#8217;INSTRUMENT (22/06/23)<br />
Accediu al següent enllaç per veure el resultat del sorteig de places d&#8217;instrument de 1NE.<br />
Els alumnes que han obtingut plaça després del sorteig tenen el seu número del sorteig marcat en fúcsia.<br />
<a href="https://agora.xtec.cat/escmusicavic/wp-content/uploads/usu1071/2023/06/PREMATRICULA-RESULTAT-SORTEIG-TRIA-INSTRUMENT-2023-2024.xlsx.pdf">Resultat del sorteig</a><br />
Atenció dels alumnes sense instrument després del sorteig: Una&hellip;  <a href="https://agora.xtec.cat/escmusicavic/resultats-tria-dinstrument-1r-ne-2023-2024/" title="Read RESULTATS TRIA D’INSTRUMENT 1R NE 2023-2024">Llegeix més»</a></p>
