{"id":587,"date":"2018-09-29T18:50:37","date_gmt":"2018-09-29T16:50:37","guid":{"rendered":"http:\/\/agora.xtec.cat\/escmusicavic\/?page_id=587"},"modified":"2026-03-23T15:58:26","modified_gmt":"2026-03-23T14:58:26","slug":"treballar-a-lemvic","status":"publish","type":"page","link":"https:\/\/agora.xtec.cat\/escmusicavic\/transparencia\/treballar-a-lemvic\/","title":{"rendered":"Treballar a l&#8217;EMVIC"},"content":{"rendered":"<p><strong><span style=\"color: #008080;\">PLA\u00c7A DE RECEPCI\u00d3 \/ ADMINISTRACI\u00d3 I ATENCI\u00d3 AL P\u00daBLIC 2026<\/span><\/strong><\/p>\n<div class=\"page\" title=\"Page 1\">\n<div class=\"layoutArea\">\n<div class=\"column\">\n<hr \/>\n<div class=\"page\" title=\"Page 1\">\n<div class=\"layoutArea\">\n<div class=\"column\">\n<p style=\"font-weight: 400;\">La Fundaci\u00f3 L\u2019Atl\u00e0ntida convoca una pla\u00e7a de recepci\u00f3\/administraci\u00f3 i atenci\u00f3 al p\u00fablic.<\/p>\n<p><b><span data-contrast=\"none\">Funcions i tasques<\/span><\/b><span data-ccp-props=\"{&quot;134233117&quot;:true,&quot;201341983&quot;:0,&quot;335551550&quot;:6,&quot;335551620&quot;:6,&quot;335559739&quot;:160,&quot;335559740&quot;:240}\">\u00a0<\/span><\/p>\n<p><span class=\"TextRun SCXW189339159 BCX4\" lang=\"CA-ES\" xml:lang=\"CA-ES\" data-contrast=\"none\"><span class=\"NormalTextRun SCXW189339159 BCX4\">Pla\u00e7a: recepci\u00f3\/administraci\u00f3 i atenci\u00f3 al p\u00fablic. Contracte a temps parcial, indefinit amb 3 mesos de prova.<\/span><\/span><\/p>\n<\/div>\n<p><a href=\"https:\/\/agora.xtec.cat\/escmusicavic\/wp-content\/uploads\/usu1071\/2026\/02\/Convocatoria-de-placa-recepcio.pdf\"><strong>Veure les bases de la convocat\u00f2ria<\/strong><\/a><\/p>\n<\/div>\n<\/div>\n<\/div>\n<\/div>\n<\/div>\n<hr \/>\n<p aria-level=\"6\"><b><span data-contrast=\"none\">RESULTAT SEGONA FASE I RESOLUCI\u00d3 (23\/03\/2026)<\/span><\/b><span data-ccp-props=\"{&quot;134233117&quot;:false,&quot;134233118&quot;:false,&quot;134245418&quot;:true,&quot;134245529&quot;:true,&quot;335559738&quot;:375,&quot;335559739&quot;:375}\">\u00a0<\/span><\/p>\n<p><span data-contrast=\"none\">Al seg\u00fcent enlla\u00e7 hi trobareu el resultat de la segona fase de la selecci\u00f3 i la resoluci\u00f3 de la pla\u00e7a de recepci\u00f3\/administraci\u00f3 i atenci\u00f3 al p\u00fablic. Les candidates estan identificades amb els quatre \u00faltims d\u00edgits i la lletra del DNI:<\/span><\/p>\n<p><strong><a href=\"https:\/\/agora.xtec.cat\/escmusicavic\/wp-content\/uploads\/usu1071\/2026\/03\/Resultats-proces.pdf\">Resultat de la segona fase i resoluci\u00f3\u00a0<\/a><\/strong><\/p>\n<hr \/>\n<p aria-level=\"6\"><b><span data-contrast=\"none\">RESULTAT PRIMERA FASE: PLA\u00c7A DE RECEPCI\u00d3 (11\/03\/26)\u00a0 <\/span><\/b><span data-ccp-props=\"{&quot;134233117&quot;:false,&quot;134233118&quot;:false,&quot;134245418&quot;:true,&quot;134245529&quot;:true,&quot;335559738&quot;:375,&quot;335559739&quot;:375}\">\u00a0<\/span><\/p>\n<p><span data-contrast=\"none\">Al seg\u00fcent enlla\u00e7 hi trobareu el reultat de la primera fase de la selecci\u00f3. Els candidats\/tes estan identificats\/des amb els quatre \u00faltims d\u00edgits i la lletra del DNI.\u00a0 <\/span><span data-ccp-props=\"{&quot;134233117&quot;:false,&quot;134233118&quot;:false,&quot;335559738&quot;:240,&quot;335559739&quot;:240}\">\u00a0<\/span><\/p>\n<p><a href=\"https:\/\/agora.xtec.cat\/escmusicavic\/wp-content\/uploads\/usu1071\/2026\/03\/Resultat-1a-Fase.pdf\"><strong>Resultat de la primera fase<\/strong><\/a><\/p>\n","protected":false},"excerpt":{"rendered":"<p>PLA\u00c7A DE RECEPCI\u00d3 \/ ADMINISTRACI\u00d3 I ATENCI\u00d3 AL P\u00daBLIC 2026<\/p>\n<p>La Fundaci\u00f3 L\u2019Atl\u00e0ntida convoca una pla\u00e7a de recepci\u00f3\/administraci\u00f3 i atenci\u00f3 al p\u00fablic.<br \/>\nFuncions i tasques\u00a0<br \/>\nPla\u00e7a: recepci\u00f3\/administraci\u00f3 i atenci\u00f3 al p\u00fablic. Contracte a temps parcial, indefinit amb 3 mesos de prova.<\/p>\n<p><a href=\"https:\/\/agora.xtec.cat\/escmusicavic\/wp-content\/uploads\/usu1071\/2026\/02\/Convocatoria-de-placa-recepcio.pdf\">Veure les bases de la convocat\u00f2ria<\/a><\/p>\n<p>RESULTAT SEGONA&hellip;  <a href=\"https:\/\/agora.xtec.cat\/escmusicavic\/transparencia\/treballar-a-lemvic\/\" title=\"Read Treballar a l&#8217;EMVIC\">Llegeix m\u00e9s\u00bb<\/a><\/p>\n","protected":false},"author":1,"featured_media":0,"parent":584,"menu_order":20,"comment_status":"closed","ping_status":"closed","template":"page-templates\/side-menu.php","meta":{"_bbp_topic_count":0,"_bbp_reply_count":0,"_bbp_total_topic_count":0,"_bbp_total_reply_count":0,"_bbp_voice_count":0,"_bbp_anonymous_reply_count":0,"_bbp_topic_count_hidden":0,"_bbp_reply_count_hidden":0,"_bbp_forum_subforum_count":0,"footnotes":""},"class_list":["post-587","page","type-page","status-publish","hentry"],"post_mailing_queue_ids":[],"_links":{"self":[{"href":"https:\/\/agora.xtec.cat\/escmusicavic\/wp-json\/wp\/v2\/pages\/587","targetHints":{"allow":["GET"]}}],"collection":[{"href":"https:\/\/agora.xtec.cat\/escmusicavic\/wp-json\/wp\/v2\/pages"}],"about":[{"href":"https:\/\/agora.xtec.cat\/escmusicavic\/wp-json\/wp\/v2\/types\/page"}],"author":[{"embeddable":true,"href":"https:\/\/agora.xtec.cat\/escmusicavic\/wp-json\/wp\/v2\/users\/1"}],"replies":[{"embeddable":true,"href":"https:\/\/agora.xtec.cat\/escmusicavic\/wp-json\/wp\/v2\/comments?post=587"}],"version-history":[{"count":6,"href":"https:\/\/agora.xtec.cat\/escmusicavic\/wp-json\/wp\/v2\/pages\/587\/revisions"}],"predecessor-version":[{"id":7552,"href":"https:\/\/agora.xtec.cat\/escmusicavic\/wp-json\/wp\/v2\/pages\/587\/revisions\/7552"}],"up":[{"embeddable":true,"href":"https:\/\/agora.xtec.cat\/escmusicavic\/wp-json\/wp\/v2\/pages\/584"}],"wp:attachment":[{"href":"https:\/\/agora.xtec.cat\/escmusicavic\/wp-json\/wp\/v2\/media?parent=587"}],"curies":[{"name":"wp","href":"https:\/\/api.w.org\/{rel}","templated":true}]}}