{"id":5860,"date":"2023-03-27T12:06:38","date_gmt":"2023-03-27T10:06:38","guid":{"rendered":"https:\/\/agora.xtec.cat\/escmusicavic\/?page_id=5860"},"modified":"2023-03-27T16:30:12","modified_gmt":"2023-03-27T14:30:12","slug":"preinscripcio-xarxa-i-emtona-curs-2023-2024","status":"publish","type":"page","link":"https:\/\/agora.xtec.cat\/escmusicavic\/serveis\/preinscripcio-xarxa-i-emtona-curs-2023-2024\/","title":{"rendered":"Preinscripci\u00f3 Xarxa i EMTona curs 2023-2024"},"content":{"rendered":"<p>Accedius als seg\u00fcents enlla\u00e7os de cada aula per veure el calendari de preinscripci\u00f3. Aquests calendaris son v\u00e0lids per alumnes nous i actuals:<\/p>\n<ul>\n<li><a href=\"https:\/\/agora.xtec.cat\/escmusicavic\/serveis\/preinscripcio-xarxa-i-emtona-curs-2023-2024\/calendari-preinscripcio-calldetenes-2023-2024\/\">Calldetenes<\/a><\/li>\n<li><a href=\"https:\/\/agora.xtec.cat\/escmusicavic\/serveis\/preinscripcio-xarxa-i-emtona-curs-2023-2024\/calendari-preinscripcio-sant-julia-de-vilatorta-2023-2024\/\">Sant Juli\u00e0 de Vilatorta<\/a><\/li>\n<li><a href=\"https:\/\/agora.xtec.cat\/escmusicavic\/serveis\/preinscripcio-xarxa-i-emtona-curs-2023-2024\/calendari-de-preinscripcio-folgueroles-2023-2024\/\">Folgueroles<\/a><\/li>\n<li><a href=\"https:\/\/agora.xtec.cat\/escmusicavic\/serveis\/preinscripcio-xarxa-i-emtona-curs-2023-2024\/calendari-preinscripcio-sant-hilari-sacalm-2023-2024\/\">Sant Hilari Sacalm<\/a><\/li>\n<li><a href=\"https:\/\/agora.xtec.cat\/escmusicavic\/serveis\/preinscripcio-xarxa-i-emtona-curs-2023-2024\/calendari-preinscripcio-arbucies-2023-2024\/\">Arb\u00facies<\/a><\/li>\n<li><a href=\"https:\/\/agora.xtec.cat\/escmusicavic\/serveis\/preinscripcio-xarxa-i-emtona-curs-2023-2024\/calendari-preinscripcio-sta-eugenia-de-berga-2023-2024\/\">Santa Eug\u00e8nia de Berga<\/a><\/li>\n<li><a href=\"https:\/\/agora.xtec.cat\/escmusicavic\/serveis\/preinscripcio-xarxa-i-emtona-curs-2023-2024\/calendari-preinscripcio-viladrau-2023-2024\/\">Viladrau<\/a><\/li>\n<li><a href=\"https:\/\/agora.xtec.cat\/escmusicavic\/serveis\/preinscripcio-xarxa-i-emtona-curs-2023-2024\/calendari-preinscripcio-e-m-tona-2023-2024\/\">EM. Tona<\/a><\/li>\n<\/ul>\n","protected":false},"excerpt":{"rendered":"<p>Accedius als seg\u00fcents enlla\u00e7os de cada aula per veure el calendari de preinscripci\u00f3. Aquests calendaris son v\u00e0lids per alumnes nous i actuals:<\/p>\n<ul>\n<li><a href=\"https:\/\/agora.xtec.cat\/escmusicavic\/serveis\/preinscripcio-xarxa-i-emtona-curs-2023-2024\/calendari-preinscripcio-calldetenes-2023-2024\/\">Calldetenes<\/a><\/li>\n<li><a href=\"https:\/\/agora.xtec.cat\/escmusicavic\/serveis\/preinscripcio-xarxa-i-emtona-curs-2023-2024\/calendari-preinscripcio-sant-julia-de-vilatorta-2023-2024\/\">Sant Juli\u00e0 de Vilatorta<\/a><\/li>\n<li><a href=\"https:\/\/agora.xtec.cat\/escmusicavic\/serveis\/preinscripcio-xarxa-i-emtona-curs-2023-2024\/calendari-de-preinscripcio-folgueroles-2023-2024\/\">Folgueroles<\/a><\/li>\n<li><a href=\"https:\/\/agora.xtec.cat\/escmusicavic\/serveis\/preinscripcio-xarxa-i-emtona-curs-2023-2024\/calendari-preinscripcio-sant-hilari-sacalm-2023-2024\/\">Sant Hilari Sacalm<\/a><\/li>\n<li><a href=\"https:\/\/agora.xtec.cat\/escmusicavic\/serveis\/preinscripcio-xarxa-i-emtona-curs-2023-2024\/calendari-preinscripcio-arbucies-2023-2024\/\">Arb\u00facies<\/a><\/li>\n<li><a href=\"https:\/\/agora.xtec.cat\/escmusicavic\/serveis\/preinscripcio-xarxa-i-emtona-curs-2023-2024\/calendari-preinscripcio-sta-eugenia-de-berga-2023-2024\/\">Santa Eug\u00e8nia de Berga<\/a><\/li>\n<li><a href=\"https:\/\/agora.xtec.cat\/escmusicavic\/serveis\/preinscripcio-xarxa-i-emtona-curs-2023-2024\/calendari-preinscripcio-viladrau-2023-2024\/\">Viladrau<\/a><\/li>\n<li><a href=\"https:\/\/agora.xtec.cat\/escmusicavic\/serveis\/preinscripcio-xarxa-i-emtona-curs-2023-2024\/calendari-preinscripcio-e-m-tona-2023-2024\/\">EM. Tona<\/a><\/li>\n<\/ul>\n","protected":false},"author":11,"featured_media":0,"parent":63,"menu_order":0,"comment_status":"closed","ping_status":"closed","template":"","meta":{"_bbp_topic_count":0,"_bbp_reply_count":0,"_bbp_total_topic_count":0,"_bbp_total_reply_count":0,"_bbp_voice_count":0,"_bbp_anonymous_reply_count":0,"_bbp_topic_count_hidden":0,"_bbp_reply_count_hidden":0,"_bbp_forum_subforum_count":0,"footnotes":""},"class_list":["post-5860","page","type-page","status-publish","hentry"],"post_mailing_queue_ids":[],"_links":{"self":[{"href":"https:\/\/agora.xtec.cat\/escmusicavic\/wp-json\/wp\/v2\/pages\/5860","targetHints":{"allow":["GET"]}}],"collection":[{"href":"https:\/\/agora.xtec.cat\/escmusicavic\/wp-json\/wp\/v2\/pages"}],"about":[{"href":"https:\/\/agora.xtec.cat\/escmusicavic\/wp-json\/wp\/v2\/types\/page"}],"author":[{"embeddable":true,"href":"https:\/\/agora.xtec.cat\/escmusicavic\/wp-json\/wp\/v2\/users\/11"}],"replies":[{"embeddable":true,"href":"https:\/\/agora.xtec.cat\/escmusicavic\/wp-json\/wp\/v2\/comments?post=5860"}],"version-history":[{"count":3,"href":"https:\/\/agora.xtec.cat\/escmusicavic\/wp-json\/wp\/v2\/pages\/5860\/revisions"}],"predecessor-version":[{"id":5886,"href":"https:\/\/agora.xtec.cat\/escmusicavic\/wp-json\/wp\/v2\/pages\/5860\/revisions\/5886"}],"up":[{"embeddable":true,"href":"https:\/\/agora.xtec.cat\/escmusicavic\/wp-json\/wp\/v2\/pages\/63"}],"wp:attachment":[{"href":"https:\/\/agora.xtec.cat\/escmusicavic\/wp-json\/wp\/v2\/media?parent=5860"}],"curies":[{"name":"wp","href":"https:\/\/api.w.org\/{rel}","templated":true}]}}