{"id":565,"date":"2018-09-29T18:36:57","date_gmt":"2018-09-29T16:36:57","guid":{"rendered":"http:\/\/agora.xtec.cat\/escmusicavic\/?page_id=565"},"modified":"2025-07-16T11:26:42","modified_gmt":"2025-07-16T09:26:42","slug":"preus","status":"publish","type":"page","link":"https:\/\/agora.xtec.cat\/escmusicavic\/transparencia\/preus\/","title":{"rendered":"Quotes"},"content":{"rendered":"<p style=\"text-align: center;\"><strong><span style=\"color: #003366;\">QUOTES CURS 2025 &#8211; 2026<\/span><\/strong><\/p>\n<p style=\"text-align: center;\"><span style=\"color: #ff0000;\"><strong><em>Escola de M\u00fasica de Vic, Escola de M\u00fasica de Tona, Aules de M\u00fasica de Calldetenes, Folgueroles, Sant Juli\u00e0 de Vilatorta i Santa Eug\u00e8nia de Berga<\/em><\/strong><\/span><\/p>\n<p style=\"text-align: justify;\"><span style=\"color: #003366;\">L&#8217;Escola de M\u00fasica segueix el calendari escolar que dictamina el Departament d&#8217;Ensenyament en les seves disposicions anuals. De l&#8217;aplicaci\u00f3 del Calendari Escolar general i del propi del centre en resulten m\u00ednim 30 setmanes h\u00e0bils que l&#8217;escola garanteix a tots els seus alumnes sigui quina sigui la seva adjudicaci\u00f3 hor\u00e0ria.<\/span><\/p>\n<p style=\"text-align: justify;\"><span style=\"color: #008080;\">Cada Programa d&#8217;Ensenyament t\u00e9 un cost anual que oscil\u00b7la entre els tres-cents i els dos mil euros. D&#8217;aquest cost les fam\u00edlies n&#8217;assumeixen, de mitjana, un seixanta per cent.<\/span><\/p>\n<p style=\"text-align: justify;\"><span style=\"color: #008080;\">D&#8217;acord amb l&#8217;AFA, la part corresponent a les fam\u00edlies es reparteix entre una matr\u00edcula* i deu quotes** al llarg del curs.<\/span><\/p>\n<p><strong>Tarifaci\u00f3 social<\/strong> per l&#8217;alumnat matriculat a l&#8217;<strong>EMVIC de Vic<\/strong>. M\u00e9s informaci\u00f3 al seg\u00fcent <a href=\"https:\/\/agora.xtec.cat\/escmusicavic\/transparencia\/tarifacio-social\/\">enlla\u00e7<\/a>.<\/p>\n<p style=\"text-align: justify;\"><strong><span style=\"color: #800000;\">MATR\u00cdCULA DE 90\u20ac*<\/span><\/strong><\/p>\n<p style=\"text-align: justify;\"><strong><span style=\"color: #800000;\">I DEU MENSUALITATS SEGONS LES TAULES SEG\u00dcENTS:<\/span><\/strong><\/p>\n<table style=\"height: 1000px; width: 72.3858612804878%;\" border=\"0\" width=\"664\">\n<tbody>\n<tr style=\"height: 24px;\">\n<td style=\"background-color: #b30707; height: 24px; width: 88.3%;\"><strong><span style=\"color: #ffffff;\">SENSIBILITZACI\u00d3 I NIVELL ELEMENTAL<\/span><\/strong><\/td>\n<td style=\"background-color: #b30707; height: 24px; width: 10.9%;\"><\/td>\n<\/tr>\n<tr style=\"height: 24px;\">\n<td style=\"height: 24px; width: 88.3%;\">De i0 a i5<\/td>\n<td style=\"height: 24px; width: 10.9%;\">28,64<\/td>\n<\/tr>\n<tr style=\"height: 24px;\">\n<td style=\"height: 24px; width: 88.3%;\">LLENGUATGE, CANT CORAL, TALLERS<\/td>\n<td style=\"height: 24px; width: 10.9%;\">70,02<\/td>\n<\/tr>\n<tr style=\"height: 24px;\">\n<td style=\"height: 24px; width: 88.3%;\">LLENGUATGE, CANT CORAL, PRIG<\/td>\n<td style=\"height: 24px; width: 10.9%;\">70,02<\/td>\n<\/tr>\n<tr style=\"height: 24px;\">\n<td style=\"height: 24px; width: 88.3%;\">LLENGUATGE, CANT CORAL, INSTRUMENT 30&#8242;<\/td>\n<td style=\"height: 24px; width: 10.9%;\">91,24<\/td>\n<\/tr>\n<tr style=\"height: 24px;\">\n<td style=\"height: 24px; width: 88.3%;\">LLENGUATGE, CANT CORAL, INSTRUMENT 45&#8242;<\/td>\n<td style=\"height: 24px; width: 10.9%;\">108,74<\/td>\n<\/tr>\n<tr style=\"height: 24.5px;\">\n<td style=\"height: 24px; width: 88.3%;\">LLENGUATGE, CANT CORAL, INSTRUMENT 60&#8242;<\/td>\n<td style=\"height: 24px; width: 10.9%;\">149,59<\/td>\n<\/tr>\n<tr style=\"height: 24px;\">\n<td style=\"height: 24px; width: 88.3%;\">LLENGUATGE I CANT CORAL<\/td>\n<td style=\"height: 24px; width: 10.9%;\">53,05<\/td>\n<\/tr>\n<tr style=\"height: 24px;\">\n<td style=\"height: 24px; width: 88.3%;\">COMBO I CONJUNTS INSTRUMENTALS PETITS<\/td>\n<td style=\"height: 24px; width: 10.9%;\">21,22<\/td>\n<\/tr>\n<tr style=\"height: 24px;\">\n<td style=\"height: 24px; width: 88.3%;\">ORQUESTRA, BANDA, CONJUNTS INSTRUMENTALS GRANS<\/td>\n<td style=\"height: 24px; width: 10.9%;\">9,55<\/td>\n<\/tr>\n<tr style=\"height: 24px;\">\n<td style=\"height: 24px; width: 88.3%;\">ASSIGNATURES DE LLIURE ELECCI\u00d3 (a partir de la segona)<\/td>\n<td style=\"height: 24px; width: 10.9%;\">9,55<\/td>\n<\/tr>\n<tr style=\"height: 32px;\">\n<td style=\"width: 88.3%; height: 32px;\">ASSIGNATURA DE PREPARACI\u00d3 PROVA D&#8217;ACC\u00c9S (externs)<\/td>\n<td style=\"width: 10.9%; height: 32px;\">8,49<\/td>\n<\/tr>\n<tr style=\"height: 32px;\">\n<td style=\"width: 88.3%; height: 32px;\">CLASSE COL\u00b7LECTIVA mensual<\/td>\n<td style=\"width: 10.9%; height: 32px;\">5,83<\/td>\n<\/tr>\n<tr style=\"height: 24px;\">\n<td style=\"background-color: #b30707; height: 24px; width: 88.3%;\"><strong><span style=\"color: #ffffff;\">NIVELL MITJ\u00c0<\/span><\/strong><\/td>\n<td style=\"background-color: #b30707; height: 24px; width: 10.9%;\"><\/td>\n<\/tr>\n<tr style=\"height: 48px;\">\n<td style=\"text-align: left; height: 48px; width: 88.3%;\"><span style=\"color: #0000ff;\">Itinerari b\u00e0sic 3 assignatures: instrument 30&#8242;, llenguatge, gran grup (cor, orquestra, banda)<\/span><\/td>\n<td style=\"height: 48px; width: 10.9%;\"><span style=\"color: #0000ff;\"><strong>100,79\u00a0<\/strong><\/span><\/td>\n<\/tr>\n<tr style=\"height: 48px;\">\n<td style=\"text-align: left; height: 48px; width: 88.3%;\"><span style=\"color: #0000ff;\">Itinerari b\u00e0sic 4 assignatures: instrument 30&#8242;, llenguatge, gran grup (cor, orquestra, banda),\u00a0assignatura lliure<\/span><\/td>\n<td style=\"height: 48px; width: 10.9%;\"><span style=\"color: #0000ff;\"><strong>111,92<\/strong><\/span><\/td>\n<\/tr>\n<tr style=\"height: 48px;\">\n<td style=\"height: 48px; width: 88.3%;\"><span style=\"color: #0000ff;\">Itinerari aprofundiment 3 assignatures: instrument 45&#8242;, llenguatge, gran grup (cor, orquestra, banda)<\/span><\/td>\n<td style=\"height: 48px; width: 10.9%;\"><span style=\"color: #0000ff;\"><strong>114,05<\/strong><\/span><\/td>\n<\/tr>\n<tr style=\"height: 48px;\">\n<td style=\"text-align: left; height: 48px; width: 88.3%;\"><span style=\"color: #0000ff;\">Itinerari aprofundiment\u00a04 assignatures: instrument 45&#8242;, llenguatge, gran grup (cor, orquestra, banda),\u00a0assignatura lliure<\/span><\/td>\n<td style=\"height: 48px; width: 10.9%;\"><span style=\"color: #0000ff;\"><strong>124,13<\/strong><\/span><\/td>\n<\/tr>\n<tr style=\"height: 24px;\">\n<td style=\"height: 24px; width: 88.3%;\">INSTRUMENT 30&#8242;<\/td>\n<td style=\"height: 24px; width: 10.9%;\">86,99<\/td>\n<\/tr>\n<tr style=\"height: 24px;\">\n<td style=\"height: 24px; width: 88.3%;\">INSTRUMENT 45&#8242;<\/td>\n<td style=\"height: 24px; width: 10.9%;\">100,79<\/td>\n<\/tr>\n<tr style=\"height: 48px;\">\n<td style=\"height: 48px; width: 88.3%;\">Tallers A: LLENGUATGE, INFORM\u00c0TICA, GRUPS VENT, CONJUNTS<\/td>\n<td style=\"height: 48px; width: 10.9%;\">25,46<\/td>\n<\/tr>\n<tr style=\"height: 24px;\">\n<td style=\"height: 24px; width: 88.3%;\">Tallers B: CORS, ORQUESTRES, BANDA emvic<\/td>\n<td style=\"height: 24px; width: 10.9%;\">11,67<\/td>\n<\/tr>\n<tr>\n<td style=\"width: 88.3%;\">Tallers C: JAZZBAND, BIGBAND<\/td>\n<td style=\"width: 10.9%;\">33,95<\/td>\n<\/tr>\n<tr style=\"height: 24px;\">\n<td style=\"height: 24px; width: 88.3%;\">Tallers D: M\u00daSICA DE CAMBRA, COMBO<\/td>\n<td style=\"height: 24px; width: 10.9%;\">33,95<\/td>\n<\/tr>\n<tr style=\"height: 24px;\">\n<td style=\"height: 24px; width: 88.3%;\">CLASSE COL\u00b7LECTIVA mensual<\/td>\n<td style=\"height: 24px; width: 10.9%;\">5,83<\/td>\n<\/tr>\n<tr style=\"height: 24px;\">\n<td style=\"background-color: #b30707; height: 24px; width: 88.3%;\"><strong><span style=\"color: #ffffff;\">GRAU PROFESSIONAL***<\/span><\/strong><\/td>\n<td style=\"background-color: #b30707; height: 24px; width: 10.9%;\"><\/td>\n<\/tr>\n<tr style=\"height: 24px;\">\n<td style=\"height: 24px; width: 88.3%;\">PRIMER I SEGON CURS<\/td>\n<td style=\"height: 24px; width: 10.9%;\">105,56<\/td>\n<\/tr>\n<tr style=\"height: 24px;\">\n<td style=\"height: 24px; width: 88.3%;\">TERCER I QUART CURS<\/td>\n<td style=\"height: 24px; width: 10.9%;\">123,06<\/td>\n<\/tr>\n<tr style=\"height: 24px;\">\n<td style=\"height: 24px; width: 88.3%;\">CINQU\u00c8 I SIS\u00c8 CURS<\/td>\n<td style=\"height: 24px; width: 10.9%;\">133,67<\/td>\n<\/tr>\n<tr style=\"height: 24px;\">\n<td style=\"height: 24px; width: 88.3%;\">CURS EXTRAORDINARI PER OBTENIR LA GRADUACI\u00d3<\/td>\n<td style=\"height: 24px; width: 10.9%;\">78,51<\/td>\n<\/tr>\n<tr style=\"height: 24px;\">\n<td style=\"height: 24px; width: 88.3%;\">REPERTORISTA (nom\u00e9s 5\u00e8 i 6\u00e8)<\/td>\n<td style=\"height: 24px; width: 10.9%;\">5,83<\/td>\n<\/tr>\n<tr style=\"height: 24px;\">\n<td style=\"height: 24px; width: 88.3%;\">INSTRUMENT COMPLEMENTARI 20&#8242;<\/td>\n<td style=\"height: 24px; width: 10.9%;\">27,58<\/td>\n<\/tr>\n<tr style=\"height: 24px;\">\n<td style=\"height: 24px; width: 88.3%;\">INSTRUMENT COMPLEMENTARI 30&#8242;<\/td>\n<td style=\"height: 24px; width: 10.9%;\">47,21<\/td>\n<\/tr>\n<tr style=\"height: 24px;\">\n<td style=\"height: 24px; width: 88.3%;\">PLUS PELS ALUMNES QUE FAN DOBLE ESPECIALITAT<\/td>\n<td style=\"height: 24px; width: 10.9%;\">78,51<\/td>\n<\/tr>\n<tr style=\"height: 24px;\">\n<td style=\"background-color: #b30707; height: 24px; width: 88.3%;\"><strong><span style=\"color: #ffffff;\">ALTRES REBUTS &#8211; NO SUBJECTES A TARIFACI\u00d3 SOCIAL<\/span><\/strong><\/td>\n<td style=\"background-color: #b30707; height: 24px; width: 10.9%;\"><\/td>\n<\/tr>\n<tr style=\"height: 48px;\">\n<td style=\"height: 48px; width: 88.3%;\">\n<h6><strong>Material, \u00fas de sales i gesti\u00f3 de classes online:<\/strong> dos rebuts de 10,00 euros el novembre i el maig.<\/h6>\n<h6>Coneix i Sensibilitzaci\u00f3: dos rebuts de 4 euros el novembre i el maig.<\/h6>\n<\/td>\n<td style=\"height: 48px; width: 10.9%;\"><\/td>\n<\/tr>\n<\/tbody>\n<\/table>\n<p><span style=\"color: #008080;\"><strong>50% de bonificaci\u00f3 en la matr\u00edcula per:<\/strong><\/span><\/p>\n<ul>\n<li style=\"list-style-type: none;\">\n<ul>\n<li><span style=\"color: #008080;\">Els alumnes matriculats a altres escoles de m\u00fasica de la Zona 8 (Osona, Garrotxa i Ripoll\u00e8s) i es matriculin \u00a0d&#8217;alguna assignatura a l&#8217;EMVIC<\/span><span style=\"color: #008080;\">.<\/span><\/li>\n<li><span style=\"color: #008080;\">Les fam\u00edlies nombroses o monoparentals (excepte els infants que se&#8217;ls hi apliqui la tarifaci\u00f3 social).<\/span><\/li>\n<\/ul>\n<\/li>\n<\/ul>\n<p><span style=\"color: #008080;\"><strong>Bonificacions sobre les quotes (no aplicables a l&#8217;EM Tona):<\/strong><\/span><\/p>\n<ul>\n<li style=\"list-style-type: none;\">\n<ul>\n<li><span style=\"color: #008080;\">10% de descompte pel segon germ\u00e0 matriculat (excepte els infants que se&#8217;ls hi apliqui la tarifaci\u00f3 social).\u00a0<\/span><\/li>\n<li><span style=\"color: #008080;\">25% de descompte pel 3r germ\u00e0 matriculat (excepte els infants que se&#8217;ls hi apliqui la tarifaci\u00f3 social). Aquest descompte \u00fanicament s&#8217;aplicar\u00e0 sobre les quotes del 3r germ\u00e0 o 4rt germ\u00e0 matriculats.<\/span><\/li>\n<\/ul>\n<\/li>\n<\/ul>\n<p>Caldr\u00e0 sol\u00b7licitar les bonificacions de la matr\u00edcula i de les quotes durant el per\u00edode establert,<strong> de l&#8217;11 al 30 de juny de 2025<\/strong> (en el cas dels nous alumnes, en el moment de fer la matr\u00edcula). I s&#8217;haur\u00e0 de sol\u00b7licitar cada curs.<\/p>\n<p><strong><span style=\"color: #008080;\">**Els alumnes de Grau Professional que repeteixin curs (tres o m\u00e9s assignatures suspeses) tindran un increment del 50% en la quota corresponent.<\/span><\/strong><\/p>\n<hr \/>\n<p style=\"text-align: center;\"><strong><span style=\"color: #ff0000;\">QUOTES 2025-2026<\/span><\/strong><\/p>\n<p style=\"text-align: center;\"><span style=\"color: #ff0000;\"><strong><em>Aula de M\u00fasica de Viladrau<\/em><br \/>\n<\/strong><\/span><\/p>\n<p style=\"text-align: left;\"><span style=\"color: #800000;\">MATR\u00cdCULA DE 90\u20ac I DEU MENSUALITATS SEGONS LES TAULES SEG\u00dcENTS:<\/span><\/p>\n<table border=\"0\">\n<tbody>\n<tr>\n<td style=\"border-color: #b30707; background-color: #b30707;\"><strong><span style=\"color: #ffffff;\">NIVELLS SENSIBILITZACI\u00d3 i ELEMENTAL<\/span><\/strong><\/td>\n<td style=\"border-color: #b30707; background-color: #b30707;\"><\/td>\n<\/tr>\n<tr>\n<td>i5 4 &#8211; i5, SENSIBILITZACI\u00d3<\/td>\n<td>28,64<\/td>\n<\/tr>\n<tr>\n<td>LLENGUATGE, CANT CORAL<\/td>\n<td>47,74<\/td>\n<\/tr>\n<tr>\n<td>LLENGUATGE, CANT CORAL, INSTRUMENT 20&#8242; (en petit grup)<\/td>\n<td>71,61<\/td>\n<\/tr>\n<tr>\n<td>LLENGUATGE, CANT CORAL, INSTRUMENT 30&#8242; (individual)<\/td>\n<td>82,75<\/td>\n<\/tr>\n<tr>\n<td>\u00a0Activitats a Vic<\/td>\n<td><\/td>\n<\/tr>\n<tr>\n<td>ORQUESTRA, CONJUNT DE GUITARRES<\/td>\n<td>6,37<\/td>\n<\/tr>\n<tr>\n<td>ASSIGNATURES DE LLIURE ELECCI\u00d3 (a partir de la segona)<\/td>\n<td>6,37<\/td>\n<\/tr>\n<tr>\n<td>\n<address>Material i \u00fas de Sales: un rebut de 5,00\u20ac el novembre.<\/address>\n<\/td>\n<td><\/td>\n<\/tr>\n<\/tbody>\n<\/table>\n<p><span style=\"color: #008080;\"><strong>50% de bonificaci\u00f3 en la matr\u00edcula per:<\/strong><\/span><\/p>\n<ul>\n<li style=\"list-style-type: none;\">\n<ul>\n<li><span style=\"color: #008080;\">Els alumnes matriculats a altres escoles de m\u00fasica de la Zona 8 (Osona, Garrotxa i Ripoll\u00e8s) i es matriculin \u00a0d&#8217;alguna assignatura a l&#8217;EMVIC<\/span><span style=\"color: #008080;\">.<\/span><\/li>\n<li><span style=\"color: #008080;\">Les fam\u00edlies nombroses o monoparentals (excepte els infants que se&#8217;ls hi apliqui la tarifaci\u00f3 social).<\/span><\/li>\n<\/ul>\n<\/li>\n<\/ul>\n<p><span style=\"color: #008080;\"><strong>Bonificacions sobre les quotes:<\/strong><\/span><\/p>\n<ul>\n<li style=\"list-style-type: none;\">\n<ul>\n<li><span style=\"color: #008080;\">10% de descompte pel segon germ\u00e0 matriculat (excepte els infants que se&#8217;ls hi apliqui la tarifaci\u00f3 social).\u00a0<\/span><\/li>\n<li><span style=\"color: #008080;\">25% de descompte pel 3r germ\u00e0 matriculat (excepte els infants que se&#8217;ls hi apliqui la tarifaci\u00f3 social). Aquest descompte \u00fanicament s&#8217;aplicar\u00e0 sobre les quotes del 3r germ\u00e0 o 4rt germ\u00e0 matriculats.<\/span><\/li>\n<\/ul>\n<\/li>\n<\/ul>\n<p>Caldr\u00e0 sol\u00b7licitar les bonificacions de la matr\u00edcula i de les quotes durant el per\u00edode establert,<strong> de l&#8217;11 al 30 de juny de 2025<\/strong> (en el cas dels nous alumnes, en el moment de fer la matr\u00edcula). I s&#8217;haur\u00e0 de sol\u00b7licitar cada curs.<\/p>\n<hr \/>\n<p style=\"text-align: center;\"><strong><span style=\"color: #ff0000;\">QUOTES 2025-2026<\/span><\/strong><\/p>\n<p style=\"text-align: center;\"><span style=\"color: #ff0000;\"><strong><em>Aula de M\u00fasica de Sant Hilari<\/em><br \/>\n<\/strong><\/span><\/p>\n<p style=\"text-align: left;\"><span style=\"color: #800000;\">MATR\u00cdCULA DE 90\u20ac I DEU MENSUALITATS SEGONS LES TAULES SEG\u00dcENTS:<\/span><\/p>\n<table style=\"width: 34.795692%;\" border=\"0\">\n<tbody>\n<tr>\n<td style=\"border-color: #b30707; background-color: #b30707; width: 91.927334%;\"><strong><span style=\"color: #ffffff;\">SENSIBILITZACI\u00d3, NIVELL ELEMENTAL I NIVELL MITJ\u00c0<\/span><\/strong><\/td>\n<td style=\"border-color: #b30707; background-color: #b30707; width: 9.346668%;\"><\/td>\n<\/tr>\n<tr>\n<td style=\"width: 91.927334%;\">i5 4 &#8211; i5, SENSIBILITZACI\u00d3<\/td>\n<td style=\"width: 9.346668%;\">28,64<\/td>\n<\/tr>\n<tr>\n<td style=\"width: 91.927334%;\">LLENGUATGE, CANT CORAL I FEM M\u00daSICA<\/td>\n<td style=\"width: 9.346668%;\">47,74<\/td>\n<\/tr>\n<tr>\n<td style=\"width: 91.927334%;\">LLENGUATGE, CANT CORAL I FEM M\u00daSICA, INSTRUMENT 30&#8242;<\/td>\n<td style=\"width: 9.346668%;\">91,24<\/td>\n<\/tr>\n<tr>\n<td style=\"width: 91.927334%;\">LLENGUATGE, CANT CORAL I FEM M\u00daSICA, INSTRUMENT 45&#8242;<\/td>\n<td style=\"width: 9.346668%;\">102,91<\/td>\n<\/tr>\n<tr>\n<td style=\"width: 91.927334%;\">CANT CORAL I FEM M\u00daSICA (matr\u00edcula 45\u20ac)<\/td>\n<td style=\"width: 9.346668%;\">11,67<\/td>\n<\/tr>\n<tr>\n<td style=\"width: 91.927334%;\">LLENGUATGE MUSICAL I INSTRUMENT 30&#8242;<\/td>\n<td style=\"width: 9.346668%;\">94,42<\/td>\n<\/tr>\n<tr>\n<td style=\"width: 91.927334%;\">INSTRUMENT SOL 30&#8242;<\/td>\n<td style=\"width: 9.346668%;\">86,99<\/td>\n<\/tr>\n<tr>\n<td style=\"width: 91.927334%;\">INSTRUMENT 30&#8242; + COMBO<\/td>\n<td style=\"width: 9.346668%;\">100,79<\/td>\n<\/tr>\n<tr>\n<td style=\"width: 91.927334%;\">\n<address>Material i \u00fas de Sales: dos rebuts de 5,00\u20ac el novembre i maig.<\/address>\n<\/td>\n<td style=\"width: 9.346668%;\"><\/td>\n<\/tr>\n<\/tbody>\n<\/table>\n<div>\n<p><span style=\"color: #008080;\"><strong>50% de bonificaci\u00f3 en la matr\u00edcula per:<\/strong><\/span><\/p>\n<ul>\n<li style=\"list-style-type: none;\">\n<ul>\n<li><span style=\"color: #008080;\">Els alumnes matriculats a altres escoles de m\u00fasica de la Zona 8 (Osona, Garrotxa i Ripoll\u00e8s) i es matriculin \u00a0d&#8217;alguna assignatura a l&#8217;EMVIC<\/span><span style=\"color: #008080;\">.<\/span><\/li>\n<li><span style=\"color: #008080;\">Les fam\u00edlies nombroses o monoparentals (excepte els infants que se&#8217;ls hi apliqui la tarifaci\u00f3 social).<\/span><\/li>\n<\/ul>\n<\/li>\n<\/ul>\n<p><span style=\"color: #008080;\"><strong>Bonificacions sobre les quotes:<\/strong><\/span><\/p>\n<ul>\n<li style=\"list-style-type: none;\">\n<ul>\n<li><span style=\"color: #008080;\">10% de descompte pel segon germ\u00e0 matriculat (excepte els infants que se&#8217;ls hi apliqui la tarifaci\u00f3 social).\u00a0<\/span><\/li>\n<li><span style=\"color: #008080;\">25% de descompte pel 3r germ\u00e0 matriculat (excepte els infants que se&#8217;ls hi apliqui la tarifaci\u00f3 social). Aquest descompte \u00fanicament s&#8217;aplicar\u00e0 sobre les quotes del 3r germ\u00e0 o 4rt germ\u00e0 matriculats.<\/span><\/li>\n<\/ul>\n<\/li>\n<\/ul>\n<p>Caldr\u00e0 sol\u00b7licitar les bonificacions de la matr\u00edcula i de les quotes durant el per\u00edode establert,<strong> de l&#8217;11 al 30 de juny de 2025<\/strong> (en el cas dels nous alumnes, en el moment de fer la matr\u00edcula). I s&#8217;haur\u00e0 de sol\u00b7licitar cada curs.<\/p>\n<\/div>\n<div><\/div>\n<p>&nbsp;<\/p>\n","protected":false},"excerpt":{"rendered":"<p>QUOTES CURS 2025 &#8211; 2026<br \/>\nEscola de M\u00fasica de Vic, Escola de M\u00fasica de Tona, Aules de M\u00fasica de Calldetenes, Folgueroles, Sant Juli\u00e0 de Vilatorta i Santa Eug\u00e8nia de Berga<br \/>\nL&#8217;Escola de M\u00fasica segueix el calendari escolar que dictamina el Departament d&#8217;Ensenyament en les seves disposicions anuals.&hellip;  <a href=\"https:\/\/agora.xtec.cat\/escmusicavic\/transparencia\/preus\/\" title=\"Read Quotes\">Llegeix m\u00e9s\u00bb<\/a><\/p>\n","protected":false},"author":1,"featured_media":0,"parent":584,"menu_order":10,"comment_status":"closed","ping_status":"closed","template":"page-templates\/side-menu.php","meta":{"_bbp_topic_count":0,"_bbp_reply_count":0,"_bbp_total_topic_count":0,"_bbp_total_reply_count":0,"_bbp_voice_count":0,"_bbp_anonymous_reply_count":0,"_bbp_topic_count_hidden":0,"_bbp_reply_count_hidden":0,"_bbp_forum_subforum_count":0,"footnotes":""},"class_list":["post-565","page","type-page","status-publish","hentry"],"post_mailing_queue_ids":[],"_links":{"self":[{"href":"https:\/\/agora.xtec.cat\/escmusicavic\/wp-json\/wp\/v2\/pages\/565","targetHints":{"allow":["GET"]}}],"collection":[{"href":"https:\/\/agora.xtec.cat\/escmusicavic\/wp-json\/wp\/v2\/pages"}],"about":[{"href":"https:\/\/agora.xtec.cat\/escmusicavic\/wp-json\/wp\/v2\/types\/page"}],"author":[{"embeddable":true,"href":"https:\/\/agora.xtec.cat\/escmusicavic\/wp-json\/wp\/v2\/users\/1"}],"replies":[{"embeddable":true,"href":"https:\/\/agora.xtec.cat\/escmusicavic\/wp-json\/wp\/v2\/comments?post=565"}],"version-history":[{"count":9,"href":"https:\/\/agora.xtec.cat\/escmusicavic\/wp-json\/wp\/v2\/pages\/565\/revisions"}],"predecessor-version":[{"id":7372,"href":"https:\/\/agora.xtec.cat\/escmusicavic\/wp-json\/wp\/v2\/pages\/565\/revisions\/7372"}],"up":[{"embeddable":true,"href":"https:\/\/agora.xtec.cat\/escmusicavic\/wp-json\/wp\/v2\/pages\/584"}],"wp:attachment":[{"href":"https:\/\/agora.xtec.cat\/escmusicavic\/wp-json\/wp\/v2\/media?parent=565"}],"curies":[{"name":"wp","href":"https:\/\/api.w.org\/{rel}","templated":true}]}}