{"id":5636,"date":"2023-02-08T12:52:05","date_gmt":"2023-02-08T11:52:05","guid":{"rendered":"https:\/\/agora.xtec.cat\/escmusicavic\/?page_id=5636"},"modified":"2023-06-01T14:17:45","modified_gmt":"2023-06-01T12:17:45","slug":"preinscripcio-a-i4-i5-nivell-elemental-i-nivell-mitja","status":"publish","type":"page","link":"https:\/\/agora.xtec.cat\/escmusicavic\/serveis\/preinscripcio-nous-alumnes-2023-2024\/preinscripcio-a-i4-i5-nivell-elemental-i-nivell-mitja\/","title":{"rendered":"Preinscripci\u00f3 a I4, I5, Nivell Elemental i Nivell Mitj\u00e0"},"content":{"rendered":"<h6><strong>CALENDARI DE PREINSCRIPCI\u00d3<\/strong><\/h6>\n<p>Aquest calendari \u00e9s v\u00e0lid per als\u00a0<strong>NOUS alumnes<\/strong>\u00a0que es volen inscriure a <strong>I4 (any 2019), I5 (any 2018)\u00a0<\/strong>i els programes de\u00a0<strong>Nivell Elemental (Prim\u00e0ria)<\/strong>\u00a0i<strong>\u00a0Nivell Mitj\u00e0 (Secund\u00e0ria)<\/strong>:<\/p>\n<table style=\"width: 67.62980734262644%;\" data-tablestyle=\"MsoTableGrid\" data-tablelook=\"1184\" aria-rowcount=\"11\">\n<tbody>\n<tr aria-rowindex=\"1\">\n<td style=\"width: 5.6792018419033%;\" colspan=\"1\" rowspan=\"2\" data-celllook=\"0\"><b><span data-contrast=\"auto\">MAR\u00c7<\/span><\/b><span data-ccp-props=\"{&quot;201341983&quot;:0,&quot;335559740&quot;:259}\">\u00a0<\/span><\/td>\n<td style=\"width: 18.201802879925076%;\" data-celllook=\"0\">\n<p style=\"text-align: left;\"><b><span data-contrast=\"auto\">11 de mar\u00e7<\/span><\/b><span data-ccp-props=\"{&quot;201341983&quot;:0,&quot;335559740&quot;:259}\">\u00a0<\/span><\/p>\n<p style=\"text-align: left;\"><b><span data-contrast=\"none\">de 10 a<\/span><\/b><b><span data-contrast=\"none\"> 13 h<\/span><\/b><span data-ccp-props=\"{&quot;201341983&quot;:0,&quot;335559740&quot;:259}\">\u00a0<\/span><\/p>\n<\/td>\n<td style=\"width: 80.43628133251818%;\" data-celllook=\"0\"><b><span data-contrast=\"auto\">Jornada de Portes Obertes.<\/span><\/b><span data-ccp-props=\"{&quot;201341983&quot;:0,&quot;335559740&quot;:259}\">\u00a0<\/span><\/td>\n<\/tr>\n<tr aria-rowindex=\"2\">\n<td style=\"width: 18.201802879925076%;\" data-celllook=\"0\"><b><span data-contrast=\"auto\">De l\u201911 al 31 de mar\u00e7<\/span><\/b><span data-ccp-props=\"{&quot;201341983&quot;:0,&quot;335559740&quot;:259}\">\u00a0<\/span><\/td>\n<td style=\"width: 80.43628133251818%;\" data-celllook=\"0\"><b><span data-contrast=\"auto\">Per\u00edode de preinscripci\u00f3 al seg\u00fcent <a href=\"https:\/\/emvic.gwido.cat\/inscripcio_ciutadana\/public\/dades_personals\/401?r=1\">enlla\u00e7<\/a><\/span><\/b><b><span data-contrast=\"auto\">. <\/span><\/b><\/p>\n<p><b><span data-contrast=\"auto\">ATENCI\u00d3: <\/span><\/b>Cal enviar la documentaci\u00f3 acreditativa dels criteris d\u2019acc\u00e9s per email a <a href=\"mailto:secretaria@emvic.cat\">secretaria@emvic.cat<\/a>. Consulteu <a href=\"https:\/\/agora.xtec.cat\/escmusicavic\/ofertaeducativa\/criteriss-dacces\/\">aqu\u00ed<\/a> la informaci\u00f3 dels criteris d\u2019acc\u00e9s i barems.<\/td>\n<\/tr>\n<tr aria-rowindex=\"3\">\n<td style=\"width: 5.6792018419033%;\" colspan=\"1\" rowspan=\"4\" data-celllook=\"0\"><b><span data-contrast=\"auto\">ABRIL<\/span><\/b><span data-ccp-props=\"{&quot;201341983&quot;:0,&quot;335559740&quot;:259}\">\u00a0<\/span><\/td>\n<td style=\"width: 18.201802879925076%;\" data-celllook=\"0\"><b><span data-contrast=\"auto\">Fins el 6 d\u2019abril<\/span><\/b><span data-ccp-props=\"{&quot;201341983&quot;:0,&quot;335559740&quot;:259}\">\u00a0<\/span><\/td>\n<td style=\"width: 80.43628133251818%;\" data-celllook=\"0\"><b><span data-contrast=\"none\">Data l\u00edmit per enviar la documentaci\u00f3 acreditativa dels barems.\u00a0<\/span><\/b><\/td>\n<\/tr>\n<tr aria-rowindex=\"4\">\n<td style=\"width: 18.201802879925076%;\" data-celllook=\"0\"><b><span data-contrast=\"auto\">20 d\u2019abril<\/span><\/b><span data-ccp-props=\"{&quot;201341983&quot;:0,&quot;335559740&quot;:259}\">\u00a0<\/span><\/td>\n<td style=\"width: 80.43628133251818%;\" data-celllook=\"0\"><b><span data-contrast=\"auto\">Publicaci\u00f3 de llistes amb barem provisional <\/span><\/b><span data-contrast=\"auto\">(web <\/span><a href=\"http:\/\/www.emvic.cat\/\"><span data-contrast=\"none\">www.emvic.cat<\/span><\/a><span data-contrast=\"auto\">, amb n\u00famero de sol\u00b7licitud)<\/span><span data-ccp-props=\"{&quot;201341983&quot;:0,&quot;335559740&quot;:259}\">\u00a0<\/span><\/td>\n<\/tr>\n<tr aria-rowindex=\"5\">\n<td style=\"width: 18.201802879925076%;\" data-celllook=\"0\"><b><span data-contrast=\"auto\">Del 21 al 23 d\u2019abril<\/span><\/b><span data-ccp-props=\"{&quot;201341983&quot;:0,&quot;335559740&quot;:259}\">\u00a0<\/span><\/td>\n<td style=\"width: 80.43628133251818%;\" data-celllook=\"0\"><b><span data-contrast=\"auto\">Presentaci\u00f3 de reclamacions a la preinscripci\u00f3 (al correu <a href=\"mailto:secretaria@emvic.cat\">secretaria@emvic.cat<\/a>)<\/span><\/b><span data-ccp-props=\"{&quot;201341983&quot;:0,&quot;335559740&quot;:259}\">\u00a0<\/span><\/td>\n<\/tr>\n<tr aria-rowindex=\"6\">\n<td style=\"width: 18.201802879925076%;\" data-celllook=\"0\"><b><span data-contrast=\"auto\">27 d\u2019abril<\/span><\/b><span data-ccp-props=\"{&quot;201341983&quot;:0,&quot;335559740&quot;:259}\">\u00a0<\/span><\/td>\n<td style=\"width: 80.43628133251818%;\" data-celllook=\"0\"><b><span data-contrast=\"auto\">Publicaci\u00f3 de llistes amb barem definitiu <\/span><\/b><span data-contrast=\"auto\">(web <\/span><a href=\"http:\/\/www.emvic.cat\/\"><span data-contrast=\"none\">www.emvic.cat<\/span><\/a><span data-contrast=\"auto\">, amb n\u00famero de sol\u00b7licitud)<\/span><span data-ccp-props=\"{&quot;201341983&quot;:0,&quot;335559740&quot;:259}\">\u00a0<\/span><\/td>\n<\/tr>\n<tr aria-rowindex=\"7\">\n<td style=\"width: 5.6792018419033%;\" colspan=\"1\" rowspan=\"3\" data-celllook=\"0\"><b><span data-contrast=\"auto\">MAIG<\/span><\/b><span data-ccp-props=\"{&quot;201341983&quot;:0,&quot;335559740&quot;:259}\">\u00a0<\/span><\/td>\n<td style=\"width: 18.201802879925076%;\" data-celllook=\"0\"><b><span data-contrast=\"auto\">3 de maig<\/span><\/b><span data-ccp-props=\"{&quot;134233117&quot;:false,&quot;134233118&quot;:false,&quot;201341983&quot;:0,&quot;335551550&quot;:1,&quot;335551620&quot;:1,&quot;335559685&quot;:0,&quot;335559737&quot;:0,&quot;335559738&quot;:0,&quot;335559739&quot;:0,&quot;335559740&quot;:259}\">\u00a0<\/span><\/td>\n<td style=\"width: 80.43628133251818%;\" data-celllook=\"0\"><b><span data-contrast=\"auto\">Sorteig de desempat<\/span><\/b><span data-contrast=\"auto\"> de punts en cas de ser necessari*<\/span><span data-ccp-props=\"{&quot;201341983&quot;:0,&quot;335559740&quot;:259}\">\u00a0<\/span><\/td>\n<\/tr>\n<tr aria-rowindex=\"8\">\n<td style=\"width: 18.201802879925076%;\" data-celllook=\"0\"><b><span data-contrast=\"auto\">25 de maig<\/span><\/b><span data-ccp-props=\"{&quot;201341983&quot;:0,&quot;335559740&quot;:259}\">\u00a0<\/span><\/td>\n<td style=\"width: 80.43628133251818%;\" data-celllook=\"0\"><b><span data-contrast=\"none\">Publicaci\u00f3 de llistes d&#8217;inscrits dins i fora de termini<\/span><\/b><span data-contrast=\"none\"> amb barem i ordre definitius (inscripcions fins el 17 de maig).<\/span><span data-ccp-props=\"{&quot;201341983&quot;:0,&quot;335559740&quot;:259}\">\u00a0<\/span><\/td>\n<\/tr>\n<tr aria-rowindex=\"9\">\n<td style=\"width: 18.201802879925076%;\" data-celllook=\"0\"><b><span data-contrast=\"auto\">31 de maig<\/span><\/b><span data-ccp-props=\"{&quot;201341983&quot;:0,&quot;335559740&quot;:259}\">\u00a0<\/span><\/td>\n<td style=\"width: 80.43628133251818%;\" data-celllook=\"0\"><b><span data-contrast=\"auto\">Resoluci\u00f3 de la preinscripci\u00f3<\/span><\/b><span data-contrast=\"auto\"> (web <\/span><a href=\"http:\/\/www.emvic.cat\/\"><span data-contrast=\"none\">www.emvic.cat<\/span><\/a><span data-contrast=\"auto\">, amb n\u00famero de sol\u00b7licitud)**<\/span><span data-ccp-props=\"{&quot;201341983&quot;:0,&quot;335559740&quot;:259}\">\u00a0<\/span><\/td>\n<\/tr>\n<tr aria-rowindex=\"10\">\n<td style=\"width: 5.6792018419033%;\" data-celllook=\"0\"><b><span data-contrast=\"auto\">JUNY<\/span><\/b><span data-ccp-props=\"{&quot;201341983&quot;:0,&quot;335559740&quot;:259}\">\u00a0<\/span><\/td>\n<td style=\"width: 18.201802879925076%;\" data-celllook=\"0\"><b><span data-contrast=\"auto\">Del 15 al 30 de juny<\/span><\/b><span data-ccp-props=\"{&quot;201341983&quot;:0,&quot;335559740&quot;:259}\">\u00a0<\/span><\/td>\n<td style=\"width: 80.43628133251818%;\" data-celllook=\"0\"><b><span data-contrast=\"auto\">Matr\u00edcula de I4, I5 i 1r de Nivell Elemental<\/span><\/b><span data-ccp-props=\"{&quot;201341983&quot;:0,&quot;335559740&quot;:259}\">\u00a0<\/span><\/td>\n<\/tr>\n<tr aria-rowindex=\"11\">\n<td style=\"width: 5.6792018419033%;\" data-celllook=\"0\"><b><span data-contrast=\"auto\">JULIOL<\/span><\/b><span data-ccp-props=\"{&quot;201341983&quot;:0,&quot;335559740&quot;:259}\">\u00a0<\/span><\/td>\n<td style=\"width: 18.201802879925076%;\" data-celllook=\"0\"><b><span data-contrast=\"auto\">Del 6 al 13 de juliol<\/span><\/b><span data-ccp-props=\"{&quot;201341983&quot;:0,&quot;335559740&quot;:259}\">\u00a0<\/span><\/td>\n<td style=\"width: 80.43628133251818%;\" data-celllook=\"0\"><b><span data-contrast=\"auto\">Matr\u00edcula de 2n a 6\u00e8 de Nivell Elemental i tot el cicle de Nivell Mitj\u00e0. <\/span><\/b><span data-ccp-props=\"{&quot;201341983&quot;:0,&quot;335559740&quot;:259}\">\u00a0<\/span><\/td>\n<\/tr>\n<\/tbody>\n<\/table>\n<table class=\" aligncenter\" style=\"height: 55px; width: 27.031380548861392%; border-collapse: collapse; background-color: #f2a413; border-color: #d48300;\">\n<tbody>\n<tr>\n<td style=\"width: 100%;\">\n<h5><a href=\"https:\/\/emvic.gwido.cat\/inscripcio_ciutadana\/public\/periodes_oberts?c=1\"><strong><span style=\"color: #ffffff;\">ENLLA\u00c7 DIRECTE A PREINSCRIPCI\u00d3 (fora de termini)<\/span>\u00a0<\/strong><\/a><\/h5>\n<\/td>\n<\/tr>\n<\/tbody>\n<\/table>\n<p><span class=\"TextRun SCXW32729640 BCX4\" lang=\"CA-ES\" xml:lang=\"CA-ES\" data-contrast=\"auto\"><span class=\"NormalTextRun SCXW32729640 BCX4\">*El\u00a0<strong>s<\/strong><\/span><span class=\"NormalTextRun SCXW32729640 BCX4\"><strong>orteig<\/strong>\u00a0servei<\/span><span class=\"NormalTextRun SCXW32729640 BCX4\">x<\/span><span class=\"NormalTextRun SCXW32729640 BCX4\">\u00a0per establir un ordre\u00a0<\/span><span class=\"NormalTextRun SCXW32729640 BCX4\">de prioritat\u00a0<\/span><span class=\"NormalTextRun SCXW32729640 BCX4\">dels inscrits que van a la mateixa escola de prim\u00e0ria\/infantil i han obtingut la mateixa puntuaci\u00f3 en els barems.\u00a0<\/span><span class=\"NormalTextRun SCXW32729640 BCX4\">Aquest ordre \u00e9s el que seguirem per assignar les places que quedin vacants una vegada cobertes\u00a0<\/span><span class=\"NormalTextRun SCXW32729640 BCX4\">les places ocupades pels nostres actuals alumnes.<\/span><\/span><span class=\"EOP SCXW32729640 BCX4\" data-ccp-props=\"{&quot;201341983&quot;:0,&quot;335559739&quot;:160,&quot;335559740&quot;:259}\">\u00a0<\/span><\/p>\n<p>**El 31 de maig nom\u00e9s es confirmaran les places de Llenguatge musical.\u00a0<strong>Les sol\u00b7licituds de pla\u00e7a d\u2019instrument s\u2019assignaran la primera setmana de juliol<\/strong>, una vegada els alumnes actuals del centre tinguin confirmada la seva pla\u00e7a i sapiguem les hores que queden disponibles de cada instrument.<\/p>\n<hr \/>\n<h6>RESOLUCI\u00d3 DE LES PREINSCRIPCIONS FETES FINS AL 17 DE MAIG (01\/06\/2023)<\/h6>\n<p style=\"font-weight: 400;\">Accediu als seg\u00fcent enlla\u00e7\u00a0per veure la resoluci\u00f3 de les sol\u00b7licituds de preinscripci\u00f3 dins i fora de termini, realitzades fins el 17 de maig:<\/p>\n<p><a href=\"https:\/\/agora.xtec.cat\/escmusicavic\/wp-content\/uploads\/usu1071\/2023\/06\/PREINSCRIPCIO-2023-2024-ADJUDICACIO-PLACES-i4_i5.pdf\">Resoluci\u00f3 i4 i i5\u00a0<\/a><\/p>\n<p><a href=\"https:\/\/agora.xtec.cat\/escmusicavic\/wp-content\/uploads\/usu1071\/2023\/06\/PREINSCRIPCIO-2023-2024-ADJUDICACIO-PLACES_PRIMER-NE.pdf\">Resoluci\u00f3 Primer de Nivell Elemental\u00a0<\/a><\/p>\n<p><a href=\"https:\/\/agora.xtec.cat\/escmusicavic\/wp-content\/uploads\/usu1071\/2023\/06\/PREINSCRIPCIO-2023-2024-ADJUDICACIO-PLACES_RESTA-NE.pdf\">Resoluci\u00f3 resta de cursos de Nivell Elemental<\/a><\/p>\n<p><a href=\"https:\/\/agora.xtec.cat\/escmusicavic\/wp-content\/uploads\/usu1071\/2023\/06\/PREINSCRIPCIO-2023-2024-ADJUDICACIO-PLACES_NM.pdf\">Resoluci\u00f3 nivell mitj\u00e0<\/a><\/p>\n<p style=\"font-weight: 400;\">Per saber si heu obtingut pla\u00e7a\u00a0<strong>observeu el color de la\u00a0<u>casella del vostre CODI ID<\/u><\/strong>:<\/p>\n<ul>\n<li>Les sol\u00b7licituds que\u00a0<strong>obtenen pla\u00e7a<\/strong>tenen el\u00a0<span style=\"background-color: #8fde5b;\">CODI en verd<\/span><\/li>\n<li>Les sol\u00b7licituds que no obtenen pla\u00e7a i queden en\u00a0<strong>llista d\u2019espera\u00a0<\/strong>tenen el\u00a0<span style=\"background-color: #ffcc00;\">CODI en groc<\/span><\/li>\n<li>Les sol\u00b7licituds que\u00a0obtenen pla\u00e7a de llenguatge musical i queden pendents de l\u2019instrument\u00a0tenen el\u00a0<span style=\"background-color: #ff6600;\">CODI en taronja<\/span><\/li>\n<\/ul>\n<p style=\"font-weight: 400;\">Us recordem que\u00a0<u>les sol\u00b7licituds <strong>d\u2019instrument<\/strong> (a partir de 2NE) seran ateses a partir de la primera setmana de juliol.<\/u><\/p>\n<p><strong>ATENCI\u00d3:<\/strong> Durant la primera quinzena de juny les fam\u00edlies que hagueu obtigut pla\u00e7a rebreu un correu amb els horaris i la informaci\u00f3 per a formalitzar la matr\u00edcula.<\/p>\n<hr \/>\n<h6>LLISTATS D\u2019INSCRITS DINS I FORA DE TERMINI FINS EL 17 DE MAIG (26\/05\/2023)<\/h6>\n<p><a href=\"https:\/\/agora.xtec.cat\/escmusicavic\/wp-content\/uploads\/usu1071\/2023\/05\/PREINSCRIPCIO-I4_I5-DINS-I-FORA-TERMINI-FINS-17MAIG.pdf\">Llistat i4 i i5\u00a0<\/a><\/p>\n<p><a href=\"https:\/\/agora.xtec.cat\/escmusicavic\/wp-content\/uploads\/usu1071\/2023\/05\/PREINSCRIPCIO-1NE-DINS-I-FORA-TERMINI-FINS-17MAIG.pdf\">Llistat Primer de Nivell Elemental\u00a0<\/a><\/p>\n<p><a href=\"https:\/\/agora.xtec.cat\/escmusicavic\/wp-content\/uploads\/usu1071\/2023\/05\/PREINSCRIPCIO-RESTA-NE-DINS-I-FORA-TERMINI-FINS-17MAIG.pdf\">Llistat\u00a0resta de cursos de Nivell Elemental<\/a><\/p>\n<p><a href=\"https:\/\/agora.xtec.cat\/escmusicavic\/wp-content\/uploads\/usu1071\/2023\/05\/PREINSCRIPCIO-NM-DINS-I-FORA-TERMINI-FINS-17MAIG.pdf\">Llistat nivell mitj\u00e0<\/a><\/p>\n<p>IMPORTANT: Recordeu que les inscripcions realitzades a partir de l&#8217;1 d&#8217;abril estan fora de termini i en cas que hi quedin places, una vegada resoltes les preinscripcions fetes dins de termini, s&#8217;assignaran les places per ordre d&#8217;arribada de les sol\u00b7licituds i segons la disponibilitat de places de l&#8217;oferta sol\u00b7licitada.<\/p>\n<hr \/>\n<h6>LLISTATS D&#8217;INSCRITS AMB ORDRE DEFINITIU DESPR\u00c9S DEL SORTEIG: i4, i5,1r NE i resta de NE (05\/05\/2023)<\/h6>\n<p>Despr\u00e9s de realizar el Sorteig per determinar l&#8217;ordre definitiu de les inscripcions empatades en punts que provenen d&#8217;un mateix centre educatiu, als seg\u00fcents enlla\u00e7os hi trobareu els llistats amb l&#8217;ordre definitiu:<\/p>\n<p><a href=\"https:\/\/agora.xtec.cat\/escmusicavic\/wp-content\/uploads\/usu1071\/2023\/05\/PREINSCRITS-DINS-TERMINI-ORDRE-DESPRES-SORTEIG_I4_I5.pdf\">Llistat amb ordre definitiu i4 i i5\u00a0<\/a><\/p>\n<p><a href=\"https:\/\/agora.xtec.cat\/escmusicavic\/wp-content\/uploads\/usu1071\/2023\/05\/PREINSCRITS-DINS-TERMNI-ORDRE-DESPRES-SORTEIG-1NE.pdf\">Llistat amb ordre definitiu Primer de Nivell Elemental\u00a0<\/a><\/p>\n<p><a href=\"https:\/\/agora.xtec.cat\/escmusicavic\/wp-content\/uploads\/usu1071\/2023\/05\/PREINSCRIPCIO-DINS-TERMINI-ORDRE-DESPRES-SORTEIG-RESTA-NE.pdf\">Llista amb ordre definitiu resta de cursos de Nivell Elemental<\/a><\/p>\n<p>Els llistats d&#8217;inscrits a<strong>\u00a0Nivell Mitj\u00e0<\/strong>\u00a0s\u00f3n els mateixos que a la publicaci\u00f3 del dia 27 d&#8217;abril perqu\u00e8 no hi havia cap inscripci\u00f3 empatada en punts que procedent del mateix centre educatiu.<\/p>\n<hr \/>\n<h6>LLISTATS D&#8217;INSCRITS AMB BAREMS DEFINITIUS (i4, i5, NIVELL ELEMENTAL I NIVELL MITJ\u00c0) (27\/04\/2023)<\/h6>\n<p>Als seg\u00fcents enlla\u00e7os hi trobareu els llistats d&#8217;inscrits amb barems <strong>DEFINITIUS<\/strong>:<\/p>\n<p><a href=\"https:\/\/agora.xtec.cat\/escmusicavic\/wp-content\/uploads\/usu1071\/2023\/04\/PUBLICACIO-PREINSCRITS-DINS-TERMINI-BAREMS-DEFINITIUS_I4_I5.pdf\">Llistat d&#8217;inscrits a i4 i i5\u00a0<\/a><\/p>\n<p><a href=\"https:\/\/agora.xtec.cat\/escmusicavic\/wp-content\/uploads\/usu1071\/2023\/04\/PUBLICACIO-PREINSCRITS-DINS-TERMINI-BAREMS-DEFINITIUS_1NE.pdf\">Llistat d&#8217;inscrits a Primer de Nivell Elemental<\/a><\/p>\n<p><a href=\"https:\/\/agora.xtec.cat\/escmusicavic\/wp-content\/uploads\/usu1071\/2023\/04\/PUBLICACIO-PREINSCRITS-DINS-TERMINI-BAREMS-DEFINITIUS_RESTA_NE.pdf\">Llistat d&#8217;inscrits a la resta de cursos de Nivell Elemental<\/a><\/p>\n<p><a href=\"https:\/\/agora.xtec.cat\/escmusicavic\/wp-content\/uploads\/usu1071\/2023\/04\/PUBLICACIO-PREINSCRITS-DINS-TERMINI-BAREMS-DEFINITIUS_NM.pdf\">Llistat d&#8217;inscrits a Nivell Mitj\u00e0<\/a> (secund\u00e0ria)<\/p>\n<p><span lang=\"CA\">Una vegada revisades les puntuacions definitives de les sol\u00b7licituds de preinscripci\u00f3 hem vist que hi ha diversos casos d&#8217;<b>inscripcions d&#8217;i4, i5 i Nivell Elemental<\/b>\u00a0amb empat de punts. Per tal d&#8217;establir l&#8217;ordre\u00a0<span class=\"markfazhpx55d\" data-markjs=\"true\" data-ogac=\"\" data-ogab=\"\" data-ogsc=\"\" data-ogsb=\"\">definitiu<\/span>\u00a0de puntuacions cal que fem un sorteig entre els alumnes que provinguin del mateix centre escolar i hagin obtingut la mateixa puntuaci\u00f3.\u00a0<b>Tingueu en compte que aquest sorteig no implica una adjudicaci\u00f3 de places, nom\u00e9s permetr\u00e0 determinar l&#8217;ordre\u00a0<span class=\"markfazhpx55d\" data-markjs=\"true\" data-ogac=\"\" data-ogab=\"\" data-ogsc=\"\" data-ogsb=\"\">definitiu<\/span>\u00a0de les preinscripcions.<\/b><\/span><\/p>\n<p><span lang=\"CA\"><b>IMPORTANT:\u00a0<\/b>Per veure si la vostra sol\u00b7licitud entra dins el sorteig, reviseu la columna &#8220;<strong><span style=\"color: #000000;\">N\u00famero del Sorteig<\/span><\/strong>&#8220;, si teniu assignat un n\u00famero a la vostra sol\u00b7licitud i est\u00e0 de color <span style=\"color: #993300;\">taronja\/marr\u00f3<\/span><\/span><span lang=\"CA\">\u00a0significa que entreu en el sorteig per establir l&#8217;ordre\u00a0<span class=\"markfazhpx55d\" data-markjs=\"true\" data-ogac=\"\" data-ogab=\"\" data-ogsc=\"\" data-ogsb=\"\">definitiu<\/span>.\u00a0<\/span><\/p>\n<p><strong>Data i hora del sorteig:<\/strong> dimecres 3 de maig a les 18 h a l&#8217;EMVIC. El sorteig es realitzar\u00e0 per la directora de l&#8217;EMVIC i una representant de l&#8217;AMPA.<\/p>\n<hr \/>\n<h6>LLISTATS D&#8217;INSCRITS AMB BAREMS PROVISIONALS (i4, i5, NIVELL ELEMENTAL I NIVELL MITJ\u00c0) (20\/04\/2023)<\/h6>\n<p>Als seg\u00fcents enlla\u00e7os hi trobareu els llistats d&#8217;inscrits amb barems provisionals:<\/p>\n<p><a href=\"https:\/\/agora.xtec.cat\/escmusicavic\/wp-content\/uploads\/usu1071\/2023\/04\/PREINSCRIPCIO-2023-2024-BAREMS-PROVISIONALS-i4-i5.pdf\">Llistat d&#8217;inscrits a i4 i i5<\/a><\/p>\n<p><a href=\"https:\/\/agora.xtec.cat\/escmusicavic\/wp-content\/uploads\/usu1071\/2023\/04\/PREINSCRIPCIO-2023-2024-BAREMS-PROVISIONALS-1NE.pdf\">Llistat d&#8217;inscrits a Primer de Nivell Elemental<\/a><\/p>\n<p><a href=\"https:\/\/agora.xtec.cat\/escmusicavic\/wp-content\/uploads\/usu1071\/2023\/04\/PREINSCRIPCIO-2023-2024-BAREMS-PROVISIONALS-RESTA-NE.pdf\">Llistat d&#8217;inscrits a la resta de cursos de Nivell Elemental<\/a><\/p>\n<p><a href=\"https:\/\/agora.xtec.cat\/escmusicavic\/wp-content\/uploads\/usu1071\/2023\/04\/PREINSCRIPCIO-2023-2024-BAREMS-PROVISIONALS-NM.pdf\">Llistat d&#8217;inscrits a Nivell Mitj\u00e0 (secund\u00e0ria)<\/a><\/p>\n<p>En el cas que sigui necessari, per tal d\u2019<b>esmenar la puntuaci\u00f3<\/b>\u00a0cal que ompliu el seg\u00fcent\u00a0<a href=\"https:\/\/forms.office.com\/Pages\/ResponsePage.aspx?id=pzjJll4sq0uqIBsLhd-bQZYd1nL5fFNAhtF1fCC8u3pUN1JZVzVIMUxGQ0dRQlpKNEQ3U0I2VFBEUS4u\"><b>formulari<\/b>\u00a0<\/a>i envieu la documentaci\u00f3 acreditativa a\u00a0<a>secretaria@emvic.cat<\/a>\u00a0fins el <strong>diumenge<\/strong><b>\u00a023 d&#8217;abril (incl\u00f2s).<\/b><\/p>\n","protected":false},"excerpt":{"rendered":"<p>CALENDARI DE PREINSCRIPCI\u00d3<br \/>\nAquest calendari \u00e9s v\u00e0lid per als\u00a0NOUS alumnes\u00a0que es volen inscriure a I4 (any 2019), I5 (any 2018)\u00a0i els programes de\u00a0Nivell Elemental (Prim\u00e0ria)\u00a0i\u00a0Nivell Mitj\u00e0 (Secund\u00e0ria):<\/p>\n<p>MAR\u00c7\u00a0<\/p>\n<p>11 de mar\u00e7\u00a0<br \/>\nde 10 a 13 h\u00a0<\/p>\n<p>Jornada de Portes Obertes.\u00a0<\/p>\n<p>De l\u201911 al 31 de mar\u00e7\u00a0<br \/>\nPer\u00edode de preinscripci\u00f3 al seg\u00fcent <a&hellip;  <a href=\"https:\/\/agora.xtec.cat\/escmusicavic\/serveis\/preinscripcio-nous-alumnes-2023-2024\/preinscripcio-a-i4-i5-nivell-elemental-i-nivell-mitja\/\" title=\"Read Preinscripci\u00f3 a I4, I5, Nivell Elemental i Nivell Mitj\u00e0\">Llegeix m\u00e9s\u00bb<\/a><\/p>\n","protected":false},"author":11,"featured_media":0,"parent":5649,"menu_order":0,"comment_status":"closed","ping_status":"closed","template":"","meta":{"_bbp_topic_count":0,"_bbp_reply_count":0,"_bbp_total_topic_count":0,"_bbp_total_reply_count":0,"_bbp_voice_count":0,"_bbp_anonymous_reply_count":0,"_bbp_topic_count_hidden":0,"_bbp_reply_count_hidden":0,"_bbp_forum_subforum_count":0,"footnotes":""},"class_list":["post-5636","page","type-page","status-publish","hentry"],"post_mailing_queue_ids":[],"_links":{"self":[{"href":"https:\/\/agora.xtec.cat\/escmusicavic\/wp-json\/wp\/v2\/pages\/5636","targetHints":{"allow":["GET"]}}],"collection":[{"href":"https:\/\/agora.xtec.cat\/escmusicavic\/wp-json\/wp\/v2\/pages"}],"about":[{"href":"https:\/\/agora.xtec.cat\/escmusicavic\/wp-json\/wp\/v2\/types\/page"}],"author":[{"embeddable":true,"href":"https:\/\/agora.xtec.cat\/escmusicavic\/wp-json\/wp\/v2\/users\/11"}],"replies":[{"embeddable":true,"href":"https:\/\/agora.xtec.cat\/escmusicavic\/wp-json\/wp\/v2\/comments?post=5636"}],"version-history":[{"count":4,"href":"https:\/\/agora.xtec.cat\/escmusicavic\/wp-json\/wp\/v2\/pages\/5636\/revisions"}],"predecessor-version":[{"id":6025,"href":"https:\/\/agora.xtec.cat\/escmusicavic\/wp-json\/wp\/v2\/pages\/5636\/revisions\/6025"}],"up":[{"embeddable":true,"href":"https:\/\/agora.xtec.cat\/escmusicavic\/wp-json\/wp\/v2\/pages\/5649"}],"wp:attachment":[{"href":"https:\/\/agora.xtec.cat\/escmusicavic\/wp-json\/wp\/v2\/media?parent=5636"}],"curies":[{"name":"wp","href":"https:\/\/api.w.org\/{rel}","templated":true}]}}