{"id":5562,"date":"2022-11-21T10:42:44","date_gmt":"2022-11-21T09:42:44","guid":{"rendered":"https:\/\/agora.xtec.cat\/escmusicavic\/?page_id=5562"},"modified":"2022-11-21T12:24:42","modified_gmt":"2022-11-21T11:24:42","slug":"circular-informativa-1-setembre-2022","status":"publish","type":"page","link":"https:\/\/agora.xtec.cat\/escmusicavic\/serveis\/circulars-informatives\/circular-informativa-1-setembre-2022\/","title":{"rendered":"Circular informativa 1. Setembre 2022"},"content":{"rendered":"<p class=\"x_MsoNormal\">Benvinguts<\/p>\n<h5 class=\"x_MsoNormal\">Benvinguts al curs 2022-23!<\/h5>\n<p class=\"x_MsoNormal\">Comencem les circulars informatives amb una presentaci\u00f3 adre\u00e7ada especialment a les fam\u00edlies que s\u2019incorporen a l\u2019emvic. Alhora, \u00e9s un bon recordatori per tota la comunitat educativa en aspectes de funcionament i ordre intern. Bon curs a tots!<\/p>\n<h5 class=\"x_MsoNormal\">Presentaci\u00f3<\/h5>\n<p class=\"x_MsoNormal\"><strong>Escola de M\u00fasica i Conservatori de Vic<\/strong><\/p>\n<p class=\"x_MsoNormal\">L\u2019Escola de M\u00fasica de Vic \u00e9s una instituci\u00f3 centen\u00e0ria que compta amb m\u00e9s d\u2019un miler d\u2019alumnes de totes les edats. L\u2019emvic inclou<\/p>\n<p class=\"x_MsoListParagraphCxSpFirst\">\u00b7\u00a0\u00a0\u00a0\u00a0\u00a0\u00a0\u00a0\u00a0\u00a0Escola Municipal de M\u00fasica de Vic<\/p>\n<p class=\"x_MsoListParagraphCxSpMiddle\">\u00b7\u00a0\u00a0\u00a0\u00a0\u00a0\u00a0\u00a0\u00a0\u00a0Conservatori de Grau Professional de Vic<\/p>\n<p class=\"x_MsoListParagraphCxSpLast\">\u00b7\u00a0\u00a0\u00a0\u00a0\u00a0\u00a0\u00a0\u00a0\u00a0Xarxa emvic: Aules de m\u00fasica a Arb\u00facies, Folgueroles, Calldetenes, Sant Juli\u00e0 de Vilatorta, St. Hilari de Sacalm i Viladrau. Aix\u00ed com l\u2019Escola de M\u00fasica de Tona.<\/p>\n<p class=\"x_MsoNormal\">Aquest curs incorporarem a la xarxa emvic l\u2019<b>Aula de M\u00fasica de Santa Eug\u00e8nia de Berga.<\/b><\/p>\n<h5 class=\"x_MsoNormal\">Pla Anual 2022-23<\/h5>\n<p class=\"x_MsoNormal\">Encetem un curs retrobant la situaci\u00f3 pre-pand\u00e8mica sumant-hi tots els aprenentatges que ens ha aportat aquesta crisi. El Pla Anual d\u2019aquest curs va molt lligat a aquesta nova situaci\u00f3.<\/p>\n<h6 class=\"x_MsoNormal\"><br aria-hidden=\"true\" \/><b>Eix acad\u00e8mic<\/b><\/h6>\n<p class=\"x_MsoListParagraphCxSpFirst\">&#8211;\u00a0\u00a0\u00a0\u00a0\u00a0\u00a0\u00a0\u00a0\u00a0\u00a0<b>Retorn d\u2019optatives i lliure elecci\u00f3<\/b>. Les assignatures que vam haver de modificar pel Covid (cors, conjunts de vent, orquestres&#8230;) tornen a la situaci\u00f3 anterior a la pand\u00e8mia.<\/p>\n<p class=\"x_MsoListParagraphCxSpMiddle\">&#8211;\u00a0\u00a0\u00a0\u00a0\u00a0\u00a0\u00a0\u00a0\u00a0\u00a0<b>Entrada de les fam\u00edlies<\/b>\u00a0al centre. Les fam\u00edlies poden tornar a entrar al centre amb normalitat. \u00c9s imprescindible que el\u00a0<b>SILENCI<\/b>\u00a0que hem tingut aquests cursos es mantingui. Tan el professorat com el PAS vetllaran per aconseguir-ho.<\/p>\n<p class=\"x_MsoListParagraphCxSpMiddle\">&#8211;\u00a0\u00a0\u00a0\u00a0\u00a0\u00a0\u00a0\u00a0\u00a0\u00a0<b>Audicions i concerts<\/b>. Retorn a la situaci\u00f3 pr\u00e8via a la crisi sanit\u00e0ria.<\/p>\n<p class=\"x_MsoListParagraphCxSpLast\">&#8211;\u00a0\u00a0\u00a0\u00a0\u00a0\u00a0\u00a0\u00a0\u00a0\u00a0<b>Tutoria.<\/b><b>\u00a0<\/b>El tutor dels alumnes de Sensibilitzaci\u00f3 i de 1r de Nivell Elemental \u00e9s el professor de llenguatge. A partir de 2n, i sempre que l\u2019alumne faci instrument o PRIG, el professor d\u2019instrument \u00e9s qui far\u00e0 de tutor de l\u2019alumne. En el cas dels alumnes que no facin instrument, el tutor els ser\u00e0 assignat a principi de curs.<\/p>\n<h6 class=\"x_MsoNormal\"><b>Eix log\u00edstic<\/b><\/h6>\n<p class=\"x_MsoNormal\"><b>Calendari escolar.\u00a0<\/b>Consulteu-lo\u00a0<a href=\"https:\/\/agora.xtec.cat\/escmusicavic\/calendari-del-curs\/\" target=\"_blank\" rel=\"noopener noreferrer\" data-auth=\"NotApplicable\" data-safelink=\"true\" data-linkindex=\"0\">aqu\u00ed<\/a>.<\/p>\n<p class=\"x_MsoNormal\"><b><\/b><b>Espais d\u2019espera i reserva d\u2019aules<\/b><\/p>\n<p class=\"x_MsoNormal\">Recuperem els espais d\u2019espera i la reserva d\u2019aules<\/p>\n<p class=\"x_MsoListParagraphCxSpFirst\">&#8211;\u00a0\u00a0\u00a0\u00a0\u00a0\u00a0\u00a0\u00a0\u00a0\u00a0Espais d\u2019espera: recepci\u00f3 i diversos espais a passadissos<\/p>\n<p class=\"x_MsoListParagraphCxSpMiddle\">&#8211;\u00a0\u00a0\u00a0\u00a0\u00a0\u00a0\u00a0\u00a0\u00a0\u00a0Espais de treball: i50 (davant sala 3)<\/p>\n<p class=\"x_MsoListParagraphCxSpLast\">&#8211;\u00a0\u00a0\u00a0\u00a0\u00a0\u00a0\u00a0\u00a0\u00a0\u00a0Reserva d\u2019aules d\u2019estudi. Podeu consultar la normativa a les\u00a0<a href=\"https:\/\/agora.xtec.cat\/escmusicavic\/transparencia\/nofc\/\" target=\"_blank\" rel=\"noopener noreferrer\" data-auth=\"NotApplicable\" data-safelink=\"true\" data-linkindex=\"1\">NOFC<\/a>\u00a0i fer la sol\u00b7licitud de reserva\u00a0<a target=\"_blank\" rel=\"noopener noreferrer\" data-auth=\"NotApplicable\" data-safelink=\"true\" data-linkindex=\"2\">leosomma@emvic.cat<\/a><b>.<\/b><\/p>\n<p class=\"x_MsoNormal\"><b>Servei de cust\u00f2dia d\u2019instruments<\/b><\/p>\n<p class=\"x_MsoNormal\">Seguirem amb la proposta de\u00a0\u00a0guardar els instruments a l\u2019aula on l\u2019alumne tindr\u00e0 la classe.<\/p>\n<p class=\"x_MsoNormal\"><b>Centre d\u2019Arts Esc\u00e8niques L\u2019Atl\u00e0ntida<\/b><\/p>\n<p class=\"x_MsoNormal\">Per tal de gaudir de la programaci\u00f3 estable de L\u2019Atl\u00e0ntida, els alumnes de l\u2019emvic disposen de preus especials*:<\/p>\n<p class=\"x_MsoListParagraphCxSpFirst\">\u00b7\u00a0\u00a0\u00a0\u00a0\u00a0\u00a0\u00a0\u00a0\u00a010 \u20ac en el cicle Grans Concerts<\/p>\n<p class=\"x_MsoListParagraphCxSpMiddle\">\u00b7\u00a0\u00a0\u00a0\u00a0\u00a0\u00a0\u00a0\u00a0\u00a05 \u20ac en el cicle Cl\u00e0ssica Jove<\/p>\n<p class=\"x_MsoListParagraphCxSpLast\">\u00b7\u00a0\u00a0\u00a0\u00a0\u00a0\u00a0\u00a0\u00a0\u00a03 \u20ac en el cicle M\u00fasica de prop<\/p>\n<p class=\"x_MsoNormal\">*A l\u2019inici de cada semestre rebreu un email recordatori on hi constar\u00e0 el llistat d\u2019espectacles on els alumnes de l\u2019EMVIC gaudeixen d\u2019un preu especial.<\/p>\n<p class=\"x_MsoNormal\">Les entrades es poden adquirir de forma presencial a les taquilles de L\u2019Atl\u00e0ntida o per internet (utilitzant l\u2019ID de cada alumne. El podreu trobar dins de la vostra sessi\u00f3 del Gwido). Les entrades amb preu especial de l\u2019EMVIC aniran timbrades ja que s\u00f3n d\u2019us personal.<\/p>\n<p class=\"x_MsoNormal\"><b>P\u00e0rquing<\/b><\/p>\n<p class=\"x_MsoNormal\">Les fam\u00edlies de l\u2019emvic tenen un important avantatge en la utilitzaci\u00f3 del p\u00e0rquing de L\u2019Atl\u00e0ntida. Es pot adquirir una targeta de 100 o 200 usos al preu de\u00a0<b>0.28 euros\/hora<\/b>.<\/p>\n<h6 class=\"x_MsoNormal\"><b>Eix comunicatiu<\/b><\/h6>\n<p class=\"x_MsoNormal\">La comunicaci\u00f3 \u00e9s un dels elements clau pel bon funcionament del centre. Us recordem els principals canals de comunicaci\u00f3.<\/p>\n<p class=\"x_MsoListParagraphCxSpFirst\">\u00b7\u00a0\u00a0\u00a0\u00a0\u00a0\u00a0\u00a0\u00a0\u00a0<b>Agenda Setmanal<\/b>. La rebreu setmanalment pel correu electr\u00f2nic i la trobareu penjada a la web.<b><\/b><\/p>\n<p class=\"x_MsoListParagraphCxSpMiddle\">\u00b7\u00a0\u00a0\u00a0\u00a0\u00a0\u00a0\u00a0\u00a0\u00a0<b>Circular informativa<\/b>. Not\u00edcies destacades, informacions acad\u00e8miques, calendaris, normatives. La rebreu per correu electr\u00f2nic i la trobareu penjada a la web.<b><\/b><\/p>\n<p class=\"x_MsoListParagraphCxSpMiddle\">\u00b7\u00a0\u00a0\u00a0\u00a0\u00a0\u00a0\u00a0\u00a0\u00a0<b>Web<\/b>. Seguiu l\u2019actualitat de l\u2019escola a trav\u00e9s tamb\u00e9 de la web. Hi trobareu informacions acad\u00e8miques, formularis, acc\u00e9s a intranet i al moodle&#8230; I tamb\u00e9 el calendari d\u2019activitats<b><\/b><\/p>\n<p class=\"x_MsoListParagraphCxSpLast\">\u00b7\u00a0\u00a0\u00a0\u00a0\u00a0\u00a0\u00a0\u00a0\u00a0<b>\u00a0<\/b><a href=\"https:\/\/twitter.com\/escolamusicavic?lang=es\" target=\"_blank\" rel=\"noopener noreferrer\" data-auth=\"NotApplicable\" data-safelink=\"true\" data-linkindex=\"3\"><b>Twitter<\/b><\/a><b>,\u00a0<\/b><a href=\"https:\/\/www.instagram.com\/emvic.cat\/\" target=\"_blank\" rel=\"noopener noreferrer\" data-auth=\"NotApplicable\" data-safelink=\"true\" data-linkindex=\"4\"><b>Instagram<\/b><\/a><b><\/b><b><\/b><\/p>\n<h5 class=\"x_MsoNormal\"><b>Reunions de presentaci\u00f3 del curs<\/b><\/h5>\n<p class=\"x_MsoNormal\">Totes les reunions seran a les\u00a0<b>20.30 h<\/b>\u00a0en format h\u00edbrid (presencial i online).<\/p>\n<table class=\"x_MsoTableGrid\" style=\"width: 44.51247920133112%; height: 310px;\" border=\"1\" width=\"601\" cellspacing=\"0\" cellpadding=\"0\">\n<tbody>\n<tr style=\"height: 57px;\">\n<td style=\"height: 57px;\" valign=\"top\" width=\"145\">\n<p class=\"x_MsoNormal\" align=\"center\">Programa<\/p>\n<\/td>\n<td style=\"height: 57px;\" valign=\"top\" width=\"166\">\n<p class=\"x_MsoNormal\" align=\"center\">Data<\/p>\n<\/td>\n<td style=\"height: 57px;\" valign=\"top\" width=\"290\">\n<p class=\"x_MsoNormal\" align=\"center\">Enlla\u00e7<\/p>\n<\/td>\n<\/tr>\n<tr style=\"height: 57px;\">\n<td style=\"height: 57px;\" valign=\"top\" width=\"145\">\n<p class=\"x_MsoNormal\">Sensibilitzaci\u00f3<\/p>\n<\/td>\n<td style=\"height: 57px;\" valign=\"top\" width=\"166\">\n<p class=\"x_MsoNormal\">19 de setembre<\/p>\n<\/td>\n<td style=\"height: 57px;\" valign=\"top\" width=\"290\">\n<p class=\"x_MsoNormal\"><a title=\"https:\/\/teams.microsoft.com\/l\/meetup-join\/19%3ameeting_mgq1mta3zjgtmjjjyi00njkzlwfmmzetody4odg2ogqzyzzk%40thread.v2\/0?context=%7b%22tid%22%3a%2296c938a7-2c5e-4bab-aa20-1b0b85df9b41%22%2c%22oid%22%3a%2272d61d96-7cf9-4053-86d1-757c20bcbb7a%22%7d\" href=\"https:\/\/teams.microsoft.com\/l\/meetup-join\/19%3ameeting_MGQ1MTA3ZjgtMjJjYi00NjkzLWFmMzEtODY4ODg2OGQzYzZk%40thread.v2\/0?context=%7b%22Tid%22%3a%2296c938a7-2c5e-4bab-aa20-1b0b85df9b41%22%2c%22Oid%22%3a%2272d61d96-7cf9-4053-86d1-757c20bcbb7a%22%7d\" target=\"_blank\" rel=\"noopener noreferrer\" data-auth=\"NotApplicable\" data-safelink=\"true\" data-linkindex=\"5\">Feu clic aqu\u00ed per unir-vos a la reuni\u00f3<\/a><\/p>\n<\/td>\n<\/tr>\n<tr style=\"height: 57px;\">\n<td style=\"height: 57px;\" valign=\"top\" width=\"145\">\n<p class=\"x_MsoNormal\">3r i 4rt NE<\/p>\n<\/td>\n<td style=\"height: 57px;\" valign=\"top\" width=\"166\">\n<p class=\"x_MsoNormal\">20 de setembre<\/p>\n<\/td>\n<td style=\"height: 57px;\" valign=\"top\" width=\"290\">\n<p class=\"x_MsoNormal\"><a title=\"https:\/\/teams.microsoft.com\/l\/meetup-join\/19%3ameeting_nzyzzdqzngytoty3nc00ytlllweynmytzgfhzju0ntrkytlj%40thread.v2\/0?context=%7b%22tid%22%3a%2296c938a7-2c5e-4bab-aa20-1b0b85df9b41%22%2c%22oid%22%3a%2272d61d96-7cf9-4053-86d1-757c20bcbb7a%22%7d\" href=\"https:\/\/teams.microsoft.com\/l\/meetup-join\/19%3ameeting_NzYzZDQzNGYtOTY3NC00YTllLWEyNmYtZGFhZjU0NTRkYTlj%40thread.v2\/0?context=%7b%22Tid%22%3a%2296c938a7-2c5e-4bab-aa20-1b0b85df9b41%22%2c%22Oid%22%3a%2272d61d96-7cf9-4053-86d1-757c20bcbb7a%22%7d\" target=\"_blank\" rel=\"noopener noreferrer\" data-auth=\"NotApplicable\" data-safelink=\"true\" data-linkindex=\"6\">Feu clic aqu\u00ed per unir-vos a la reuni\u00f3<\/a><\/p>\n<\/td>\n<\/tr>\n<tr style=\"height: 57px;\">\n<td style=\"height: 57px;\" valign=\"top\" width=\"145\">\n<p class=\"x_MsoNormal\">1r i 2n NE<\/p>\n<\/td>\n<td style=\"height: 57px;\" valign=\"top\" width=\"166\">\n<p class=\"x_MsoNormal\">26 de setembre<\/p>\n<\/td>\n<td style=\"height: 57px;\" valign=\"top\" width=\"290\">\n<p class=\"x_MsoNormal\"><a title=\"https:\/\/teams.microsoft.com\/l\/meetup-join\/19%3ameeting_y2mzndy4nmitmmnmoc00odi5lwe4ogetyzlhyzcwnzk4zjli%40thread.v2\/0?context=%7b%22tid%22%3a%2296c938a7-2c5e-4bab-aa20-1b0b85df9b41%22%2c%22oid%22%3a%2272d61d96-7cf9-4053-86d1-757c20bcbb7a%22%7d\" href=\"https:\/\/teams.microsoft.com\/l\/meetup-join\/19%3ameeting_Y2MzNDY4NmItMmNmOC00ODI5LWE4OGEtYzlhYzcwNzk4Zjli%40thread.v2\/0?context=%7b%22Tid%22%3a%2296c938a7-2c5e-4bab-aa20-1b0b85df9b41%22%2c%22Oid%22%3a%2272d61d96-7cf9-4053-86d1-757c20bcbb7a%22%7d\" target=\"_blank\" rel=\"noopener noreferrer\" data-auth=\"NotApplicable\" data-safelink=\"true\" data-linkindex=\"7\">Feu clic aqu\u00ed per unir-vos a la reuni\u00f3<\/a><\/p>\n<\/td>\n<\/tr>\n<tr style=\"height: 57px;\">\n<td style=\"height: 57px;\" valign=\"top\" width=\"145\">\n<p class=\"x_MsoNormal\">5\u00e8 i 6\u00e8 NE<\/p>\n<\/td>\n<td style=\"height: 57px;\" valign=\"top\" width=\"166\">\n<p class=\"x_MsoNormal\">27 de setembre<\/p>\n<\/td>\n<td style=\"height: 57px;\" valign=\"top\" width=\"290\">\n<p class=\"x_MsoNormal\"><a title=\"https:\/\/teams.microsoft.com\/l\/meetup-join\/19%3ameeting_yjc3ytu0ymitnjc0ny00zdk3lwfiyjqtymnmndy5yze2ngmz%40thread.v2\/0?context=%7b%22tid%22%3a%2296c938a7-2c5e-4bab-aa20-1b0b85df9b41%22%2c%22oid%22%3a%2272d61d96-7cf9-4053-86d1-757c20bcbb7a%22%7d\" href=\"https:\/\/teams.microsoft.com\/l\/meetup-join\/19%3ameeting_Yjc3YTU0YmItNjc0Ny00ZDk3LWFiYjQtYmNmNDY5YzE2NGMz%40thread.v2\/0?context=%7b%22Tid%22%3a%2296c938a7-2c5e-4bab-aa20-1b0b85df9b41%22%2c%22Oid%22%3a%2272d61d96-7cf9-4053-86d1-757c20bcbb7a%22%7d\" target=\"_blank\" rel=\"noopener noreferrer\" data-auth=\"NotApplicable\" data-safelink=\"true\" data-linkindex=\"8\">Feu clic aqu\u00ed per unir-vos a la reuni\u00f3<\/a><\/p>\n<\/td>\n<\/tr>\n<tr style=\"height: 25px;\">\n<td style=\"height: 25px;\" valign=\"top\" width=\"145\">\n<p class=\"x_MsoNormal\">Nivell Mitj\u00e0<\/p>\n<\/td>\n<td style=\"height: 25px;\" valign=\"top\" width=\"166\">\n<p class=\"x_MsoNormal\">3 d\u2019octubre<\/p>\n<\/td>\n<td style=\"height: 25px;\" valign=\"top\" width=\"290\">\n<p class=\"x_MsoNormal\"><a title=\"https:\/\/teams.microsoft.com\/l\/meetup-join\/19%3ameeting_oge2zjk3mmetnzk4nc00oty5lwe5njqtmmy1yjy3nmyyodq1%40thread.v2\/0?context=%7b%22tid%22%3a%2296c938a7-2c5e-4bab-aa20-1b0b85df9b41%22%2c%22oid%22%3a%2272d61d96-7cf9-4053-86d1-757c20bcbb7a%22%7d\" href=\"https:\/\/teams.microsoft.com\/l\/meetup-join\/19%3ameeting_OGE2Zjk3MmEtNzk4NC00OTY5LWE5NjQtMmY1YjY3NmYyODQ1%40thread.v2\/0?context=%7b%22Tid%22%3a%2296c938a7-2c5e-4bab-aa20-1b0b85df9b41%22%2c%22Oid%22%3a%2272d61d96-7cf9-4053-86d1-757c20bcbb7a%22%7d\" target=\"_blank\" rel=\"noopener noreferrer\" data-auth=\"NotApplicable\" data-safelink=\"true\" data-linkindex=\"9\">Feu clic aqu\u00ed per unir-vos a la reuni\u00f3<\/a><\/p>\n<\/td>\n<\/tr>\n<\/tbody>\n<\/table>\n<p class=\"x_MsoNormal\"><b>Atenci\u00f3 al p\u00fablic<\/b><\/p>\n<p class=\"x_MsoNormal\"><b>Secretaria\u00a0<\/b>(situada a Casa Serratosa). Horari: de 9 a 15.30 h.\u00a0<a target=\"_blank\" rel=\"noopener noreferrer\" data-auth=\"NotApplicable\" data-safelink=\"true\" data-linkindex=\"10\">secretaria@emvic.cat<\/a><\/p>\n<p class=\"x_MsoListParagraph\">\u00b7\u00a0\u00a0\u00a0\u00a0\u00a0\u00a0\u00a0\u00a0\u00a0Certificats, expedients, gestions acad\u00e8miques, matr\u00edcules, rebuts, tramitaci\u00f3 de t\u00edtols, modificacions de matr\u00edcules, baixes, modificaci\u00f3 dades personals.<\/p>\n<p class=\"x_MsoNormal\"><b>Recepci\u00f3<\/b>\u00a0(situada al vest\u00edbul). Horari: de 9.00 a 21.00 h.\u00a0<a target=\"_blank\" rel=\"noopener noreferrer\" data-auth=\"NotApplicable\" data-safelink=\"true\" data-linkindex=\"11\">recepcio@emvic.cat<\/a><\/p>\n<p class=\"x_MsoListParagraph\">\u00b7\u00a0\u00a0\u00a0\u00a0\u00a0\u00a0\u00a0\u00a0\u00a0Informacions, fotoc\u00f2pies, concertaci\u00f3 entrevistes, reserva aules, problemes intranet, lloguer instruments, inscripcions, pagaments, avisos incid\u00e8ncies.<\/p>\n","protected":false},"excerpt":{"rendered":"<p>Benvinguts<br \/>\nBenvinguts al curs 2022-23!<br \/>\nComencem les circulars informatives amb una presentaci\u00f3 adre\u00e7ada especialment a les fam\u00edlies que s\u2019incorporen a l\u2019emvic. Alhora, \u00e9s un bon recordatori per tota la comunitat educativa en aspectes de funcionament i ordre intern. Bon curs a tots!<br \/>\nPresentaci\u00f3<br \/>\nEscola de M\u00fasica i Conservatori de&hellip;  <a href=\"https:\/\/agora.xtec.cat\/escmusicavic\/serveis\/circulars-informatives\/circular-informativa-1-setembre-2022\/\" title=\"Read Circular informativa 1. Setembre 2022\">Llegeix m\u00e9s\u00bb<\/a><\/p>\n","protected":false},"author":11,"featured_media":0,"parent":613,"menu_order":0,"comment_status":"closed","ping_status":"closed","template":"","meta":{"_bbp_topic_count":0,"_bbp_reply_count":0,"_bbp_total_topic_count":0,"_bbp_total_reply_count":0,"_bbp_voice_count":0,"_bbp_anonymous_reply_count":0,"_bbp_topic_count_hidden":0,"_bbp_reply_count_hidden":0,"_bbp_forum_subforum_count":0,"footnotes":""},"class_list":["post-5562","page","type-page","status-publish","hentry"],"post_mailing_queue_ids":[],"_links":{"self":[{"href":"https:\/\/agora.xtec.cat\/escmusicavic\/wp-json\/wp\/v2\/pages\/5562","targetHints":{"allow":["GET"]}}],"collection":[{"href":"https:\/\/agora.xtec.cat\/escmusicavic\/wp-json\/wp\/v2\/pages"}],"about":[{"href":"https:\/\/agora.xtec.cat\/escmusicavic\/wp-json\/wp\/v2\/types\/page"}],"author":[{"embeddable":true,"href":"https:\/\/agora.xtec.cat\/escmusicavic\/wp-json\/wp\/v2\/users\/11"}],"replies":[{"embeddable":true,"href":"https:\/\/agora.xtec.cat\/escmusicavic\/wp-json\/wp\/v2\/comments?post=5562"}],"version-history":[{"count":3,"href":"https:\/\/agora.xtec.cat\/escmusicavic\/wp-json\/wp\/v2\/pages\/5562\/revisions"}],"predecessor-version":[{"id":5570,"href":"https:\/\/agora.xtec.cat\/escmusicavic\/wp-json\/wp\/v2\/pages\/5562\/revisions\/5570"}],"up":[{"embeddable":true,"href":"https:\/\/agora.xtec.cat\/escmusicavic\/wp-json\/wp\/v2\/pages\/613"}],"wp:attachment":[{"href":"https:\/\/agora.xtec.cat\/escmusicavic\/wp-json\/wp\/v2\/media?parent=5562"}],"curies":[{"name":"wp","href":"https:\/\/api.w.org\/{rel}","templated":true}]}}