{"id":548,"date":"2018-09-29T18:30:51","date_gmt":"2018-09-29T16:30:51","guid":{"rendered":"http:\/\/agora.xtec.cat\/escmusicavic\/?page_id=548"},"modified":"2025-12-10T09:18:29","modified_gmt":"2025-12-10T08:18:29","slug":"directori-del-professorat","status":"publish","type":"page","link":"https:\/\/agora.xtec.cat\/escmusicavic\/lescola\/directori-del-professorat\/","title":{"rendered":"Professorat"},"content":{"rendered":"<p><span style=\"color: #800000;\">Quim Abramo Soldevila<\/span><br \/>\nProfessor de Guitarra el\u00e9ctrica<br \/>\nProfessor de Guitarres d\u2019acord<br \/>\n<a href=\"mailto:quimabramo@emvic.cat\">quimabramo@emvic.cat<\/a><\/p>\n<p><span style=\"color: #800000;\">Joan Carles Aguerri<\/span><br \/>\nProfessor de Bateria<br \/>\n<a href=\"mailto:joancarlesaguerri@emvic.cat\">joancarlesaguerri@emvic.cat<\/a><\/p>\n<p><span style=\"color: #800000;\">Dol\u00e7a Albert Gener\u00f3<\/span><br \/>\nProfessora de Saxofon<br \/>\n<a href=\"mailto:dolcaalbert@emvic.cat\">dolcaalbert@emvic.cat<\/a><\/p>\n<p><span style=\"color: #800000;\">Pau Albert Gener\u00f3<\/span><br \/>\nProfessora de flauta travessera<br \/>\n<a href=\"mailto:paualbert@emvic.cat\">paualbert@emvic.cat<\/a><\/p>\n<p><span style=\"color: #800000;\">Ferran Angl\u00ed Folch<\/span><br \/>\nProfessor d\u2019Obo\u00e8<br \/>\nProfessor de Grup de vent<br \/>\nProfessor de M\u00fasica de cambra<br \/>\n<a href=\"mailto:ferranangli@emvic.cat\">ferranangli@emvic.cat<\/a><\/p>\n<p><span style=\"color: #800000;\">Nat\u00e0lia Arroyo Mund\u00f3<\/span><br \/>\nProfessora de Clarinet<br \/>\nProfessora de Conjunt de Clarinets<br \/>\nProfessora de Banda<br \/>\n<a href=\"mailto:nataliaarroyo@emvic.cat\">nataliaarroyo@emvic.cat<\/a><\/p>\n<p><span style=\"color: #800000;\">N\u00faria Ayats Mialet<\/span><br \/>\nProfessora de Viol\u00ed<br \/>\nProfessora de Projectes musicals<br \/>\nProfessora de Hist\u00f2ria de la m\u00fasica<br \/>\nProfessora d&#8217;orquestra de corda<br \/>\n<a href=\"mailto:nuriaayats@emvic.cat\">nuriaayats<span class=\"\">@emv<\/span>ic.cat<\/a><\/p>\n<p><span style=\"color: #800000;\">Rosa Badenas P\u00e9rez<\/span><br \/>\nProfessora de Piano<br \/>\nProfessora de Llenguatge musical<br \/>\n<a href=\"mailto:rosabadenas@emvic.cat\">rosabadenas@emvic.cat<\/a><\/p>\n<p><span style=\"color: #800000;\">Albert\u00a0Bardolet Mayola<\/span><br \/>\nProfessor de\u00a0Violoncel<br \/>\nProfessor de M\u00fasica de Cambra<br \/>\n<a href=\"mailto:albertbardolet@emvic.cat\">albertbardolet@emvic.cat<\/a><\/p>\n<p><span style=\"color: #800000;\">Coloma Bertran Muntada<\/span><br \/>\nProfessora de Viol\u00ed<br \/>\n<a href=\"mailto:colomabertran@emvic.cat\">colomabertran@emvic.cat<\/a><\/p>\n<p><span style=\"color: #800000;\">Alba Boada Rodr\u00edguez<\/span><br \/>\nProfessora de Piano<br \/>\n<a href=\"mailto:albaboada@emvic.cat\">albaboada<span class=\"\">@emvic.cat<\/span><\/a><\/p>\n<p><span style=\"color: #800000;\">Fina Bonet Folch<\/span><br \/>\nProfessora de Viol\u00ed<br \/>\n<a href=\"mailto:finabonet@emvic.cat\">finabonet@emvic.cat<\/a><\/p>\n<p><span style=\"color: #800000;\">Coloma Bonnin Riera<\/span><br \/>\nProfessora de M\u00fasica de cambra<br \/>\nProfessora de Conjunt<br \/>\nProfessora de Piano<br \/>\n<a href=\"mailto:colomabonnin@emvic.cat\">colomabonnin@emvic.cat<\/a><\/p>\n<p><span style=\"color: #800000;\">Andreu Brunat Maj\u00f3<\/span><br \/>\nProfessor de Llenguatge musical i cor<br \/>\nProfessor de flauta de bec<br \/>\n<a href=\"mailto:andreubrunat@emvic.cat\">andreubrunat<span class=\"\">@emvic.cat<\/span><\/a><\/p>\n<p><span style=\"color: #800000;\">Eudald Buch Torrents<\/span><br \/>\nPianista repertorista<br \/>\n<a href=\"mailto:jorgenava@emvic.cat\">eudaldbuch<span class=\"\">@emvic.cat\u00a0<\/span><\/a><\/p>\n<p><span style=\"color: #800000;\">Jordi Ca\u00f1\u00f3n Mallen<\/span><br \/>\nProfessor de Piano<br \/>\n<a href=\"mailto:Jordicanon@emvic.cat\">Jordicanon@emvic.cat<\/a><\/p>\n<p><span style=\"color: #800000;\">Ana Carro de Prada<\/span><br \/>\nProfessora de Llenguatge musical<br \/>\nProfessora de piano<br \/>\n<a href=\"mailto:anacarro@emvic.cat\">anacarro@emvic.cat<\/a><\/p>\n<p><span style=\"color: #800000;\">Anna Casadevall Puig<\/span><br \/>\nProfessora de Llenguatge musical<br \/>\nProfessora de Cant<br \/>\nProfessora d\u2019Interpretaci\u00f3 i escena<br \/>\nProfessora d\u2019Idiomes aplicats al cant<br \/>\n<a href=\"mailto:annacasadevall@emvic.cat\">annacasadevall@emvic.cat<\/a><\/p>\n<p><span style=\"color: #800000;\">Marc Casas Casta\u00f1\u00e9<\/span><br \/>\nProfessor de Percussi\u00f3<br \/>\nProfessor de PRIG percussions<br \/>\nProfessor de Conjunt<br \/>\nProfessor de Banda<br \/>\n<a href=\"mailto:marccasas@emvic.cat\">marccasas@emvic.cat<\/a><\/p>\n<p><span style=\"color: #800000;\">Montse Catll\u00e0 Dot<\/span><br \/>\nProfessora de Recerca art\u00edstica i musical<br \/>\n<a href=\"mailto:montsecatlla@emvic.cat\">montsecatlla@emvic.cat<\/a><\/p>\n<p><span style=\"color: #800000;\">Oriol Codina Sucarrats<\/span><br \/>\nProfessor de Clarinet<br \/>\nProfessor de Banda<br \/>\nProfessor de Cambra<br \/>\n<a href=\"mailto:oriolcodina@emvic.cat\">oriolcodina@emvic.cat<\/a><\/p>\n<p><span style=\"color: #800000;\">Gabriel Coll Trulls<\/span><br \/>\nProfessor d\u2019Orquestra<br \/>\nProfessor de M\u00fasica de cambra<br \/>\n<a href=\"mailto:gabrielcoll@emvic.cat\">gabrielcoll@emvic.cat<\/a><\/p>\n<p><span style=\"color: #800000;\">Josep M. Cols Clotet<\/span><br \/>\nProfessor de Piano modern<br \/>\nProfessor d\u2019Improvisaci\u00f3<br \/>\nProfessors d&#8217;acompanyament<br \/>\n<a href=\"mailto:josepmariacols@emvic.cat\">josepmariacols@emvic.cat<\/a><\/p>\n<p><span style=\"color: #800000;\">Gl\u00f2ria Comallonga Homs<\/span><br \/>\nProfessora de Llenguatge musical<br \/>\nProfessora de Preparaci\u00f3 per a la prova d\u2019acc\u00e9s<br \/>\n<a href=\"mailto:gloriacomallonga@emvic.cat\">gloriacomallonga@emvic.cat<\/a><\/p>\n<p><span style=\"color: #800000;\">Guillem Costa Casas<\/span><br \/>\nProfessor de baix el\u00e8ctric<br \/>\n<a href=\"mailto:guillemcosta@emvic.cat\">guillemcosta@emvic.cat\u00a0<\/a><\/p>\n<p><span style=\"color: #800000;\">Anna Crusat Niubo<\/span><br \/>\nProfessora de Flauta travessera<br \/>\nProfessora de llenguatge musical i sensibilitzaci\u00f3<br \/>\n<a href=\"mailto:annacrusat@emvic.cat\">annacrusat@emvic.cat<\/a><\/p>\n<p><span style=\"color: #800000;\">Ramon Dordal Vila<\/span><br \/>\nProfessor de Guitarra<br \/>\nProfessor de Conjunt<br \/>\n<a href=\"mailto:guillemcosta@emvic.cat\">ramondordal@emvic.cat<\/a><\/p>\n<p><span style=\"color: #800000;\">Marcel\u00b7l\u00ed Druguet Iborra<\/span><br \/>\nProfessor de Flauta travessera<br \/>\nProfessor de Sensibilitzaci\u00f3<br \/>\nProfessor de Llenguatge musical<br \/>\n<a href=\"mailto:marcellidruguet@emvic.cat\">marcellidruguet<span class=\"\">@emvic.cat<\/span><\/a><\/p>\n<p><span style=\"color: #800000;\">Romina Ferrari Trezza<\/span><br \/>\nProfessora de Llenguatge musical<br \/>\nProfessora de Sensibilitzaci\u00f3<br \/>\nProfessora de M\u00fasica i moviment<br \/>\n<a href=\"mailto:rominaferrari@emvic.cat\">rominaferrari@emvic.cat<\/a><\/p>\n<p><span style=\"color: #800000;\">Meritxell Ferrer Qui\u00f1onero<\/span><br \/>\nProfessora de fagot<br \/>\nProfessora de m\u00fasica de cambra<br \/>\nProfessora de banda<br \/>\n<a href=\"mailto:meritxellferrer@emvic.cat\">meritxellferrer@emvic.cat<\/a><\/p>\n<p><span style=\"color: #800000;\">Carlos Ferrer Romero<\/span><br \/>\nProfessor de Tromb\u00f3<br \/>\nProfessor de Bombard\u00ed<br \/>\nProfessor de Tuba<br \/>\n<a href=\"mailto:carlorsferrer@emvic.cat\">carlorsferrer@emvic.cat<\/a><\/p>\n<p><span style=\"color: #800000;\">Fran Gamallo Liste<\/span><br \/>\nProfessor de Guitarra<br \/>\nProfessor de M\u00fasica de cambra<br \/>\nProfessor de Guitarres d\u2019acord<br \/>\n<a href=\"mailto:frangamallo@emvic.cat\">frangamallo@emvic.cat<\/a><\/p>\n<p><span style=\"color: #800000;\">Joan Godayol Bausells<\/span><br \/>\nProfessor de Cant modern<br \/>\nProfessor de Llenguatge musical modern<br \/>\nProfessor de\u00a0Cor Pop<br \/>\nProfessor de Combo<br \/>\n<a href=\"mailto:joangodayol@emvic.cat\">joangodayol@emvic.cat<\/a><\/p>\n<p><span style=\"color: #800000;\">David G\u00f3mez Comino<\/span><br \/>\nProfessor\u00a0de Llenguatge musical i Cant Coral<br \/>\nTaller de cos i veu del Si toquem Junts Sona Millor<br \/>\n<a href=\"mailto:davidgomez@emvic.cat\">davidgomez@emvic.cat<\/a><\/p>\n<p><span style=\"color: #800000;\">Tom\u00e0s Gonz\u00e1lez \u00c0vila<\/span><br \/>\nProfessor de Viol\u00ed<br \/>\nProfessor d\u2019Educaci\u00f3 corporal<br \/>\n<a href=\"mailto:tomasgonzalez@emvic.cat\">tomasgonzalez@emvic.cat<\/a><\/p>\n<p><span style=\"color: #800000;\">Carles Hoyo Fornes<\/span><br \/>\nProfessor de Guitarra<br \/>\n<a href=\"mailto:carleshoyo@emvic.cat\">carleshoyo@emvic.cat<\/a><\/p>\n<p><span style=\"color: #800000;\">Eloi Isern Rabella<\/span><br \/>\nProfessor de guitarra el\u00e8ctrica<br \/>\nProfessor de Combo<br \/>\n<a href=\"mailto:eloiisern@emvic.cat\">eloiisern@emvic.cat<\/a><\/p>\n<p><span style=\"color: #800000;\">Vict\u00f2ria Katsyuba<\/span><br \/>\nPianista repertorista<br \/>\n<a href=\"mailto:victoriakatsyuba@emvic.cat\">victoriakatsyuba@emvic.cat<\/a><\/p>\n<p><span style=\"color: #800000;\">Jordi Matas Figueras<\/span><br \/>\nProfessor de Llenguatge musical<br \/>\nProfessor d&#8217;Harmonia<br \/>\nProfessor de piano<br \/>\n<a href=\"mailto:jordimatas@emvic.cat\">jordimatas@emvic.cat<\/a><\/p>\n<p><span style=\"color: #800000;\">Antoni Miralpeix Bosch<\/span><br \/>\nProfessor de Cant coral<br \/>\n<a href=\"mailto:antonimiralpeix@emvic.cat\">antonimiralpeix<span class=\"\">@emvic.catt<\/span><\/a><\/p>\n<p><span style=\"color: #800000;\">Franco Molinari<\/span><br \/>\nProfessor d&#8217;Acompanyament<br \/>\nProfessor de Contrabaix<br \/>\n<a href=\"mailto:francomolinari@emvic.cat\">francomolinari@emvic.cat<\/a><\/p>\n<p><span style=\"color: #800000;\">Isabel Moreno Tamarit<\/span><br \/>\nProfessora de Flauta travessera<br \/>\n<a href=\"mailto:isabelmoreno@emvic.cat\">isabelmoreno@emvic.cat<\/a><\/p>\n<p><span style=\"color: #800000;\">Daniel Oliu Nieto<\/span><br \/>\nProfessor de Violoncel<br \/>\n<a href=\"mailto:danieloliu@emvic.cat\">danieloliu@emvic.cat<\/a><\/p>\n<p><span style=\"color: #800000;\">Miquel Oliu Nieto<\/span><br \/>\nProfessor de Piano<br \/>\nProfessor d&#8217;Acompanyament<br \/>\n<a href=\"mailto:miqueloliu@emvic.cat\">miqueloliu@emvic.cat<\/a><\/p>\n<p><span style=\"color: #800000;\">Guillem Plana Gallego<\/span><br \/>\nProfessor de guitarra, guitarra el\u00e8ctrica i baix el\u00e8ctric<br \/>\n<a href=\"mailto:guillemplana@emvic.cat\">guillemplana<span class=\"\"><span class=\"\">@emvic.cat<\/span><\/span><\/a><\/p>\n<p><span style=\"color: #800000;\">Aina Plans Codina<\/span><br \/>\nProfessora de Llenguatge musical<br \/>\nProfessora de Cant coral<br \/>\nProfessora de Coneix la M\u00fasica<br \/>\n<a href=\"mailto:ainaplans@emvic.cat\">ainaplans<span class=\"\">@emvic.cat<\/span><\/a><\/p>\n<p><span style=\"color: #800000;\">Toni Pola Subi<\/span><br \/>\nProfessor de Saxofon<br \/>\nProfessor de Conjunt<br \/>\n<a href=\"mailto:tonipola@emvic.cat\">tonipola@emvic.cat<\/a><\/p>\n<p><span style=\"color: #800000;\">Enric Puigdesens Castilla<\/span><br \/>\nProfessor de Llenguatge musical<br \/>\nProfessor de baix el\u00e8ctric<br \/>\n<a href=\"mailto:enricpuigdesens@emvic.cat\">enricpuigdesens@emvic.cat<\/a><\/p>\n<p><span style=\"color: #800000;\">Gemma Pujol Coderch<\/span><br \/>\nProfessora de viola<br \/>\n<a href=\"mailto:gemmapujol@emvic.cat\">gemmapujol@emvic.cat<\/a><\/p>\n<p><span style=\"color: #800000;\">Eli Pujol Mayans<\/span><br \/>\nProfessora de Llenguatge musical<br \/>\nProfessora de Sensibilitzaci\u00f3<br \/>\nProfessora de Coneix la m\u00fasica<br \/>\n<a href=\"mailto:elipujol@emvic.cat\">elipujol@emvic.cat<\/a><\/p>\n<p><span style=\"color: #800000;\">Cati Reus Gelabert<\/span><br \/>\nProfessora de Viol\u00ed<br \/>\nProfessora d&#8217;orquestra<br \/>\n<a href=\"mailto:catireus@emvic.cat\">catireus@emvic.cat<\/a><\/p>\n<p><span style=\"color: #800000;\">Joan Rib\u00e9 Sol\u00e0<\/span><br \/>\nProfessor de Piano<br \/>\nProfessor d\u2019Acompanyament<br \/>\n<a href=\"mailto:joanribe@emvic.cat\">joanribe@emvic.cat<\/a><\/p>\n<p><span style=\"color: #800000;\">Anna Roca Codinachs<\/span><br \/>\nProfessora de viol\u00ed<br \/>\n<a href=\"mailto:%20annaroca@emvic.cat\">annaroca@emvic.cat<\/a><\/p>\n<p><span style=\"color: #800000;\">Humbert Rovira Creixell<\/span><br \/>\nProfessor de Viol\u00ed<br \/>\n<a href=\"mailto:humbertrovira@emvic.cat\">humbertrovira<span class=\"\"><span class=\"\">@emvic.cati<\/span><\/span><\/a><\/p>\n<p><span style=\"color: #800000;\">Lali Rubinat Torres<\/span><br \/>\nProfessora de Llenguatge musical i Cant coral<br \/>\nProfessora de preparaci\u00f3 de la prova d&#8217;acc\u00e9s a GP<br \/>\n<a href=\"mailto:eulaliarubinat@emvic.cat\">eulaliarubinat@emvic.cat<\/a><\/p>\n<p><span style=\"color: #800000;\">Mireia Ruiz Puig<\/span><br \/>\nProfessora de Llenguatge musical<br \/>\nProfessora de Recerca musical<br \/>\n<a href=\"mailto:mireiaruiz@emvic.cat\">mireiaruiz@emvic.cat<\/a><\/p>\n<p><span style=\"color: #800000;\">Pep Sol\u00e0 Sala<\/span><br \/>\nProfessor de Bateria<br \/>\nProfessor d\u2019Acompanyament<br \/>\n<a href=\"mailto:pepsola@emvic.cat\">pepsola@emvic.cat<\/a><\/p>\n<p><span style=\"color: #800000;\"><span style=\"caret-color: #800000;\">Anna Solans Boixader<\/span><\/span><br \/>\nProfessora de Sensibilitzaci\u00f3 i CoNeix la M\u00fasica<br \/>\nProfessora de Llenguatge musical i Cant coral<br \/>\n<a href=\"mailto:pepsola@emvic.cat\">annasolans<span class=\"\">@emvic.ca<\/span>t<\/a><\/p>\n<p><span style=\"color: #800000;\">V\u00edctor Sol\u00e9 Udina<\/span><br \/>\nProfessor d&#8217;harmonia<br \/>\n<a href=\"mailto:victorsole@emvic.cat\">victorsole<span class=\"\">@emvic.cat<\/span><\/a><\/p>\n<p><span style=\"color: #800000;\">Susanne Spendlin <\/span><br \/>\nProfessora de Violoncel<br \/>\nTaller de violoncel del Si toquem Junts Sona Millor<br \/>\n<a href=\"mailto:susannespendlin@emvic.cat\">susannespendlin@emvic.cat<\/a><\/p>\n<p><span style=\"color: #800000;\">Quim T\u00e9rmens Fuentes<\/span><br \/>\nProfessor de Viol\u00ed<br \/>\nProfessor d\u2019Orquestra<br \/>\n<a href=\"mailto:quimtermens@emvic.cat\">quimtermens@emvic.cat<\/a><\/p>\n<p><span style=\"color: #800000;\">M\u00f2nica Toll Casades\u00fas<\/span><br \/>\nProfessora de Llenguatge musical i Cant coral<br \/>\n<a href=\"mailto:monicatoll@emvic.cat\">monicatoll@emvic.cat<\/a><\/p>\n<p><span style=\"color: #800000;\">Xavier Torrent Pruna<\/span><br \/>\nProfessor de Saxofon<br \/>\nProfessor de Clarinet<br \/>\n<a href=\"mailto:xaviertorrent@emvic.cat\">xaviertorrent@emvic.cat<\/a><\/p>\n<p><span style=\"color: #800000;\">Manel Valls Su\u00f1\u00e9<\/span><br \/>\nProfessor de Trompeta<br \/>\nProfessor de ioga per a m\u00fasics<br \/>\n<a href=\"mailto:manelvalls@emvic.cat\">manelvalls@emvic.cat<\/a><\/p>\n<p><span style=\"color: #800000;\">Pau Valls Teixid\u00f3<\/span><br \/>\nProfessor de Trompa<br \/>\nProfessor de Conjunt<br \/>\n<a href=\"mailto:pauvalls@emvic.cat\">pauvalls@emvic.cat<\/a><\/p>\n<p><span style=\"color: #800000;\">Guillem Vernis Ll\u00e0mbias<\/span><br \/>\nProfessor de Saxofon modern<br \/>\nProfessor de Llenguatge musical i Harmonia moderna<br \/>\nProfessor d\u2019Improvisaci\u00f3<br \/>\nDirector de la Jazzband<br \/>\nTaller d&#8217;instruments orff del Si toquem Junts Sona Millor<br \/>\n<a href=\"mailto:guillemvernis@emvic.cat\">guillemvernis@emvic.cat<\/a><\/p>\n<p><span style=\"color: #800000;\">Marc Vernis Ll\u00e0mbias<\/span><br \/>\nProfessor de Piano modern<br \/>\nProfessor de Llenguatge musical i Harmonia moderna<br \/>\nProfessor de Combo<br \/>\nDirector de la Bigband<br \/>\n<a href=\"mailto:marcvernis@emvic.cat\">marcvernis<span class=\"\">@emvic.cat<\/span><\/a><\/p>\n<p><span style=\"color: #800000;\">Dolors Vidal Vila<\/span><br \/>\nProfessora de Violoncel<br \/>\nProfessora de llenguatge musical<br \/>\n<a href=\"mailto:dolorsvidal@emvic.cat\">dolorsvidal<span class=\"\">@emvic.cat<\/span><\/a><\/p>\n<p><span style=\"color: #800000;\">Ma \u00c0ngels Vila Bover<\/span><br \/>\nProfessora de Piano<br \/>\n<a href=\"mailto:angelsvila@emvic.cat\">angelsvila@emvic.cat<\/a><\/p>\n","protected":false},"excerpt":{"rendered":"<p>Quim Abramo Soldevila<br \/>\nProfessor de Guitarra el\u00e9ctrica<br \/>\nProfessor de Guitarres d\u2019acord<br \/>\n<a href=\"mailto:quimabramo@emvic.cat\">quimabramo@emvic.cat<\/a><br \/>\nJoan Carles Aguerri<br \/>\nProfessor de Bateria<br \/>\n<a href=\"mailto:joancarlesaguerri@emvic.cat\">joancarlesaguerri@emvic.cat<\/a><br \/>\nDol\u00e7a Albert Gener\u00f3<br \/>\nProfessora de Saxofon<br \/>\n<a href=\"mailto:dolcaalbert@emvic.cat\">dolcaalbert@emvic.cat<\/a><br \/>\nPau Albert Gener\u00f3<br \/>\nProfessora de flauta travessera<br \/>\n<a href=\"mailto:paualbert@emvic.cat\">paualbert@emvic.cat<\/a><br \/>\nFerran Angl\u00ed Folch<br \/>\nProfessor d\u2019Obo\u00e8<br \/>\nProfessor de Grup de vent<br \/>\nProfessor de M\u00fasica de cambra<br \/>\n<a href=\"mailto:ferranangli@emvic.cat\">ferranangli@emvic.cat<\/a><br \/>\nNat\u00e0lia Arroyo Mund\u00f3<br \/>\nProfessora de Clarinet<br \/>\nProfessora de Conjunt de&hellip;  <a href=\"https:\/\/agora.xtec.cat\/escmusicavic\/lescola\/directori-del-professorat\/\" title=\"Read Professorat\">Llegeix m\u00e9s\u00bb<\/a><\/p>\n","protected":false},"author":1,"featured_media":0,"parent":19,"menu_order":77,"comment_status":"closed","ping_status":"closed","template":"page-templates\/side-menu.php","meta":{"_bbp_topic_count":0,"_bbp_reply_count":0,"_bbp_total_topic_count":0,"_bbp_total_reply_count":0,"_bbp_voice_count":0,"_bbp_anonymous_reply_count":0,"_bbp_topic_count_hidden":0,"_bbp_reply_count_hidden":0,"_bbp_forum_subforum_count":0,"footnotes":""},"class_list":["post-548","page","type-page","status-publish","hentry"],"post_mailing_queue_ids":[],"_links":{"self":[{"href":"https:\/\/agora.xtec.cat\/escmusicavic\/wp-json\/wp\/v2\/pages\/548","targetHints":{"allow":["GET"]}}],"collection":[{"href":"https:\/\/agora.xtec.cat\/escmusicavic\/wp-json\/wp\/v2\/pages"}],"about":[{"href":"https:\/\/agora.xtec.cat\/escmusicavic\/wp-json\/wp\/v2\/types\/page"}],"author":[{"embeddable":true,"href":"https:\/\/agora.xtec.cat\/escmusicavic\/wp-json\/wp\/v2\/users\/1"}],"replies":[{"embeddable":true,"href":"https:\/\/agora.xtec.cat\/escmusicavic\/wp-json\/wp\/v2\/comments?post=548"}],"version-history":[{"count":8,"href":"https:\/\/agora.xtec.cat\/escmusicavic\/wp-json\/wp\/v2\/pages\/548\/revisions"}],"predecessor-version":[{"id":7448,"href":"https:\/\/agora.xtec.cat\/escmusicavic\/wp-json\/wp\/v2\/pages\/548\/revisions\/7448"}],"up":[{"embeddable":true,"href":"https:\/\/agora.xtec.cat\/escmusicavic\/wp-json\/wp\/v2\/pages\/19"}],"wp:attachment":[{"href":"https:\/\/agora.xtec.cat\/escmusicavic\/wp-json\/wp\/v2\/media?parent=548"}],"curies":[{"name":"wp","href":"https:\/\/api.w.org\/{rel}","templated":true}]}}