{"id":546,"date":"2018-09-29T18:30:50","date_gmt":"2018-09-29T16:30:50","guid":{"rendered":"http:\/\/agora.xtec.cat\/escmusicavic\/?page_id=546"},"modified":"2018-10-22T07:53:21","modified_gmt":"2018-10-22T05:53:21","slug":"prestec-dinstruments","status":"publish","type":"page","link":"https:\/\/agora.xtec.cat\/escmusicavic\/serveis\/prestec-dinstruments\/","title":{"rendered":"Pr\u00e9stec Instruments"},"content":{"rendered":"<p style=\"text-align: justify;\"><span style=\"color: #008080;\">L&#8217;Escola de M\u00fasica disposa d&#8217;un banc d&#8217;instruments de pr\u00e9stec pels alumnes que accedeixen per primera vegada a l&#8217;estudi de l&#8217;instrument. La normativa que el regula est\u00e0 recollida en les NOFC i \u00e9s la seg\u00fcent:<\/span><\/p>\n<ul>\n<li>El pr\u00e9stec es formalitzar\u00e0 amb la firma d&#8217;un document on figuren el preu i les condicions.<\/li>\n<li>El preu del lloguer\u00a0es cobrar\u00e0 per domiciliaci\u00f3 banc\u00e0ria.<\/li>\n<li>El pr\u00e9stec \u00e9s per un curs, renovable nom\u00e9s en el cas que no hi hagi demanda d&#8217;alumnes nous.<\/li>\n<li>En cas de desperfecte per mal \u00fas o neglig\u00e8ncia es pagar\u00e0 la reparaci\u00f3 fins un m\u00e0xim de 120\u20ac.<\/li>\n<li>El manteniment de l&#8217;instrument corre a c\u00e0rrec de l&#8217;alumne (canyes, cordes, ajustaments, etc.)<\/li>\n<\/ul>\n<p><span style=\"color: #008080;\">ELS PREUS PER AQUEST \u00a0CURS \u00a0S\u00d3N ELS SEG\u00dcENTS:<\/span><\/p>\n<table style=\"height: 400px; width: 300px; padding-left: 180px;\" border=\"0\">\n<tbody>\n<tr>\n<td style=\"text-align: left;\">Viol\u00ed<\/td>\n<td>52,00\u20ac \/ curs<\/td>\n<\/tr>\n<tr>\n<td style=\"text-align: left;\">Viola<\/td>\n<td>52,00\u20ac \/ curs<\/td>\n<\/tr>\n<tr>\n<td>Violoncel<\/td>\n<td>52,00\u20ac \/ curs<\/td>\n<\/tr>\n<tr>\n<td>Contrabaix<\/td>\n<td>62,00\u20ac \/ curs<\/td>\n<\/tr>\n<tr>\n<td>Guitarra<\/td>\n<td>52,00\u20ac \/ curs<\/td>\n<\/tr>\n<tr>\n<td>Guitarra e<\/td>\n<td>52,00\u20ac \/ curs<\/td>\n<\/tr>\n<tr>\n<td>Flauta Trv<\/td>\n<td>62,00\u20ac \/ curs<\/td>\n<\/tr>\n<tr>\n<td>Clarinet<\/td>\n<td>62,00\u20ac \/ curs<\/td>\n<\/tr>\n<tr>\n<td>Obo\u00e8<\/td>\n<td>72,00\u20ac \/ curs<\/td>\n<\/tr>\n<tr>\n<td>Fagot<\/td>\n<td>72,00\u20ac \/ curs<\/td>\n<\/tr>\n<tr>\n<td>Saxo<\/td>\n<td>72,00\u20ac \/ curs<\/td>\n<\/tr>\n<tr>\n<td>Trompeta<\/td>\n<td>62,00\u20ac \/ curs<\/td>\n<\/tr>\n<tr>\n<td>Trompa<\/td>\n<td>62,00\u20ac \/ curs<\/td>\n<\/tr>\n<tr>\n<td>Bombard\u00ed<\/td>\n<td><span style=\"font-family: inherit; font-size: 1em; background-color: #ffffff;\">62,00\u20ac \/ curs\u00a0 <\/span><\/td>\n<\/tr>\n<\/tbody>\n<\/table>\n","protected":false},"excerpt":{"rendered":"<p>L&#8217;Escola de M\u00fasica disposa d&#8217;un banc d&#8217;instruments de pr\u00e9stec pels alumnes que accedeixen per primera vegada a l&#8217;estudi de l&#8217;instrument. La normativa que el regula est\u00e0 recollida en les NOFC i \u00e9s la seg\u00fcent:<\/p>\n<ul>\n<li>El pr\u00e9stec es formalitzar\u00e0 amb la firma d&#8217;un document on figuren el&hellip;  <a href=\"https:\/\/agora.xtec.cat\/escmusicavic\/serveis\/prestec-dinstruments\/\" title=\"Read Pr\u00e9stec Instruments\">Llegeix m\u00e9s\u00bb<\/a><br \/>\n","protected":false},"author":1,"featured_media":0,"parent":63,"menu_order":40,"comment_status":"closed","ping_status":"closed","template":"page-templates\/side-menu.php","meta":{"_bbp_topic_count":0,"_bbp_reply_count":0,"_bbp_total_topic_count":0,"_bbp_total_reply_count":0,"_bbp_voice_count":0,"_bbp_anonymous_reply_count":0,"_bbp_topic_count_hidden":0,"_bbp_reply_count_hidden":0,"_bbp_forum_subforum_count":0,"footnotes":""},"class_list":["post-546","page","type-page","status-publish","hentry"],"post_mailing_queue_ids":[],"_links":{"self":[{"href":"https:\/\/agora.xtec.cat\/escmusicavic\/wp-json\/wp\/v2\/pages\/546","targetHints":{"allow":["GET"]}}],"collection":[{"href":"https:\/\/agora.xtec.cat\/escmusicavic\/wp-json\/wp\/v2\/pages"}],"about":[{"href":"https:\/\/agora.xtec.cat\/escmusicavic\/wp-json\/wp\/v2\/types\/page"}],"author":[{"embeddable":true,"href":"https:\/\/agora.xtec.cat\/escmusicavic\/wp-json\/wp\/v2\/users\/1"}],"replies":[{"embeddable":true,"href":"https:\/\/agora.xtec.cat\/escmusicavic\/wp-json\/wp\/v2\/comments?post=546"}],"version-history":[{"count":3,"href":"https:\/\/agora.xtec.cat\/escmusicavic\/wp-json\/wp\/v2\/pages\/546\/revisions"}],"predecessor-version":[{"id":877,"href":"https:\/\/agora.xtec.cat\/escmusicavic\/wp-json\/wp\/v2\/pages\/546\/revisions\/877"}],"up":[{"embeddable":true,"href":"https:\/\/agora.xtec.cat\/escmusicavic\/wp-json\/wp\/v2\/pages\/63"}],"wp:attachment":[{"href":"https:\/\/agora.xtec.cat\/escmusicavic\/wp-json\/wp\/v2\/media?parent=546"}],"curies":[{"name":"wp","href":"https:\/\/api.w.org\/{rel}","templated":true}]}}