{"id":5254,"date":"2022-06-16T09:32:09","date_gmt":"2022-06-16T07:32:09","guid":{"rendered":"https:\/\/agora.xtec.cat\/escmusicavic\/?page_id=5254"},"modified":"2022-06-16T19:22:52","modified_gmt":"2022-06-16T17:22:52","slug":"circular-informativa-num-5-especial-classica-jove-juny-2022","status":"publish","type":"page","link":"https:\/\/agora.xtec.cat\/escmusicavic\/serveis\/circulars-informatives\/circular-informativa-num-5-especial-classica-jove-juny-2022\/","title":{"rendered":"Circular informativa n\u00fam.5: Especial Cl\u00e0ssica Jove. Juny 2022"},"content":{"rendered":"<p class=\"x_MsoNormal\">El Cl\u00e0ssica Jove \u00e9s un cicle que\u00a0vol contribuir a l\u2019impuls de les noves generacions de la m\u00fasica cl\u00e0ssica i a la creaci\u00f3 de nous p\u00fablics. \u00c9s amb aquest objectiu que L&#8217;Atl\u00e0ntida Educa, buscant sinergies amb molts agents de la ciutat, entre altres l\u2019Escola de M\u00fasica i Conservatori, fa aquesta proposta.<\/p>\n<p class=\"x_MsoNormal\">Tot seguit us detallem les activitat d\u2019enguany i us animem a participar-hi perqu\u00e8 creiem en la conflu\u00e8ncia de la cultura i l\u2019educaci\u00f3 com a projecte.<\/p>\n<p class=\"x_MsoNormal\"><b>_______________<\/b><\/p>\n<h6 class=\"x_MsoNormal\"><b>Projecte Bachcelona Akademie: Bach and Buxtehude<\/b><\/h6>\n<h6 class=\"x_MsoNormal\"><b>12.06.22 18h<\/b><\/h6>\n<p class=\"x_MsoNormal\">La BACHCELONA AKADEMIE ofereix una oportunitat \u00fanica per a estudiants de cant i acabats de llicenciar de formar part d\u2019un cor de cambra dirigit per Llu\u00eds Vilamaj\u00f3 i Ton Koopman, dos referents de la m\u00fasica antiga i de l\u2019\u00e0mbit bachi\u00e0. Les activitats inclouen una estada al Santuari del Miracle, dins del Festival Espurnes, i concerts en altres cicles, com aquest mateix a L&#8217;Atl\u00e0ntida de Vic.<\/p>\n<p class=\"x_MsoNormal\">El concert presenta un di\u00e0leg entre Johann Sebastian Bach i altres compositors de la seva fam\u00edlia, i ens permet con\u00e8ixer i comprendre millor el context del qual sorgeix la seva genial m\u00fasica. Per una altra banda, el programa tamb\u00e9 proposa un recorregut per emocions vitals compartides, com la gratitud, la confian\u00e7a, el comiat i l&#8217;esperan\u00e7a d&#8217;un cam\u00ed m\u00e9s enll\u00e0.<\/p>\n<p class=\"x_MsoNormal\">Malgrat que totes les obres tenen un origen lit\u00fargic i van ser interpretades en un marc religi\u00f3s, Bach va m\u00e9s enll\u00e0 de la fe perqu\u00e8 aconsegueix parlar-nos a tots. Ell tracta sempre sentiments humans, potser el m\u00e9s essencial dels quals \u00e9s la imperman\u00e8ncia de l&#8217;\u00e9sser hum\u00e0. Per tant, Bach es dirigeix a creients i agn\u00f2stics alhora i planteja, no sabem si com a prop\u00f2sit conscient, una espiritualitat a trav\u00e9s de la seva m\u00fasica que acaba sent universal.<\/p>\n<p class=\"x_MsoNormal\">M\u00e9s\u00a0<a href=\"https:\/\/latlantidavic.cat\/ca\/projecte-bachcelona-akademie_147201\" target=\"_blank\" rel=\"noopener noreferrer\" data-auth=\"NotApplicable\" data-linkindex=\"0\">informaci\u00f3<\/a><\/p>\n<h6 class=\"x_MsoNormal\"><b>_______________<\/b><br aria-hidden=\"true\" \/><b>Escape Room<\/b><\/h6>\n<h6 class=\"x_MsoNormal\"><b>18.06.22 9.30\/11\/12.30h<\/b><\/h6>\n<p class=\"x_MsoNormal\">Escape Room semivirtual per equips a l\u2019entorn de J.S. Bach que es realitzar\u00e0 a L&#8217;Atl\u00e0ntida en el marc del Cl\u00e0ssica Jove 2022. Enigmes, codis secrets, proves musicals i jocs que ens portaran a trobar el missatge que uns extraterrestres han deixat en algun lloc amagat de L&#8217;Atl\u00e0ntida.<\/p>\n<p class=\"x_MsoNormal\">Adre\u00e7at a infants de 10 a 14 anys.<\/p>\n<p class=\"x_MsoNormal\">M\u00e9s\u00a0<a href=\"https:\/\/latlantidavic.cat\/ca\/escape-room_147262\" target=\"_blank\" rel=\"noopener noreferrer\" data-auth=\"NotApplicable\" data-linkindex=\"1\">informaci\u00f3<\/a>.<\/p>\n<p class=\"x_MsoNormal\"><b>_______________<\/b><\/p>\n<h6 class=\"x_MsoNormal\"><b>El ress\u00f2 de Bach: di\u00e0leg entre l\u2019obo\u00e8 i el viol\u00ed<\/b><\/h6>\n<h6 class=\"x_MsoNormal\"><b>Orquestra de Cambra de Vic; C\u00e8lia Tort, obo\u00e8 i Wan-ru Cheng, viol\u00ed.<\/b><br aria-hidden=\"true\" \/><b><\/b><\/h6>\n<h6 class=\"x_MsoNormal\"><b>19.06.22 18h<\/b><\/h6>\n<p class=\"x_MsoNormal\"><i>Bach despr\u00e9s de Bach.<\/i><\/p>\n<p class=\"x_MsoNormal\"><i>L\u2019obo\u00e8 i el viol\u00ed es troben, intercanvien confessions i s\u2019acomiaden<\/i><\/p>\n<p class=\"x_MsoNormal\"><i>Quin \u00e9s el ress\u00f2 d\u2019unes notes pensades en un temps que no \u00e9s el nostre?<\/i><\/p>\n<p class=\"x_MsoNormal\"><i>\u00a0\u00a0\u00a0\u00a0\u00a0 Com sona all\u00f2 que ja ha estat escrit?<\/i><\/p>\n<p class=\"x_MsoNormal\"><i>\u00a0\u00a0\u00a0\u00a0\u00a0\u00a0\u00a0\u00a0\u00a0\u00a0\u00a0\u00a0\u00a0\u00a0\u00a0\u00a0\u00a0\u00a0\u00a0\u00a0\u00a0 Per qu\u00e8 busquem la repetici\u00f3 d\u2019una melodia amiga?<\/i><\/p>\n<p class=\"x_MsoNormal\"><i>\u00a0\u00a0\u00a0\u00a0\u00a0\u00a0\u00a0\u00a0\u00a0\u00a0\u00a0\u00a0\u00a0\u00a0\u00a0\u00a0\u00a0\u00a0\u00a0\u00a0\u00a0\u00a0\u00a0\u00a0\u00a0\u00a0\u00a0\u00a0\u00a0\u00a0\u00a0\u00a0\u00a0\u00a0\u00a0\u00a0\u00a0\u00a0\u00a0\u00a0\u00a0\u00a0\u00a0 Qu\u00e8 en queda d\u2019aquell so primigeni?<\/i><\/p>\n<p class=\"x_MsoNormal\"><i>\u00a0\u00a0\u00a0\u00a0\u00a0\u00a0\u00a0 Ens podem fer nostra una pe\u00e7a que no coneixem?<\/i><\/p>\n<p class=\"x_MsoNormal\"><i>\u00a0\u00a0\u00a0\u00a0\u00a0\u00a0\u00a0\u00a0\u00a0\u00a0\u00a0\u00a0\u00a0\u00a0\u00a0\u00a0\u00a0\u00a0\u00a0\u00a0\u00a0\u00a0 Ens podem desfer d\u2019una partitura que coneixem massa?<\/i><\/p>\n<p class=\"x_MsoNormal\"><i>Es confien una estona del seu temps i del seu espai. I conviden a qui els veu i els escolta a compartir aquesta experi\u00e8ncia universal que \u00e9s l\u2019escolta musical.<\/i><\/p>\n<p class=\"x_MsoNormal\">Text de C\u00e8lia Tort, artista resident 2022<\/p>\n<p class=\"x_MsoNormal\">M\u00e9s\u00a0<a href=\"https:\/\/latlantidavic.cat\/ca\/el-resso-de-bach-un-dialeg-entre-l-oboe-i-el-violi_147281\" target=\"_blank\" rel=\"noopener noreferrer\" data-auth=\"NotApplicable\" data-linkindex=\"2\">informaci\u00f3<\/a>.<\/p>\n<p class=\"x_MsoNormal\"><b>_______________<\/b><\/p>\n<h6 class=\"x_MsoNormal\"><b>#EMVICsom Bach<\/b><\/h6>\n<h6 class=\"x_MsoNormal\"><b>20.06.22 20.00h<\/b><\/h6>\n<p class=\"x_MsoNormal\">L\u2019Escola de M\u00fasica i Conservatori de Vic participa en el Cl\u00e0ssica Jove de manera molt activa; enguany fem un pas m\u00e9s i convertim el concert de final de curs en un homenatge a J.S. Bach. Des d\u2019obres per solista fins a cor i orquestra.<br aria-hidden=\"true\" \/><br aria-hidden=\"true\" \/>Les entrades s\u2019obriran al p\u00fablic en general a partir del 18 de juny.<\/p>\n<p class=\"x_MsoNormal\"><b>_______________<\/b><\/p>\n<h6 class=\"x_MsoNormal\"><b>El Gran Gatsby<\/b><\/h6>\n<h6 class=\"x_MsoNormal\"><b>21.06.22 20h<\/b><\/h6>\n<p class=\"x_MsoNormal\">El jove compositor esquirolenc\u00a0<b>Artur P\u00e0mies Barcons<\/b>, ex-alumne de l\u2019EMVIC i estudiant de composici\u00f3 al Taller de M\u00fasics de Barcelona, ens presenta l\u2019estrena del musical de cambra\u00a0<i>El gran Gatsby<\/i>\u00a0que ha compost com a treball de final de grau inspirat per la lectura de la novel\u00b7la de Francis Scott Fitzgerald del mateix t\u00edtol.<\/p>\n<p class=\"x_MsoNormal\">M\u00e9s\u00a0<a href=\"https:\/\/latlantidavic.cat\/ca\/el-gran-gatsby_147353\" target=\"_blank\" rel=\"noopener noreferrer\" data-auth=\"NotApplicable\" data-linkindex=\"3\">informaci\u00f3<\/a>.<\/p>\n<h6 class=\"x_MsoNormal\"><b>_______________<\/b><br aria-hidden=\"true\" \/><b>4 \u00e9tudes pour le hautbois<\/b><\/h6>\n<h6 class=\"x_MsoNormal\"><b>Concert itinerant.<\/b><\/h6>\n<h6 class=\"x_MsoNormal\"><b>22.06.22 i 26.06.22 20.00h<\/b><\/h6>\n<p class=\"x_MsoNormal\"><b>Concert itinerant sobre quatre paisatges sonors. Amb C\u00e8lia Tort, artista resident 2022<\/b><\/p>\n<p class=\"x_MsoNormal\">Gillet, Bleuzet, Lacour, Silvestrini, Salviani i Ferling s\u00f3n coneguts pels seus llibres de t\u00e8cnica musical per a l\u2019obo\u00e8. M\u00e8todes que van ser escrits durant el segle dinou, moment \u00e0lgid del naixement de conservatoris musicals a Europa,\u00a0<span class=\"markypeebdg9i\" data-markjs=\"true\" data-ogac=\"\" data-ogab=\"\" data-ogsc=\"\" data-ogsb=\"\">especial<\/span>ment a Fran\u00e7a. Tres segles despr\u00e9s, aquests estudis encara se segueixen utilitzant com a sistema d\u2019avaluaci\u00f3: proves d\u2019acc\u00e9s, competicions, ex\u00e0mens&#8230;<\/p>\n<p class=\"x_MsoNormal\">4 \u00e9tudes pour le hautbois \u00e9s una revisi\u00f3 de la tradici\u00f3 esmentada partint de l\u2019observaci\u00f3 de la pr\u00e0ctica musical pr\u00f2pia. Sovint, immerses en el desig d\u2019arribar al final d\u2019aquests llibres superant-ne tots els obstacles, elidim les preguntes impl\u00edcites en l\u2019acte d\u2019estudiar un instrument, i en com aquesta acci\u00f3 es relaciona amb qui som, com vivim i per qu\u00e8 ens dediquem a la m\u00fasica. A trav\u00e9s de l\u2019estrena de quatre estudis nous per a obo\u00e8, l\u2019oient viur\u00e0 la transformaci\u00f3 \u00edntima i la distorsi\u00f3 reflexiva d\u2019una pr\u00e0ctica musical concreta.<\/p>\n<p class=\"x_MsoNormal\">Executar-los ja no ser\u00e0 l\u2019objectiu final, sin\u00f3 un mitj\u00e0 per experimentar amb el so, el cos, l\u2019instrument, l\u2019espai i les persones que el configuren, agents actius de tota pr\u00e0ctica musical.<\/p>\n<p class=\"x_MsoNormal\">M\u00e9s\u00a0<a href=\"https:\/\/latlantidavic.cat\/ca\/4-etudes-pour-le-hautbois_147417\" target=\"_blank\" rel=\"noopener noreferrer\" data-auth=\"NotApplicable\" data-linkindex=\"4\">informaci\u00f3<\/a>.<\/p>\n<p class=\"x_MsoNormal\"><b>_______________<\/b><\/p>\n<h6 class=\"x_MsoNormal\"><b>Original SoundTrack Orchestra<\/b><br aria-hidden=\"true\" \/><b>25.06.22 20.00h<\/b><\/h6>\n<p class=\"x_MsoNormal\"><b><span lang=\"ca\">Orquestra de nova creaci\u00f3 formada per joves que uneix m\u00fasica i cinema<\/span><\/b><\/p>\n<p class=\"x_MsoNormal\"><span lang=\"ca\">Qui no ha sentit mai l\u2019emoci\u00f3 a flor de pell quan, mentre s\u2019il\u00b7lumina la pantalla, escolta les\u00a0primeres notes d\u2019una banda sonora? Qui no ha rigut, s\u2019ha commogut o ha plorat amb les can\u00e7ons i\u00a0melodies que acompanyen les hist\u00f2ries dels nostres herois i hero\u00efnes? El llenguatge musical i el\u00a0cinema han establert un vincle narratiu entre el so i les imatges que ha esdevingut indissociable. De tota manera, la\u00a0m\u00fasica cinematogr\u00e0fica ha demostrat un valor musical propi que permet gaudir-ne no nom\u00e9s\u00a0als cinemes, sin\u00f3 tamb\u00e9 a les sales de concerts. L&#8217;OSTO \u00e9s una orquestra de nova creaci\u00f3 dirigida i\u00a0formada per joves m\u00fasics que neix des de la passi\u00f3 pel cinema i la m\u00fasica, amb la il\u00b7lusi\u00f3 de dur als\u00a0escenaris aquest repertori incre\u00efble arreu del territori, per\u00f2 tamb\u00e9 com una meravellosa porta a la\u00a0m\u00fasica simf\u00f2nica per al p\u00fablic general. Volem que sigui una m\u00fasica de joves per a joves. La m\u00fasica, al capdavall, transmet emocions, i aquest \u00e9s el nostre repte.<\/span><\/p>\n<p class=\"x_MsoNormal\">M\u00e9s\u00a0<a href=\"https:\/\/latlantidavic.cat\/ca\/original-soundtrack-orchestra_143628\" target=\"_blank\" rel=\"noopener noreferrer\" data-auth=\"NotApplicable\" data-linkindex=\"5\">informaci\u00f3.<\/a><\/p>\n<p class=\"x_MsoNormal\"><b>_______________<\/b><\/p>\n<h6 class=\"x_MsoNormal\"><b>JONC alevins<\/b><\/h6>\n<h6 class=\"x_MsoNormal\"><b>01.07.22 20.00h<\/b><\/h6>\n<p class=\"x_MsoNormal\">La JONC torna a fer la seva estada anual a Vic. Durant uns dies, el joves int\u00e8rprets m\u00e9s destacats del nostre pa\u00eds es troben per treballar un repertori simf\u00f2nic que podrem escoltar en un concert a L\u2019Atl\u00e0ntida.<\/p>\n<p class=\"x_MsoNormal\">En aquesta ocasi\u00f3, els m\u00e9s joves de l\u2019estada ens ofereixen un concert amb m\u00fasica simf\u00f2nica de Haydn, Mendelssohn i Bizet sota la direcci\u00f3 de Manel Valdivieso.<\/p>\n<p class=\"x_MsoNormal\">M\u00e9s\u00a0<a href=\"https:\/\/latlantidavic.cat\/ca\/jonc-alevins_147513\" target=\"_blank\" rel=\"noopener noreferrer\" data-auth=\"NotApplicable\" data-linkindex=\"6\">informaci\u00f3<\/a>.<\/p>\n<p class=\"x_MsoNormal\"><b>_______________<\/b><\/p>\n<h6 class=\"x_MsoNormal\"><b>JONC\u00a0<\/b><\/h6>\n<h6 class=\"x_MsoNormal\"><b>08.07.22 20.00h<\/b><\/h6>\n<p class=\"x_MsoNormal\">La JONC torna a fer la seva estada anual a Vic. Durant uns dies, el joves int\u00e8rprets m\u00e9s destacats del nostre pa\u00eds es troben per treballar un repertori simf\u00f2nic que podrem escoltar en un concert a L\u2019Atl\u00e0ntida.<\/p>\n<p class=\"x_MsoNormal\">En aquesta ocasi\u00f3 el repertori presenta dues de les peces m\u00e9s emblem\u00e0tiques de dos cl\u00e0ssics russos i mestres en l\u2019orquestraci\u00f3 simf\u00f2nica, Dmitri Xostak\u00f3vitx i Nikolai Rimski Korsakov, sota la direcci\u00f3 d\u2019un dels grans directors del nostre pa\u00eds, l\u2019Edmon Colomer.<\/p>\n<p class=\"x_MsoNormal\">M\u00e9s\u00a0<a href=\"https:\/\/latlantidavic.cat\/ca\/jonc_147538\" target=\"_blank\" rel=\"noopener noreferrer\" data-auth=\"NotApplicable\" data-linkindex=\"7\">informaci\u00f3<\/a>.<\/p>\n<p class=\"x_MsoNormal\"><b>_______________<\/b><\/p>\n<h6 class=\"x_MsoNormal\"><b>Magnificat(s)<\/b><\/h6>\n<h6 class=\"x_MsoNormal\"><b>Cor Jove Nacional de Catalunya i JONC<\/b><\/h6>\n<h6 class=\"x_MsoNormal\"><b>13.07.22 20.00h<\/b><\/h6>\n<p class=\"x_MsoNormal\">A l\u2019estada anual de la JONC a l\u2019Atl\u00e0ntida, aquest anys s\u2019hi afegeixen nous al\u00b7licients, el Cor Jove Nacional de Catalunya i el grup de solistes seleccionats per la Salvat Beca Bach creada per la Fundaci\u00f3 Salvat amb la voluntat de potenciar la formaci\u00f3 i la promoci\u00f3 dels joves cantants solistes a l&#8217;entorn de la m\u00fasica vocal de J. S. Bach.<\/p>\n<p class=\"x_MsoNormal\">El programa del concert a L\u2019Atl\u00e0ntida se centra en dos Magnificats de la fam\u00edlia Bach, un de Johann Sebastian i un altre del seu fill, Joann Christian, destacat compositor del Classicisme alemany. El programa es completa amb una simfonia d\u2019un altre fill de Johann Sebastian Bach i tamb\u00e9 il\u00b7lustre compositor, Carl Philipp Emanuel. Programa Johann Christian Bach (1735 \u2013 1782) Magnificat en do major CW E22 Carl Philipp Emanuel Bach (1714 \u2013 1788) Simfonia en si bemoll major H. 658 &#8211; Johann Sebastian Bach (1685 \u2013 1750) Magnificat en re major BWV 243 &#8211;<\/p>\n<p class=\"x_MsoNormal\">M\u00e9s\u00a0<a href=\"https:\/\/latlantidavic.cat\/ca\/magnificat-s_147545\" target=\"_blank\" rel=\"noopener noreferrer\" data-auth=\"NotApplicable\" data-linkindex=\"8\">informaci\u00f3<\/a>.<\/p>\n<p class=\"x_MsoNormal\"><b>_______________<\/b><\/p>\n<h6 class=\"x_MsoNormal\"><b>Quartet Gerhard<\/b><\/h6>\n<h6 class=\"x_MsoNormal\"><b>22.07.22 20.00h<\/b><\/h6>\n<p class=\"x_MsoNormal\">Durant cinc dies, la ciutat de Vic es convertir\u00e0 novament en un punt de refer\u00e8ncia internacional pel que fa a l\u2019estudi i l\u2019aprofundiment en l\u2019<span class=\"markypeebdg9i\" data-markjs=\"true\" data-ogac=\"\" data-ogab=\"\" data-ogsc=\"\" data-ogsb=\"\">especial<\/span>itat del quartet de corda per\u00f2 tamb\u00e9 d\u2019altres formacions de corda amb diversos instruments com trios, quintets,\u2026<\/p>\n<p class=\"x_MsoNormal\">Les classes les impartir\u00e0 OLIVER WILLE, int\u00e8rpret i pedagog de reconegut prestigi internacional en el camp de la m\u00fasica de cambra i\u00a0<span class=\"markypeebdg9i\" data-markjs=\"true\" data-ogac=\"\" data-ogab=\"\" data-ogsc=\"\" data-ogsb=\"\">especial<\/span>ment del quartet de corda.<\/p>\n<p class=\"x_MsoNormal\">El projecte es completar\u00e0 amb les classes que impartir\u00e0 el QUARTET GERHARD, tamb\u00e9 a quartets de corda o altres formacions de corda amb diversos instruments procedents d\u2019escoles de m\u00fasica i conservatoris. Com a resultat d\u2019aquesta immersi\u00f3, el divendres 22 de juliol a les 20h, L\u2019Atl\u00e0ntida ofereix un concert a c\u00e0rrec del Quartet Gerhard i amb la participaci\u00f3 de les formacions que hagin treballat amb Oliver Wille.<\/p>\n<p class=\"x_MsoNormal\">M\u00e9s\u00a0<a href=\"https:\/\/latlantidavic.cat\/ca\/quartet-gerhard_147592\" target=\"_blank\" rel=\"noopener noreferrer\" data-auth=\"NotApplicable\" data-linkindex=\"9\">informaci\u00f3<\/a>.<\/p>\n","protected":false},"excerpt":{"rendered":"<p>El Cl\u00e0ssica Jove \u00e9s un cicle que\u00a0vol contribuir a l\u2019impuls de les noves generacions de la m\u00fasica cl\u00e0ssica i a la creaci\u00f3 de nous p\u00fablics. \u00c9s amb aquest objectiu que L&#8217;Atl\u00e0ntida Educa, buscant sinergies amb molts agents de la ciutat, entre altres l\u2019Escola de M\u00fasica&hellip;  <a href=\"https:\/\/agora.xtec.cat\/escmusicavic\/serveis\/circulars-informatives\/circular-informativa-num-5-especial-classica-jove-juny-2022\/\" title=\"Read Circular informativa n\u00fam.5: Especial Cl\u00e0ssica Jove. Juny 2022\">Llegeix m\u00e9s\u00bb<\/a><\/p>\n","protected":false},"author":11,"featured_media":0,"parent":613,"menu_order":100,"comment_status":"closed","ping_status":"closed","template":"","meta":{"_bbp_topic_count":0,"_bbp_reply_count":0,"_bbp_total_topic_count":0,"_bbp_total_reply_count":0,"_bbp_voice_count":0,"_bbp_anonymous_reply_count":0,"_bbp_topic_count_hidden":0,"_bbp_reply_count_hidden":0,"_bbp_forum_subforum_count":0,"footnotes":""},"class_list":["post-5254","page","type-page","status-publish","hentry"],"post_mailing_queue_ids":[],"_links":{"self":[{"href":"https:\/\/agora.xtec.cat\/escmusicavic\/wp-json\/wp\/v2\/pages\/5254","targetHints":{"allow":["GET"]}}],"collection":[{"href":"https:\/\/agora.xtec.cat\/escmusicavic\/wp-json\/wp\/v2\/pages"}],"about":[{"href":"https:\/\/agora.xtec.cat\/escmusicavic\/wp-json\/wp\/v2\/types\/page"}],"author":[{"embeddable":true,"href":"https:\/\/agora.xtec.cat\/escmusicavic\/wp-json\/wp\/v2\/users\/11"}],"replies":[{"embeddable":true,"href":"https:\/\/agora.xtec.cat\/escmusicavic\/wp-json\/wp\/v2\/comments?post=5254"}],"version-history":[{"count":1,"href":"https:\/\/agora.xtec.cat\/escmusicavic\/wp-json\/wp\/v2\/pages\/5254\/revisions"}],"predecessor-version":[{"id":5257,"href":"https:\/\/agora.xtec.cat\/escmusicavic\/wp-json\/wp\/v2\/pages\/5254\/revisions\/5257"}],"up":[{"embeddable":true,"href":"https:\/\/agora.xtec.cat\/escmusicavic\/wp-json\/wp\/v2\/pages\/613"}],"wp:attachment":[{"href":"https:\/\/agora.xtec.cat\/escmusicavic\/wp-json\/wp\/v2\/media?parent=5254"}],"curies":[{"name":"wp","href":"https:\/\/api.w.org\/{rel}","templated":true}]}}