{"id":49,"date":"2014-09-17T16:55:55","date_gmt":"2014-09-17T16:55:55","guid":{"rendered":"http:\/\/agora.xtec.cat\/escmusicavic\/?page_id=49"},"modified":"2026-03-13T19:29:26","modified_gmt":"2026-03-13T18:29:26","slug":"normes-dorganitzacio-i-funcionament","status":"publish","type":"page","link":"https:\/\/agora.xtec.cat\/escmusicavic\/lescola\/normes-dorganitzacio-i-funcionament\/","title":{"rendered":"Claustre"},"content":{"rendered":"<p><span style=\"color: #008080;\">DEPARTAMENT DE LLENGUATGE I CANT CORAL\u00a0<\/span><br \/>\nSebasti\u00e0 Bardolet Mayola<br \/>\nAnna Casadevall Puig<br \/>\nMontse Catll\u00e0 Dot<br \/>\nAna Carro de Prada<br \/>\nGl\u00f2ria Comallonga homs<br \/>\nRomina Ferrari Trezza<br \/>\nDavid G\u00f3mez Comino<br \/>\nJordi Matas Figueras<br \/>\nAina Plans Codina<br \/>\nEli Pujol Mayans<br \/>\nLali Rubinat Torras<br \/>\nMireia Ruiz Puig<br \/>\nAnna Solans Boixader<br \/>\nV\u00edctor Sol\u00e9 Udina<\/p>\n<p><span style=\"color: #008080;\">DEPARTAMENT DE CORDA<\/span><br \/>\nN\u00faria Ayats Mialet,<em> viol\u00ed<\/em><br \/>\nAlbert Bardolet Mayola, <em>violoncel<\/em><br \/>\nEudald Buch Torrents, <em>pianista repertorista<\/em><br \/>\nGabriel Coll Trulls, <em>viol\u00ed<\/em><br \/>\nFranco Molinari, <em>contrabaix<\/em><br \/>\nDaniel Oliu Nieto, <em>violoncel<\/em><br \/>\nGemma Pujol Coderch, <em>viola<\/em><br \/>\nCati Reus Gelabert, <em>viol\u00ed<\/em><br \/>\nAnna Roca Codinachs, <em>viol\u00ed<\/em><br \/>\nHumbert Rovira Creixell, <em>viol\u00ed<\/em><br \/>\nSusanne Spendlin, <em>violoncel<\/em><br \/>\nJoaquim T\u00e9rmens Fuentes, <em>viol\u00ed<\/em><\/p>\n<p><span style=\"color: #008080;\">DEPARTAMENT DE MODERNA<\/span><br \/>\nQuim Abramo Soldevila, <em>guitarra el\u00e8ctrica<\/em><br \/>\nJosep M. Cols Clotet,<em> piano modern<\/em><br \/>\nJoan Godayol Baucells, <em>cant modern<\/em><br \/>\nFranco Molinari, <em>contrabaix modern<\/em><br \/>\nToni Pola Subi,<em> saxofon modern<\/em><br \/>\nGuillem Plana Gallego, <em>guitarra el\u00e8ctrica<\/em><br \/>\nEnric Puigdesens Castilla,<em> baix el\u00e8ctric<\/em><br \/>\nJosep Sol\u00e0 Sala, <em>bateria<\/em><br \/>\nManel Valls Su\u00f1\u00e9,<em> trompeta moderna<\/em><br \/>\nGuillem Vernis Ll\u00e0mbias, <em>saxofon modern<\/em><br \/>\nMarc Vernis Ll\u00e0mbias, <em>piano modern<\/em><\/p>\n<p><span style=\"color: #008080;\">DEPARTAMENT DE PIANO<\/span><br \/>\nAlba Boada Rodr\u00edguez<br \/>\nColoma Bonn\u00edn Riera<br \/>\nAna Carro de Prada<br \/>\nVict\u00f2ria Katsyuba<br \/>\nMiquel Oliu Nieto<br \/>\nJoan Rib\u00e9 Sol\u00e0<br \/>\nM. \u00c0ngels Vila Bover<\/p>\n<p><span style=\"color: #008080;\">DEPARTAMENT DE VENT<\/span><br \/>\nDol\u00e7a Albert Gener\u00f3, <em>saxofon<\/em><br \/>\nPau Albert Gener\u00f3, <em>flauta travessera<\/em><br \/>\nFerran Angl\u00ed Folch, <em>obo\u00e8<\/em><br \/>\nNat\u00e0lia Arroyo Mund\u00f3, <em>clarinet<\/em><br \/>\nAndreu Brunat Maj\u00f3, <em>flauta de bec<\/em><br \/>\nOriol Codina Sucarrats, <em>clarinet<\/em><br \/>\nMeritxell Ferrer Qui\u00f1onero,<em> fagot<\/em><br \/>\nCarlos Ferrer Romero, tromb\u00f3<br \/>\nVict\u00f2ria Katsyuba, <em>repertorista<\/em><br \/>\nIsabel Moreno Tamarit, <em>flauta travessera<\/em><br \/>\nPaco Palas\u00ed Ca\u00f1ada,<em> tromb\u00f3 i fiscorn<\/em><br \/>\nToni Pola Subi,<em> saxofon<\/em><br \/>\nManel Valls Su\u00f1\u00e9, <em>trompeta<\/em><br \/>\nPau Valls Teixid\u00f3, <em>trompa<\/em><\/p>\n<p><span style=\"color: #008080;\">DEPARTAMENT DE GUITARRA, CANT I PERCUSSI\u00d3<\/span><br \/>\nFran Gamallo Liste,<em> guitarra<\/em><br \/>\nRamon Dordal Vila,<em> guitarra<\/em><br \/>\nAnna Casadevall Puig, <em>cant<\/em><br \/>\nMarc Casas Casta\u00f1\u00e9, <em>percussi\u00f3<\/em><\/p>\n<hr \/>\n<p><span style=\"color: #008080;\">AULA DE M\u00daSICA D&#8217;ARB\u00daCIES<\/span><br \/>\nJoan Carles Aguerri Yuste, <em>bateria<\/em><br \/>\nAnna Crusat Niub\u00f3, <em>flauta travessera, sensibilitzaci\u00f3 i llenguatge musical<\/em><br \/>\nRosa Badenas P\u00e9rez, <em>piano i llenguatge musical<\/em><br \/>\nFina Bonet Folch, <em>viol\u00ed<\/em><br \/>\nCarles Hoyo Forn\u00e9s, <em>guitarra<\/em><br \/>\nEloi Isern Rabella, <em>guitarra el\u00e8ctrica<\/em><br \/>\nXavier Torrent Pruna, <em>saxofon i clarinet<\/em><br \/>\nDolors Vidal Vila, <em>violoncel i llenguatge musical<\/em><\/p>\n<hr \/>\n<p><span style=\"color: #008080;\">AULA DE M\u00daSICA DE CALLDETENES<\/span><br \/>\nColoma Bertran Muntada, <em>viol\u00ed<\/em><br \/>\nRamon Dordal Vila, <em>guitarra<\/em><br \/>\nAna Carro de Prada, <em>piano<\/em><br \/>\nAnna Solans Boixader, s<em>ensibilitzaci\u00f3<\/em><br \/>\nM\u00f2nica Toll Casades\u00fas, <em>dimensions de la m\u00fasica<\/em><br \/>\nGuillem Vernis Ll\u00e0mbias, <em>saxofon i llenguatge musical<\/em><br \/>\nMarc Vernis Ll\u00e0mbias, <em>piano<\/em><\/p>\n<hr \/>\n<p><span style=\"color: #008080;\">AULA DE M\u00daSICA DE FOLGUEROLES<\/span><br \/>\nAna Carro de Prada, <em>piano<\/em><br \/>\nRamon Dordal Vila, <em>guitarra<\/em><br \/>\nMarcel\u00b7l\u00ed Druguet Iborra, <em>saxofon i dimensions de la m\u00fasica<\/em><br \/>\nEnric Puigdesens Castilla, <em>llenguatge i baix el\u00e8ctric<\/em><br \/>\nAnna Roca Codinachs, <em>viol\u00ed<\/em><br \/>\nAnna Solans Boixader, s<em>ensibilitzaci\u00f3 i dimensions de la m\u00fasica<\/em><br \/>\nM\u00f2nica Toll Casades\u00fas, <em>llenguatge musical<\/em><\/p>\n<hr \/>\n<p><span style=\"color: #008080;\">AULA DE M\u00daSICA DE SANT HILARI SACALM<\/span><br \/>\nJoan Carles Aguerri Yuste, <em>bateria<\/em><br \/>\nAnna Crusat Niub\u00f3 travessera, <em>llenguatge musical i sensibilitzaci\u00f3<\/em><br \/>\nFina Bonet Folch, <em>viol\u00ed<\/em><br \/>\nEloi Isern Rabella, <em>guitarra el\u00e8ctrica<\/em><br \/>\nAntoni Miralpeix Bosch,<em> piano<\/em><br \/>\nXavier Torrent Pruna, <em>saxofon i clarinet<\/em><br \/>\nDolors Vidal Vila, <em>violoncel i llenguatge musical<\/em><\/p>\n<hr \/>\n<p><span style=\"color: #008080;\">AULA DE M\u00daSICA DE SANT JULI\u00c0 DE VILATORTA<\/span><br \/>\nPau Albert Gener\u00f3, <em>flauta travessera<\/em><br \/>\nColoma Bertran Muntadas, <em>viol\u00ed<\/em><br \/>\nMarcel\u00b7l\u00ed Druguet Iborra,<em> saxofon i llenguatge musical<\/em><br \/>\nRamon Dordal Vila, <em>guitarra<\/em><br \/>\nEnric Puigdesens, Castilla, <em>llenguatge musical i baix el\u00e8ctric<\/em><br \/>\nElisabet Pujol Mayans, <em>piano<\/em><br \/>\nAnna Solans Boixader, <em>CoNeix la m\u00fasica i Sensibilitzaci\u00f3<\/em><br \/>\nManel Valls Su\u00f1\u00e9, <em>trompeta<\/em><\/p>\n<hr \/>\n<p><span style=\"color: #008080;\">AULA DE M\u00daSICA DE SANTA EUG\u00c8NIA DE BERGA<\/span><br \/>\nAnna Crusats Niub\u00f3, <em>sensibilitzaci\u00f3<\/em><br \/>\nMarcel\u00b7l\u00ed Druguet Iborra, <em>llenguatge musical<\/em><\/p>\n<hr \/>\n<p><span style=\"color: #008080;\">AULA DE M\u00daSICA DE VILADRAU<\/span><br \/>\nJordi Ca\u00f1\u00f3n, <em>piano<\/em><br \/>\nMarta Guilaniu, <em>llenguatge musical\u00a0<\/em><\/p>\n<hr \/>\n<p><span style=\"color: #008080;\">ESCOLA DE M\u00daSICA DE TONA<\/span><br \/>\nColoma Bertran Muntadas, <em>viol\u00ed<\/em><br \/>\nAndreu Brunat Maj\u00f3, s<em>ensibilitzaci\u00f3, llenguatge musical i cor jove<\/em><br \/>\nGina Miserachs Alpiste, <em>llenguatge musical i cant coral<\/em><br \/>\nGuillem Plana Gallego, <em>guitarra, guitarra el\u00e8ctrica i baix el\u00e8ctric<\/em><br \/>\nPep Sol\u00e0 Sala, <em>bateria<\/em><br \/>\nAnna Solans Boixader, <em>CoNeix la M\u00fasica, llenguatge musical, cant coral i tallers<\/em><br \/>\nEli Pujol Mayans,<em> piano<\/em><br \/>\nMarc Vernis Ll\u00e0mbias, <em>piano<\/em><\/p>\n<hr \/>\n<p>&nbsp;<\/p>\n","protected":false},"excerpt":{"rendered":"<p>DEPARTAMENT DE LLENGUATGE I CANT CORAL\u00a0<br \/>\nSebasti\u00e0 Bardolet Mayola<br \/>\nAnna Casadevall Puig<br \/>\nMontse Catll\u00e0 Dot<br \/>\nAna Carro de Prada<br \/>\nGl\u00f2ria Comallonga homs<br \/>\nRomina Ferrari Trezza<br \/>\nDavid G\u00f3mez Comino<br \/>\nJordi Matas Figueras<br \/>\nAina Plans Codina<br \/>\nEli Pujol Mayans<br \/>\nLali Rubinat Torras<br \/>\nMireia Ruiz Puig<br \/>\nAnna Solans Boixader<br \/>\nV\u00edctor Sol\u00e9 Udina<br \/>\nDEPARTAMENT DE CORDA<br \/>\nN\u00faria Ayats Mialet, viol\u00ed<br \/>\nAlbert Bardolet Mayola, violoncel<br \/>\nEudald Buch Torrents,&hellip;  <a href=\"https:\/\/agora.xtec.cat\/escmusicavic\/lescola\/normes-dorganitzacio-i-funcionament\/\" title=\"Read Claustre\">Llegeix m\u00e9s\u00bb<\/a><\/p>\n","protected":false},"author":1,"featured_media":0,"parent":19,"menu_order":30,"comment_status":"closed","ping_status":"closed","template":"page-templates\/side-menu.php","meta":{"_bbp_topic_count":0,"_bbp_reply_count":0,"_bbp_total_topic_count":0,"_bbp_total_reply_count":0,"_bbp_voice_count":0,"_bbp_anonymous_reply_count":0,"_bbp_topic_count_hidden":0,"_bbp_reply_count_hidden":0,"_bbp_forum_subforum_count":0,"footnotes":""},"class_list":["post-49","page","type-page","status-publish","hentry"],"post_mailing_queue_ids":[],"_links":{"self":[{"href":"https:\/\/agora.xtec.cat\/escmusicavic\/wp-json\/wp\/v2\/pages\/49","targetHints":{"allow":["GET"]}}],"collection":[{"href":"https:\/\/agora.xtec.cat\/escmusicavic\/wp-json\/wp\/v2\/pages"}],"about":[{"href":"https:\/\/agora.xtec.cat\/escmusicavic\/wp-json\/wp\/v2\/types\/page"}],"author":[{"embeddable":true,"href":"https:\/\/agora.xtec.cat\/escmusicavic\/wp-json\/wp\/v2\/users\/1"}],"replies":[{"embeddable":true,"href":"https:\/\/agora.xtec.cat\/escmusicavic\/wp-json\/wp\/v2\/comments?post=49"}],"version-history":[{"count":6,"href":"https:\/\/agora.xtec.cat\/escmusicavic\/wp-json\/wp\/v2\/pages\/49\/revisions"}],"predecessor-version":[{"id":7526,"href":"https:\/\/agora.xtec.cat\/escmusicavic\/wp-json\/wp\/v2\/pages\/49\/revisions\/7526"}],"up":[{"embeddable":true,"href":"https:\/\/agora.xtec.cat\/escmusicavic\/wp-json\/wp\/v2\/pages\/19"}],"wp:attachment":[{"href":"https:\/\/agora.xtec.cat\/escmusicavic\/wp-json\/wp\/v2\/media?parent=49"}],"curies":[{"name":"wp","href":"https:\/\/api.w.org\/{rel}","templated":true}]}}