{"id":486,"date":"2018-09-29T15:58:25","date_gmt":"2018-09-29T13:58:25","guid":{"rendered":"http:\/\/agora.xtec.cat\/escmusicavic\/?page_id=486"},"modified":"2018-10-04T08:06:58","modified_gmt":"2018-10-04T06:06:58","slug":"missio","status":"publish","type":"page","link":"https:\/\/agora.xtec.cat\/escmusicavic\/lescola\/missio\/","title":{"rendered":"Missi\u00f3"},"content":{"rendered":"<p><span style=\"color: #008080;\">Des d&#8217;una tradici\u00f3 secular, els or\u00edgens de la qual es remunten a l&#8217;any 1850, l&#8217;Escola de M\u00fasica i Conservatori de Vic \u00e9s una instituci\u00f3 profundament arrelada a la ciutat de Vic i la seva comarca, amb una clara vocaci\u00f3 de ser un potent agent educatiu que ajudi a la cohesi\u00f3 i dinamitzaci\u00f3 social i cultural del seu entorn i a la formaci\u00f3 dels futurs professionals des de la qualitat i la millora permanents.<\/span><\/p>\n<p>Tal com figura en l&#8217;encap\u00e7alament del PROJECTE EDUCATIU DEL CENTRE, la nostra missi\u00f3 \u00e9s contribuir significativament a l\u2019educaci\u00f3 musical dels ciutadans per tal que els ajudi a desenvolupar-se humanament, els permeti influir positivament en la societat i, si s\u2019escau, els doni l\u2019oportunitat de professionalitzar-se<\/p>\n","protected":false},"excerpt":{"rendered":"<p>Des d&#8217;una tradici\u00f3 secular, els or\u00edgens de la qual es remunten a l&#8217;any 1850, l&#8217;Escola de M\u00fasica i Conservatori de Vic \u00e9s una instituci\u00f3 profundament arrelada a la ciutat de Vic i la seva comarca, amb una clara vocaci\u00f3 de ser un potent agent educatiu&hellip;  <a href=\"https:\/\/agora.xtec.cat\/escmusicavic\/lescola\/missio\/\" title=\"Read Missi\u00f3\">Llegeix m\u00e9s\u00bb<\/a><\/p>\n","protected":false},"author":1,"featured_media":0,"parent":19,"menu_order":5,"comment_status":"closed","ping_status":"closed","template":"page-templates\/side-menu.php","meta":{"_bbp_topic_count":0,"_bbp_reply_count":0,"_bbp_total_topic_count":0,"_bbp_total_reply_count":0,"_bbp_voice_count":0,"_bbp_anonymous_reply_count":0,"_bbp_topic_count_hidden":0,"_bbp_reply_count_hidden":0,"_bbp_forum_subforum_count":0,"footnotes":""},"class_list":["post-486","page","type-page","status-publish","hentry"],"post_mailing_queue_ids":[],"_links":{"self":[{"href":"https:\/\/agora.xtec.cat\/escmusicavic\/wp-json\/wp\/v2\/pages\/486","targetHints":{"allow":["GET"]}}],"collection":[{"href":"https:\/\/agora.xtec.cat\/escmusicavic\/wp-json\/wp\/v2\/pages"}],"about":[{"href":"https:\/\/agora.xtec.cat\/escmusicavic\/wp-json\/wp\/v2\/types\/page"}],"author":[{"embeddable":true,"href":"https:\/\/agora.xtec.cat\/escmusicavic\/wp-json\/wp\/v2\/users\/1"}],"replies":[{"embeddable":true,"href":"https:\/\/agora.xtec.cat\/escmusicavic\/wp-json\/wp\/v2\/comments?post=486"}],"version-history":[{"count":2,"href":"https:\/\/agora.xtec.cat\/escmusicavic\/wp-json\/wp\/v2\/pages\/486\/revisions"}],"predecessor-version":[{"id":626,"href":"https:\/\/agora.xtec.cat\/escmusicavic\/wp-json\/wp\/v2\/pages\/486\/revisions\/626"}],"up":[{"embeddable":true,"href":"https:\/\/agora.xtec.cat\/escmusicavic\/wp-json\/wp\/v2\/pages\/19"}],"wp:attachment":[{"href":"https:\/\/agora.xtec.cat\/escmusicavic\/wp-json\/wp\/v2\/media?parent=486"}],"curies":[{"name":"wp","href":"https:\/\/api.w.org\/{rel}","templated":true}]}}