{"id":4702,"date":"2021-11-30T16:25:34","date_gmt":"2021-11-30T15:25:34","guid":{"rendered":"https:\/\/agora.xtec.cat\/escmusicavic\/?page_id=4702"},"modified":"2021-11-30T16:25:34","modified_gmt":"2021-11-30T15:25:34","slug":"nivell-mitja","status":"publish","type":"page","link":"https:\/\/agora.xtec.cat\/escmusicavic\/ofertaeducativa\/escola-de-musica\/nivell-mitja\/","title":{"rendered":"Nivell Mitj\u00e0"},"content":{"rendered":"<p>De 12 a 18 anys. El disseny curricular deixa de ser troncal i es converteix en un programa obert i essencialment optatiu segons l\u2019inter\u00e8s i la dedicaci\u00f3 que vulgui posar-hi cada alumne. Es recomanen especialment activitats instrumentals pr\u00e0ctiques i col\u00b7lectives com orquestres, cor, classe col\u00b7lectiva, etc.<\/p>\n","protected":false},"excerpt":{"rendered":"<p>De 12 a 18 anys. El disseny curricular deixa de ser troncal i es converteix en un programa obert i essencialment optatiu segons l\u2019inter\u00e8s i la dedicaci\u00f3 que vulgui posar-hi cada alumne. Es recomanen especialment activitats instrumentals pr\u00e0ctiques i col\u00b7lectives com orquestres, cor, classe col\u00b7lectiva,&hellip;  <a href=\"https:\/\/agora.xtec.cat\/escmusicavic\/ofertaeducativa\/escola-de-musica\/nivell-mitja\/\" title=\"Read Nivell Mitj\u00e0\">Llegeix m\u00e9s\u00bb<\/a><\/p>\n","protected":false},"author":11,"featured_media":0,"parent":519,"menu_order":4,"comment_status":"closed","ping_status":"closed","template":"","meta":{"_bbp_topic_count":0,"_bbp_reply_count":0,"_bbp_total_topic_count":0,"_bbp_total_reply_count":0,"_bbp_voice_count":0,"_bbp_anonymous_reply_count":0,"_bbp_topic_count_hidden":0,"_bbp_reply_count_hidden":0,"_bbp_forum_subforum_count":0,"footnotes":""},"class_list":["post-4702","page","type-page","status-publish","hentry"],"post_mailing_queue_ids":[],"_links":{"self":[{"href":"https:\/\/agora.xtec.cat\/escmusicavic\/wp-json\/wp\/v2\/pages\/4702","targetHints":{"allow":["GET"]}}],"collection":[{"href":"https:\/\/agora.xtec.cat\/escmusicavic\/wp-json\/wp\/v2\/pages"}],"about":[{"href":"https:\/\/agora.xtec.cat\/escmusicavic\/wp-json\/wp\/v2\/types\/page"}],"author":[{"embeddable":true,"href":"https:\/\/agora.xtec.cat\/escmusicavic\/wp-json\/wp\/v2\/users\/11"}],"replies":[{"embeddable":true,"href":"https:\/\/agora.xtec.cat\/escmusicavic\/wp-json\/wp\/v2\/comments?post=4702"}],"version-history":[{"count":1,"href":"https:\/\/agora.xtec.cat\/escmusicavic\/wp-json\/wp\/v2\/pages\/4702\/revisions"}],"predecessor-version":[{"id":4703,"href":"https:\/\/agora.xtec.cat\/escmusicavic\/wp-json\/wp\/v2\/pages\/4702\/revisions\/4703"}],"up":[{"embeddable":true,"href":"https:\/\/agora.xtec.cat\/escmusicavic\/wp-json\/wp\/v2\/pages\/519"}],"wp:attachment":[{"href":"https:\/\/agora.xtec.cat\/escmusicavic\/wp-json\/wp\/v2\/media?parent=4702"}],"curies":[{"name":"wp","href":"https:\/\/api.w.org\/{rel}","templated":true}]}}