{"id":46,"date":"2014-09-17T16:53:45","date_gmt":"2014-09-17T16:53:45","guid":{"rendered":"http:\/\/agora.xtec.cat\/escmusicavic\/?page_id=46"},"modified":"2026-02-20T09:44:13","modified_gmt":"2026-02-20T08:44:13","slug":"organigrama","status":"publish","type":"page","link":"https:\/\/agora.xtec.cat\/escmusicavic\/lescola\/organigrama\/","title":{"rendered":"Organigrama"},"content":{"rendered":"<p><span style=\"color: #008080;\">PATRONAT DE LA FUNDACI\u00d3 L\u2019ATL\u00c0NTIDA<\/span><br \/>\n<span style=\"color: #800000;\">President<\/span>\u00a0Albert Castells Vilalta<br \/>\n<span style=\"color: #800000;\">Vicepresident<\/span>\u00a0Bet Piella i Pons<br \/>\n<span style=\"color: #800000;\">Secret\u00e0ria <span style=\"color: #000000;\">Elisabet Franquesa i Roca<\/span><\/span><br \/>\n<span style=\"color: #800000;\">Vocals<\/span>\u00a0Jaume Badia Pujol, Francesc Casades\u00fas Calv\u00f3, Anton Granero Mart\u00ednez, Albert Prat Muntades, Josep Saig\u00ed Grau, Vicen\u00e7 Sic\u00edlia Zafra, V\u00edctor Sunyol Costa, Josep Pou Regidor, Marta Cornellas Torrent, Carme Rubio Larramona.<\/p>\n<p><span style=\"color: #008080;\">DIRECCI\u00d3 GENERAL DE LA FUNDACI\u00d3 L\u2019ATL\u00c0NTIDA<\/span><br \/>\n<span style=\"color: #008080;\">i equip de coordinaci\u00f3 Fundaci\u00f3 L\u2019Atl\u00e0ntida i EMVIC<\/span><br \/>\n<span style=\"color: #800000;\">Directora general de la Fundaci\u00f3 L&#8217;Atl\u00e0ntida<\/span>\u00a0Montse Catll\u00e0 Dot<br \/>\n<span style=\"color: #800000;\">Cap d\u2019administraci\u00f3 de la Fundaci\u00f3<\/span> N\u00faria Blasco Rovira<br \/>\n<span style=\"color: #ff6600;\"><span style=\"color: #800000;\">Director de l\u2019EMVIC<\/span><span style=\"color: #000000;\">\u00a0Albert Bardolet Mayola<\/span><\/span><br \/>\n<span style=\"color: #800000;\">Cap d\u2019estudis de l\u2019EMVIC<\/span> <span style=\"color: #ff6600;\"><span style=\"color: #000000;\">Dol\u00e7a Albert Gener\u00f3<\/span><\/span><br \/>\n<span style=\"color: #800000;\">Cap d&#8217;Activitats i Coordinadora Pedag\u00f2gica<\/span>\u00a0Pau Albert Gener\u00f3<\/p>\n<p><span style=\"color: #008080;\">CONSELL SOCIAL DE L\u2019ESCOLA DE M\u00daSICA DE VIC<\/span><br \/>\n<span style=\"color: #800000;\">Antics directors<\/span>\u00a0Sebasti\u00e0 Bardolet Mayola, Josep Baucells Colom, Montse Catll\u00e0 Dot<br \/>\n<span style=\"color: #800000;\">Director<\/span>\u00a0<span style=\"color: #ff6600;\"><span style=\"color: #000000;\">Albert Bardolet Mayola<\/span><\/span><br \/>\n<span style=\"color: #800000;\">Professors<\/span> Anna Casadevall Puig, Eli Pujol Mayans i David G\u00f3mez Comino<br \/>\n<span style=\"color: #800000;\">Mare representant del Consell Escolar<\/span> Maira Bonjorn Pons<br \/>\n<span style=\"color: #800000;\">President de l\u2019AFA<\/span>\u00a0Isabel Valls Puig<br \/>\n<span style=\"color: #800000;\">President de l\u2019Associaci\u00f3 d\u2019Antics Alumnes<\/span>\u00a0David Bofias Colomer<br \/>\n<span style=\"color: #800000;\">Representants externs<\/span> Llu\u00eds Sol\u00e9 Salas<\/p>\n<p><span style=\"color: #008080;\">CONSELL ESCOLAR<\/span><span style=\"color: #ff6600;\"><span style=\"color: #800000;\"><br \/>\nDirector<\/span><span style=\"color: #000000;\">\u00a0Albert Bardolet Mayola<\/span><\/span><span style=\"color: #800000;\"><br \/>\nCap d\u2019estudis<\/span> <span style=\"color: #ff6600;\"><span style=\"color: #000000;\">Dol\u00e7a Albert Gener\u00f3<\/span><\/span><span style=\"color: #ff6600;\"><span style=\"color: #800000;\"><br \/>\nCoordinadora pedag\u00f2gica\u00a0<\/span><span style=\"color: #000000;\">Pau Albert Gener\u00f3<\/span><\/span><span style=\"color: #800000;\"><br \/>\nSecretaria Acad\u00e8mica <span style=\"color: #000000;\">Marga Vinent Ameller<\/span><\/span><span style=\"color: #800000;\"><br \/>\nSector Professors<\/span> Andreu Brunat Maj\u00f3, Lali Rubinat i Torres, David G\u00f3mez Comino, Pep Cols Clotet, Gemma Pujol Coderch i Romina Ferrari.<span style=\"color: #800000;\"><br \/>\nSector Alumnes<\/span> Martina Verdaguer Mart\u00ednez, Martina Vila Bertran, Sof\u00eda Quijano Frias.<br \/>\n<span style=\"color: #800000;\">Sector Pares i Mares<\/span> A\u00efda Raurell D\u00edaz, Arcadi Prat Godayol i Xavier Ac\u00edn Ra\u00efch.<br \/>\n<span style=\"color: #800000;\">Representant de l\u2019AFA<\/span> Arcadi Prat Godayol<br \/>\n<span style=\"color: #ff6600;\"><span style=\"color: #800000;\">Representant del PAS<\/span>\u00a0<\/span><span style=\"color: #ff6600;\"><span style=\"color: #000000;\">Santi Ca\u00f1ari Loeffel<\/span><\/span><br \/>\n<span style=\"color: #ff6600;\"><span style=\"color: #800000;\">Representant de l&#8217;Ajuntament<\/span>\u00a0<\/span><span style=\"color: #ff6600;\"><span style=\"color: #000000;\">Elisabet Franquesa Roca<\/span><\/span><\/p>\n<p><span style=\"color: #008080;\">EQUIP DIRECTIU<\/span><br \/>\n<span style=\"color: #ff6600;\"><span style=\"color: #800000;\">Director<\/span>\u00a0<span style=\"color: #000000;\">Albert Bardolet Mayola<\/span><\/span><br \/>\n<span style=\"color: #800000;\">Cap d\u2019estudis<\/span> <span style=\"color: #ff6600;\"><span style=\"color: #000000;\">Dol\u00e7a Albert Gener\u00f3<\/span><\/span><br \/>\n<span style=\"color: #800000;\">Coordinadora pedag\u00f2gica<\/span>\u00a0Pau Albert Gener\u00f3<br \/>\n<span style=\"color: #800000;\">Secret\u00e0ria acad\u00e8mica\u00a0<\/span>Marga Vinent Ameller<\/p>\n<p><span style=\"color: #008080;\">CAPS DE DEPARTAMENT<\/span><br \/>\n<span style=\"color: #800000;\">Aules de la Xarxa\u00a0<\/span>Pau Albert Gener\u00f3<br \/>\n<span style=\"color: #800000;\">Activitats<\/span>\u00a0Pau Albert Gener\u00f3<br \/>\n<span style=\"color: #800000;\">Llenguatge de Nivell Elemental<\/span> Eul\u00e0lia Rubinat Torres<br \/>\n<span style=\"color: #800000;\">Llenguatge de Grau Professional <\/span> David G\u00f3mez Comino<br \/>\n<span style=\"color: #800000;\">Corda<\/span> Anna Roca Codinachs<br \/>\n<span style=\"color: #800000;\">Moderna<\/span> Enric Puigdesens Castilla<br \/>\n<span style=\"color: #800000;\">Piano<\/span> Joan Rib\u00e9 Sol\u00e0<br \/>\n<span style=\"color: #800000;\">Vent<\/span>\u00a0Oriol Codina i Sucarrats<br \/>\n<span style=\"color: #800000;\">Cant, Guitarra i Percussi\u00f3<\/span>\u00a0Fran Gamallo Liste<\/p>\n<p><span style=\"color: #008080;\">COORDINADORS<\/span><br \/>\n<span style=\"color: #800000;\">Aula de M\u00fasica de Calldetenes<\/span>\u00a0Enric Puigdesens Castilla<br \/>\n<span style=\"color: #800000;\">Aula de M\u00fasica de Folgueroles<\/span> Enric Puigdesens Castilla<br \/>\n<span style=\"color: #800000;\">Aula de M\u00fasica de St Juli\u00e0 de Vilatorta<\/span>\u00a0Enric Puigdesens Castilla<br \/>\n<span style=\"color: #800000;\">Aula de M\u00fasica de Santa Eug\u00e8nia de Berga <span style=\"color: #000000;\">Enric Puigdesens Castilla<\/span><\/span><br \/>\n<span style=\"color: #800000;\">Aula de M\u00fasica de St Hilari Sacalm<\/span>\u00a0Dolors Vidal i Vila<br \/>\n<span style=\"color: #800000;\">Aula de M\u00fasica de Viladrau<\/span> Jordi Ca\u00f1on Mallen<br \/>\n<span style=\"color: #800000;\">Escola de M\u00fasica de Tona<\/span> Eli Pujol Mayans<br \/>\n<span style=\"color: #800000;\">Orquestres de Corda,<\/span> Gemma Pujol Coderchs<br \/>\n<span style=\"color: #800000;\">Vent Metall i Grups de Vent<\/span>\u00a0Oriol Codina i Sucarrats<br \/>\n<span style=\"color: #800000;\">M\u00fasica de Cambra\u00a0<\/span>Gabriel Coll Trulls<br \/>\n<span style=\"color: #800000;\">Aula d\u2019Adults <\/span>Pau Albert Gener\u00f3<br \/>\n<span style=\"color: #800000;\">Cant Coral <\/span>David G\u00f3mez Comino<br \/>\n<span style=\"color: #800000;\">Si toquem junts, sona millor <\/span>Lali Rubinat Torres<br \/>\n<span style=\"color: #800000;\">Ara Art <\/span>Gl\u00f2ria Comallonga Homs<\/p>\n<p><span style=\"color: #008080;\">COMIT\u00c8 D&#8217;EMPRESA<\/span><br \/>\n<span style=\"color: #800000;\">President<\/span> Alba Boada i Rodr\u00edguez<br \/>\n<span style=\"color: #800000;\">Vocals\u00a0<span style=\"color: #000000;\">Isabel Moreno Tamarit, Joan Godayol Bausells<\/span><\/span><\/p>\n<p><span style=\"color: #008080;\">PERSONAL D&#8217;ADMINISTRACI\u00d3<\/span><br \/>\n<span style=\"color: #800000;\">N\u00faria Blasco Rovira<\/span>\u00a0administraci\u00f3<br \/>\n<span style=\"color: #800000;\">Carme Priego Fern\u00e1ndez\u00a0<\/span> administraci\u00f3<br \/>\n<span style=\"color: #800000;\">Helena Bosch Casades\u00fas<\/span>\u00a0secretaria<br \/>\n<span style=\"color: #800000;\">N\u00faria Serrat Gafas<\/span>\u00a0recepci\u00f3<br \/>\n<span style=\"color: #800000;\">Leo Somma\u00a0<\/span> recepci\u00f3<br \/>\n<span style=\"color: #800000;\">Santi Ca\u00f1ari Loeffel<\/span>\u00a0recepci\u00f3<\/p>\n<p><span style=\"color: #008080;\">JUNTA DE L&#8217;AFA<\/span><br \/>\n<span style=\"color: #800000;\">Presidenta <span style=\"color: #000000;\">Isabel Valls Puigcorb\u00e9<\/span><\/span><br \/>\n<span style=\"color: #800000;\">Secret\u00e0ria<\/span> <span data-olk-copy-source=\"MessageBody\">Anna M. Reixach Ariza<\/span><br \/>\n<span style=\"color: #800000;\">Tresorera<\/span> Ester Sanglas Baulenas<\/p>\n<p><span style=\"color: #008080;\"> JUNTA DE L&#8217;ASSOCIACI\u00d3 D&#8217;ANTICS ALUMNES<\/span><br \/>\n<span style=\"color: #800000;\">Presid\u00e8ncia <span class=\"ui-provider ee brq brr brs brt bru brv brw brx bry brz bsa bsb bsc bsd bse bsf bsg bsh bsi bsj bsk bsl bsm bsn bso bsp bsq bsr bss bst bsu bsv bsw bsx\" dir=\"ltr\" style=\"color: #000000;\">Joan Espuny Par\u00e9s\u00a0<\/span><\/span><br \/>\n<span style=\"color: #800000;\">Secretaria<\/span> <span class=\"ui-provider ee brq brr brs brt bru brv brw brx bry brz bsa bsb bsc bsd bse bsf bsg bsh bsi bsj bsk bsl bsm bsn bso bsp bsq bsr bss bst bsu bsv bsw bsx\" dir=\"ltr\">Mart\u00ed Font\u00a0\u00a0<\/span><br \/>\n<span style=\"color: #800000;\">Tresoreria <span style=\"color: #000000;\"><span class=\"ui-provider ee brq brr brs brt bru brv brw brx bry brz bsa bsb bsc bsd bse bsf bsg bsh bsi bsj bsk bsl bsm bsn bso bsp bsq bsr bss bst bsu bsv bsw bsx\" dir=\"ltr\">Mar\u00e7al Vil\u00e0 Pla\u00a0<\/span><\/span><\/span><br \/>\n<span style=\"color: #ff6600;\"><span style=\"color: #800000;\">Vocal<\/span>\u00a0<\/span><span style=\"color: #ff6600;\"><span style=\"color: #000000;\"><span class=\"ui-provider ee brq brr brs brt bru brv brw brx bry brz bsa bsb bsc bsd bse bsf bsg bsh bsi bsj bsk bsl bsm bsn bso bsp bsq bsr bss bst bsu bsv bsw bsx\" dir=\"ltr\">Jofre Bardolet Casadevall\u00a0<\/span><\/span><\/span><\/p>\n","protected":false},"excerpt":{"rendered":"<p>PATRONAT DE LA FUNDACI\u00d3 L\u2019ATL\u00c0NTIDA<br \/>\nPresident\u00a0Albert Castells Vilalta<br \/>\nVicepresident\u00a0Bet Piella i Pons<br \/>\nSecret\u00e0ria Elisabet Franquesa i Roca<br \/>\nVocals\u00a0Jaume Badia Pujol, Francesc Casades\u00fas Calv\u00f3, Anton Granero Mart\u00ednez, Albert Prat Muntades, Josep Saig\u00ed Grau, Vicen\u00e7 Sic\u00edlia Zafra, V\u00edctor Sunyol Costa, Josep Pou Regidor, Marta Cornellas Torrent, Carme Rubio Larramona.<br \/>\nDIRECCI\u00d3 GENERAL DE&hellip;  <a href=\"https:\/\/agora.xtec.cat\/escmusicavic\/lescola\/organigrama\/\" title=\"Read Organigrama\">Llegeix m\u00e9s\u00bb<\/a><\/p>\n","protected":false},"author":1,"featured_media":0,"parent":19,"menu_order":20,"comment_status":"closed","ping_status":"closed","template":"page-templates\/side-menu.php","meta":{"_bbp_topic_count":0,"_bbp_reply_count":0,"_bbp_total_topic_count":0,"_bbp_total_reply_count":0,"_bbp_voice_count":0,"_bbp_anonymous_reply_count":0,"_bbp_topic_count_hidden":0,"_bbp_reply_count_hidden":0,"_bbp_forum_subforum_count":0,"footnotes":""},"class_list":["post-46","page","type-page","status-publish","hentry"],"post_mailing_queue_ids":[],"_links":{"self":[{"href":"https:\/\/agora.xtec.cat\/escmusicavic\/wp-json\/wp\/v2\/pages\/46","targetHints":{"allow":["GET"]}}],"collection":[{"href":"https:\/\/agora.xtec.cat\/escmusicavic\/wp-json\/wp\/v2\/pages"}],"about":[{"href":"https:\/\/agora.xtec.cat\/escmusicavic\/wp-json\/wp\/v2\/types\/page"}],"author":[{"embeddable":true,"href":"https:\/\/agora.xtec.cat\/escmusicavic\/wp-json\/wp\/v2\/users\/1"}],"replies":[{"embeddable":true,"href":"https:\/\/agora.xtec.cat\/escmusicavic\/wp-json\/wp\/v2\/comments?post=46"}],"version-history":[{"count":7,"href":"https:\/\/agora.xtec.cat\/escmusicavic\/wp-json\/wp\/v2\/pages\/46\/revisions"}],"predecessor-version":[{"id":7461,"href":"https:\/\/agora.xtec.cat\/escmusicavic\/wp-json\/wp\/v2\/pages\/46\/revisions\/7461"}],"up":[{"embeddable":true,"href":"https:\/\/agora.xtec.cat\/escmusicavic\/wp-json\/wp\/v2\/pages\/19"}],"wp:attachment":[{"href":"https:\/\/agora.xtec.cat\/escmusicavic\/wp-json\/wp\/v2\/media?parent=46"}],"curies":[{"name":"wp","href":"https:\/\/api.w.org\/{rel}","templated":true}]}}