{"id":2461,"date":"2020-03-13T15:01:26","date_gmt":"2020-03-13T14:01:26","guid":{"rendered":"http:\/\/agora.xtec.cat\/escmusicavic\/?page_id=2461"},"modified":"2021-09-21T12:25:59","modified_gmt":"2021-09-21T10:25:59","slug":"espai-virtual-ne","status":"publish","type":"page","link":"https:\/\/agora.xtec.cat\/escmusicavic\/espai-virtual-ne\/","title":{"rendered":"Espai Virtual Nivell Elemental"},"content":{"rendered":"<p>Benvolgudes fam\u00edlies,<\/p>\n<p>Els professors i professores del departament de Llenguatge musical de l&#8217;Escola de M\u00fasica de Vic i de les aules i escoles de la seva xarxa: Sant Hilari Sacalm, Arb\u00facies, Viladrau, Sant Juli\u00e0 de Vilatorta, Calldetenes, Folgueroles i Tona, hem organitzat tota una s\u00e8rie de materials aptes per al treball musical des de casa.<\/p>\n<p>Accediu al subapartat de cada curs per visualitzar el material i aix\u00ed poder treballar-hi. Cada setmana publicarem contingut nou i rebreu un correu electr\u00f2nic recordatori per part del vostre professor\/a.<\/p>\n<p>Esperem que la situaci\u00f3 es reverteixi com m\u00e9s aviat millor. Aprofitem l\u2019ocasi\u00f3 per saludar-vos atentament i agrair-vos un cop m\u00e9s la vostra confian\u00e7a.<\/p>\n","protected":false},"excerpt":{"rendered":"<p>Benvolgudes fam\u00edlies,<br \/>\nEls professors i professores del departament de Llenguatge musical de l&#8217;Escola de M\u00fasica de Vic i de les aules i escoles de la seva xarxa: Sant Hilari Sacalm, Arb\u00facies, Viladrau, Sant Juli\u00e0 de Vilatorta, Calldetenes, Folgueroles i Tona, hem organitzat tota una s\u00e8rie de&hellip;  <a href=\"https:\/\/agora.xtec.cat\/escmusicavic\/espai-virtual-ne\/\" title=\"Read Espai Virtual Nivell Elemental\">Llegeix m\u00e9s\u00bb<\/a><\/p>\n","protected":false},"author":1,"featured_media":0,"parent":0,"menu_order":0,"comment_status":"closed","ping_status":"closed","template":"page-templates\/side-menu.php","meta":{"_bbp_topic_count":0,"_bbp_reply_count":0,"_bbp_total_topic_count":0,"_bbp_total_reply_count":0,"_bbp_voice_count":0,"_bbp_anonymous_reply_count":0,"_bbp_topic_count_hidden":0,"_bbp_reply_count_hidden":0,"_bbp_forum_subforum_count":0,"footnotes":""},"class_list":["post-2461","page","type-page","status-publish","hentry"],"post_mailing_queue_ids":[],"_links":{"self":[{"href":"https:\/\/agora.xtec.cat\/escmusicavic\/wp-json\/wp\/v2\/pages\/2461","targetHints":{"allow":["GET"]}}],"collection":[{"href":"https:\/\/agora.xtec.cat\/escmusicavic\/wp-json\/wp\/v2\/pages"}],"about":[{"href":"https:\/\/agora.xtec.cat\/escmusicavic\/wp-json\/wp\/v2\/types\/page"}],"author":[{"embeddable":true,"href":"https:\/\/agora.xtec.cat\/escmusicavic\/wp-json\/wp\/v2\/users\/1"}],"replies":[{"embeddable":true,"href":"https:\/\/agora.xtec.cat\/escmusicavic\/wp-json\/wp\/v2\/comments?post=2461"}],"version-history":[{"count":3,"href":"https:\/\/agora.xtec.cat\/escmusicavic\/wp-json\/wp\/v2\/pages\/2461\/revisions"}],"predecessor-version":[{"id":2527,"href":"https:\/\/agora.xtec.cat\/escmusicavic\/wp-json\/wp\/v2\/pages\/2461\/revisions\/2527"}],"wp:attachment":[{"href":"https:\/\/agora.xtec.cat\/escmusicavic\/wp-json\/wp\/v2\/media?parent=2461"}],"curies":[{"name":"wp","href":"https:\/\/api.w.org\/{rel}","templated":true}]}}