{"id":1782,"date":"2019-10-04T16:08:13","date_gmt":"2019-10-04T14:08:13","guid":{"rendered":"http:\/\/agora.xtec.cat\/escmusicavic\/?page_id=1782"},"modified":"2022-01-14T16:38:56","modified_gmt":"2022-01-14T15:38:56","slug":"aula-de-musica-de-sant-hilari-sacalm","status":"publish","type":"page","link":"https:\/\/agora.xtec.cat\/escmusicavic\/xarxa-emvic\/aula-de-musica-de-sant-hilari-sacalm\/","title":{"rendered":"Aula de M\u00fasica de Sant Hilari Sacalm"},"content":{"rendered":"<p>Accediu al bloc de les aules de m\u00fasica d&#8217;Arb\u00facies i Sant Hilari per estar al dia de les activitats i altra informaci\u00f3 d&#8217;inter\u00e8s.\u00a0<a href=\"https:\/\/escolamusicashs.blogspot.com\/\">https:\/\/escolamusicashs.blogspot.com\/\u00a0<\/a><\/p>\n<p data-wp-editing=\"1\">Tamb\u00e9 podeu seguir-les a les xarxes:\u00a0<a href=\"https:\/\/es-es.facebook.com\/pages\/category\/School\/Aules-Musicals-Sant-Hilari-i-Arb\u00facies-436490313097466\/\"><br \/>\n<\/a><a href=\"https:\/\/www.facebook.com\/aulesmusicals\/\"><img loading=\"lazy\" decoding=\"async\" class=\"alignleft wp-image-2979\" src=\"https:\/\/agora.xtec.cat\/escmusicavic\/wp-content\/uploads\/usu1071\/2020\/05\/Facebook-300x300.png\" alt=\"\" width=\"28\" height=\"28\" srcset=\"https:\/\/agora.xtec.cat\/escmusicavic\/wp-content\/uploads\/usu1071\/2020\/05\/Facebook-300x300.png 300w, https:\/\/agora.xtec.cat\/escmusicavic\/wp-content\/uploads\/usu1071\/2020\/05\/Facebook-150x150.png 150w, https:\/\/agora.xtec.cat\/escmusicavic\/wp-content\/uploads\/usu1071\/2020\/05\/Facebook.png 390w\" sizes=\"auto, (max-width: 28px) 100vw, 28px\" \/><\/a> <a href=\"https:\/\/www.instagram.com\/aulamusica_arbucies_santhilari\/\" rel=\"https:\/\/www.instagram.com\/aulesmusicals\/\"><img loading=\"lazy\" decoding=\"async\" class=\"alignleft wp-image-2980\" src=\"https:\/\/agora.xtec.cat\/escmusicavic\/wp-content\/uploads\/usu1071\/2020\/05\/Instagram-300x298.png\" alt=\"\" width=\"29\" height=\"29\" srcset=\"https:\/\/agora.xtec.cat\/escmusicavic\/wp-content\/uploads\/usu1071\/2020\/05\/Instagram-300x298.png 300w, https:\/\/agora.xtec.cat\/escmusicavic\/wp-content\/uploads\/usu1071\/2020\/05\/Instagram-150x150.png 150w, https:\/\/agora.xtec.cat\/escmusicavic\/wp-content\/uploads\/usu1071\/2020\/05\/Instagram.png 400w\" sizes=\"auto, (max-width: 29px) 100vw, 29px\" \/><\/a><\/p>\n","protected":false},"excerpt":{"rendered":"<p>Accediu al bloc de les aules de m\u00fasica d&#8217;Arb\u00facies i Sant Hilari per estar al dia de les activitats i altra informaci\u00f3 d&#8217;inter\u00e8s.\u00a0<a href=\"https:\/\/escolamusicashs.blogspot.com\/\">https:\/\/escolamusicashs.blogspot.com\/\u00a0<\/a><br \/>\nTamb\u00e9 podeu seguir-les a les xarxes:\u00a0<a href=\"https:\/\/es-es.facebook.com\/pages\/category\/School\/Aules-Musicals-Sant-Hilari-i-Arb\u00facies-436490313097466\/\"><br \/>\n<\/a><a href=\"https:\/\/www.facebook.com\/aulesmusicals\/\"><\/a> <a href=\"https:\/\/www.instagram.com\/aulamusica_arbucies_santhilari\/\" rel=\"https:\/\/www.instagram.com\/aulesmusicals\/\"><\/a><\/p>\n","protected":false},"author":1,"featured_media":0,"parent":1775,"menu_order":2,"comment_status":"closed","ping_status":"closed","template":"page-templates\/side-menu.php","meta":{"_bbp_topic_count":0,"_bbp_reply_count":0,"_bbp_total_topic_count":0,"_bbp_total_reply_count":0,"_bbp_voice_count":0,"_bbp_anonymous_reply_count":0,"_bbp_topic_count_hidden":0,"_bbp_reply_count_hidden":0,"_bbp_forum_subforum_count":0,"footnotes":""},"class_list":["post-1782","page","type-page","status-publish","hentry"],"post_mailing_queue_ids":[],"_links":{"self":[{"href":"https:\/\/agora.xtec.cat\/escmusicavic\/wp-json\/wp\/v2\/pages\/1782","targetHints":{"allow":["GET"]}}],"collection":[{"href":"https:\/\/agora.xtec.cat\/escmusicavic\/wp-json\/wp\/v2\/pages"}],"about":[{"href":"https:\/\/agora.xtec.cat\/escmusicavic\/wp-json\/wp\/v2\/types\/page"}],"author":[{"embeddable":true,"href":"https:\/\/agora.xtec.cat\/escmusicavic\/wp-json\/wp\/v2\/users\/1"}],"replies":[{"embeddable":true,"href":"https:\/\/agora.xtec.cat\/escmusicavic\/wp-json\/wp\/v2\/comments?post=1782"}],"version-history":[{"count":4,"href":"https:\/\/agora.xtec.cat\/escmusicavic\/wp-json\/wp\/v2\/pages\/1782\/revisions"}],"predecessor-version":[{"id":4831,"href":"https:\/\/agora.xtec.cat\/escmusicavic\/wp-json\/wp\/v2\/pages\/1782\/revisions\/4831"}],"up":[{"embeddable":true,"href":"https:\/\/agora.xtec.cat\/escmusicavic\/wp-json\/wp\/v2\/pages\/1775"}],"wp:attachment":[{"href":"https:\/\/agora.xtec.cat\/escmusicavic\/wp-json\/wp\/v2\/media?parent=1782"}],"curies":[{"name":"wp","href":"https:\/\/api.w.org\/{rel}","templated":true}]}}

Aula de Música de Sant Hilari Sacalm

<p>Accediu al bloc de les aules de música d&#8217;Arbúcies i Sant Hilari per estar al dia de les activitats i altra informació d&#8217;interès. <a href="https://escolamusicashs.blogspot.com/">https://escolamusicashs.blogspot.com/ </a></p>
<p data-wp-editing="1">També podeu seguir-les a les xarxes: <a href="https://es-es.facebook.com/pages/category/School/Aules-Musicals-Sant-Hilari-i-Arbúcies-436490313097466/"><br />
</a><a href="https://www.facebook.com/aulesmusicals/"><img loading="lazy" decoding="async" class="alignleft wp-image-2979" src="https://agora.xtec.cat/escmusicavic/wp-content/uploads/usu1071/2020/05/Facebook-300x300.png" alt="" width="28" height="28" srcset="https://agora.xtec.cat/escmusicavic/wp-content/uploads/usu1071/2020/05/Facebook-300x300.png 300w, https://agora.xtec.cat/escmusicavic/wp-content/uploads/usu1071/2020/05/Facebook-150x150.png 150w, https://agora.xtec.cat/escmusicavic/wp-content/uploads/usu1071/2020/05/Facebook.png 390w" sizes="auto, (max-width: 28px) 100vw, 28px" /></a> <a href="https://www.instagram.com/aulamusica_arbucies_santhilari/" rel="https://www.instagram.com/aulesmusicals/"><img loading="lazy" decoding="async" class="alignleft wp-image-2980" src="https://agora.xtec.cat/escmusicavic/wp-content/uploads/usu1071/2020/05/Instagram-300x298.png" alt="" width="29" height="29" srcset="https://agora.xtec.cat/escmusicavic/wp-content/uploads/usu1071/2020/05/Instagram-300x298.png 300w, https://agora.xtec.cat/escmusicavic/wp-content/uploads/usu1071/2020/05/Instagram-150x150.png 150w, https://agora.xtec.cat/escmusicavic/wp-content/uploads/usu1071/2020/05/Instagram.png 400w" sizes="auto, (max-width: 29px) 100vw, 29px" /></a></p>

<p>Accediu al bloc de les aules de música d&#8217;Arbúcies i Sant Hilari per estar al dia de les activitats i altra informació d&#8217;interès. <a href="https://escolamusicashs.blogspot.com/">https://escolamusicashs.blogspot.com/ </a><br />
També podeu seguir-les a les xarxes: <a href="https://es-es.facebook.com/pages/category/School/Aules-Musicals-Sant-Hilari-i-Arbúcies-436490313097466/"><br />
</a><a href="https://www.facebook.com/aulesmusicals/"></a> <a href="https://www.instagram.com/aulamusica_arbucies_santhilari/" rel="https://www.instagram.com/aulesmusicals/"></a></p>
