{"id":65,"date":"2014-09-18T10:12:22","date_gmt":"2014-09-18T10:12:22","guid":{"rendered":"http:\/\/agora.xtec.cat\/escmusicaberga\/?page_id=65"},"modified":"2019-09-17T09:59:01","modified_gmt":"2019-09-17T07:59:01","slug":"serveis-digitals","status":"publish","type":"page","link":"https:\/\/agora.xtec.cat\/escmusicaberga\/serveis\/serveis-digitals\/","title":{"rendered":"Plataforma Gwido"},"content":{"rendered":"<p>La plataforma Gwido \u00e9s el nexe d&#8217;uni\u00f3 entre les fam\u00edlies i l&#8217;alumnat i l&#8217;escola. Des d&#8217;aqu\u00ed podeu consular la matr\u00edcula, realitzar processos de preinscripci\u00f3 i matriculaci\u00f3, consultar les vostres dades acad\u00e8miques i econ\u00f2miques i accedir als informes d&#8217;avaluaci\u00f3.<\/p>\n<p><a href=\"https:\/\/emmberga.gwido.cat\/\">Acc\u00e9s a la plataforma Gwido<\/a><\/p>\n","protected":false},"excerpt":{"rendered":"<p>La plataforma Gwido \u00e9s el nexe d&#8217;uni\u00f3 entre les fam\u00edlies i l&#8217;alumnat i l&#8217;escola. Des d&#8217;aqu\u00ed podeu consular la matr\u00edcula, realitzar processos de preinscripci\u00f3 i matriculaci\u00f3, consultar les vostres dades acad\u00e8miques i econ\u00f2miques i accedir als informes d&#8217;avaluaci\u00f3.<br \/>\n<a href=\"https:\/\/emmberga.gwido.cat\/\">Acc\u00e9s a la plataforma Gwido<\/a><\/p>\n","protected":false},"author":1,"featured_media":0,"parent":63,"menu_order":10,"comment_status":"closed","ping_status":"closed","template":"page-templates\/side-menu.php","meta":{"_bbp_topic_count":0,"_bbp_reply_count":0,"_bbp_total_topic_count":0,"_bbp_total_reply_count":0,"_bbp_voice_count":0,"_bbp_anonymous_reply_count":0,"_bbp_topic_count_hidden":0,"_bbp_reply_count_hidden":0,"_bbp_forum_subforum_count":0,"footnotes":""},"class_list":["post-65","page","type-page","status-publish","hentry"],"post_mailing_queue_ids":[],"_links":{"self":[{"href":"https:\/\/agora.xtec.cat\/escmusicaberga\/wp-json\/wp\/v2\/pages\/65","targetHints":{"allow":["GET"]}}],"collection":[{"href":"https:\/\/agora.xtec.cat\/escmusicaberga\/wp-json\/wp\/v2\/pages"}],"about":[{"href":"https:\/\/agora.xtec.cat\/escmusicaberga\/wp-json\/wp\/v2\/types\/page"}],"author":[{"embeddable":true,"href":"https:\/\/agora.xtec.cat\/escmusicaberga\/wp-json\/wp\/v2\/users\/1"}],"replies":[{"embeddable":true,"href":"https:\/\/agora.xtec.cat\/escmusicaberga\/wp-json\/wp\/v2\/comments?post=65"}],"version-history":[{"count":1,"href":"https:\/\/agora.xtec.cat\/escmusicaberga\/wp-json\/wp\/v2\/pages\/65\/revisions"}],"predecessor-version":[{"id":542,"href":"https:\/\/agora.xtec.cat\/escmusicaberga\/wp-json\/wp\/v2\/pages\/65\/revisions\/542"}],"up":[{"embeddable":true,"href":"https:\/\/agora.xtec.cat\/escmusicaberga\/wp-json\/wp\/v2\/pages\/63"}],"wp:attachment":[{"href":"https:\/\/agora.xtec.cat\/escmusicaberga\/wp-json\/wp\/v2\/media?parent=65"}],"curies":[{"name":"wp","href":"https:\/\/api.w.org\/{rel}","templated":true}]}}