{"id":3583,"date":"2024-09-18T09:38:37","date_gmt":"2024-09-18T07:38:37","guid":{"rendered":"https:\/\/agora.xtec.cat\/escmusicaberga\/?page_id=3583"},"modified":"2024-09-18T09:51:59","modified_gmt":"2024-09-18T07:51:59","slug":"simultaneitat-destudis-reconeixement-assignatures-eso-i-bat","status":"publish","type":"page","link":"https:\/\/agora.xtec.cat\/escmusicaberga\/ofertaeducativa\/simultaneitat-destudis-reconeixement-assignatures-eso-i-bat\/","title":{"rendered":"Simultane\u00eftat d&#8217;estudis (reconeixement assignatures ESO i BAT)"},"content":{"rendered":"<p>L&#8217;alumnat que cursa l&#8217;ESO i, simult\u00e0niament, estudis de m\u00fasica en conservatoris, centres professionals o escoles de m\u00fasica autoritzades, poden sol\u00b7licitar la convalidaci\u00f3 o el reconeixement de mat\u00e8ries d&#8217;ESO.<\/p>\n<p>En resum aquestes son les dues situacions en que l&#8217;alumnat de l&#8217;escola de m\u00fasica pot recon\u00e8ixer assignatures de l&#8217;ESO:<\/p>\n<div>\n<p>&nbsp;<\/p>\n<table style=\"border-collapse: collapse; width: 100%;\">\n<tbody>\n<tr>\n<td style=\"width: 100%;\">\n<div>\n<ul>\n<li><b>Si curseu un m\u00ednim de 3 hores a l&#8217;escola de m\u00fasica podeu recon\u00e8ixer:<\/b><\/li>\n<\/ul>\n<\/div>\n<div><\/div>\n<div>Les mat\u00e8ries optatives de 1r a 3r Una mat\u00e8ria optativa de 4t (fins a un m\u00e0xim de 2 hores setmanals)<\/div>\n<div><\/div>\n<div>\n<div>\n<ul>\n<li><b>Si curseu un m\u00ednim de 4 hores a l&#8217;escola de m\u00fasica podeu recon\u00e8ixer:<\/b><\/li>\n<\/ul>\n<\/div>\n<\/div>\n<div>\u00a0M\u00fasica (mat\u00e8ria comuna de 1r a 3r) Les mat\u00e8ries optatives de 1r a 3r Una mat\u00e8ria optativa de 4t (fins a un m\u00e0xim de 4 hores setmanals)<\/div>\n<\/td>\n<\/tr>\n<\/tbody>\n<\/table>\n<\/div>\n<div><\/div>\n<p>At\u00e8s que totes aquestes possibilitats es fonamenten en el fet de simultaniejar estudis ordinaris amb els estudis de m\u00fasica, la sol\u00b7licitud s&#8217;ha de renovar cada curs. Els alumnes que ho vulguin poden sol\u00b7licitar la convalidaci\u00f3 o el reconeixement d&#8217;unnombre d&#8217;hores inferior a aquell a qu\u00e8 tenen dret.<\/p>\n<p>Tota la informaci\u00f3 en aquest docuiment<\/p>\n<p><a href=\"https:\/\/agora.xtec.cat\/escmusicaberga\/wp-content\/uploads\/usu1326\/2024\/09\/CUR_Simultaneitat_musica.pdf\">Simultane\u00eftat d&#8217;estudis<\/a><\/p>\n<p>Per sol\u00b7licitar el certificat de l&#8217;escola de m\u00fasica que cal portar a l&#8217;institut, heu d&#8217;escriure un correu a la secret\u00e0ria acad\u00e8mica del centre: <a href=\"mailto:rocalm@emmberga.cat\">rocalm@emmberga.cat<\/a><\/p>\n<p><a href=\"https:\/\/agora.xtec.cat\/escmusicaberga\/wp-content\/uploads\/usu1326\/2023\/11\/EMMB-imatges2023_24-a.008.jpeg\"><img loading=\"lazy\" decoding=\"async\" class=\"alignnone size-large wp-image-3195\" src=\"https:\/\/agora.xtec.cat\/escmusicaberga\/wp-content\/uploads\/usu1326\/2023\/11\/EMMB-imatges2023_24-a.008-1024x576.jpeg\" alt=\"\" width=\"1024\" height=\"576\" srcset=\"https:\/\/agora.xtec.cat\/escmusicaberga\/wp-content\/uploads\/usu1326\/2023\/11\/EMMB-imatges2023_24-a.008-1024x576.jpeg 1024w, https:\/\/agora.xtec.cat\/escmusicaberga\/wp-content\/uploads\/usu1326\/2023\/11\/EMMB-imatges2023_24-a.008-300x169.jpeg 300w, https:\/\/agora.xtec.cat\/escmusicaberga\/wp-content\/uploads\/usu1326\/2023\/11\/EMMB-imatges2023_24-a.008-768x432.jpeg 768w, https:\/\/agora.xtec.cat\/escmusicaberga\/wp-content\/uploads\/usu1326\/2023\/11\/EMMB-imatges2023_24-a.008-1536x864.jpeg 1536w, https:\/\/agora.xtec.cat\/escmusicaberga\/wp-content\/uploads\/usu1326\/2023\/11\/EMMB-imatges2023_24-a.008.jpeg 1920w\" sizes=\"auto, (max-width: 1024px) 100vw, 1024px\" \/><\/a><\/p>\n<p>&nbsp;<\/p>\n<p>&nbsp;<\/p>\n","protected":false},"excerpt":{"rendered":"<p>L&#8217;alumnat que cursa l&#8217;ESO i, simult\u00e0niament, estudis de m\u00fasica en conservatoris, centres professionals o escoles de m\u00fasica autoritzades, poden sol\u00b7licitar la convalidaci\u00f3 o el reconeixement de mat\u00e8ries d&#8217;ESO.<br \/>\nEn resum aquestes son les dues situacions en que l&#8217;alumnat de l&#8217;escola de m\u00fasica pot recon\u00e8ixer assignatures de&hellip;  <a href=\"https:\/\/agora.xtec.cat\/escmusicaberga\/ofertaeducativa\/simultaneitat-destudis-reconeixement-assignatures-eso-i-bat\/\" title=\"Read Simultane\u00eftat d&#8217;estudis (reconeixement assignatures ESO i BAT)\">Llegeix m\u00e9s\u00bb<\/a><\/p>\n","protected":false},"author":1,"featured_media":0,"parent":195,"menu_order":0,"comment_status":"closed","ping_status":"closed","template":"page-templates\/side-menu.php","meta":{"_bbp_topic_count":0,"_bbp_reply_count":0,"_bbp_total_topic_count":0,"_bbp_total_reply_count":0,"_bbp_voice_count":0,"_bbp_anonymous_reply_count":0,"_bbp_topic_count_hidden":0,"_bbp_reply_count_hidden":0,"_bbp_forum_subforum_count":0,"footnotes":""},"class_list":["post-3583","page","type-page","status-publish","hentry"],"post_mailing_queue_ids":[],"_links":{"self":[{"href":"https:\/\/agora.xtec.cat\/escmusicaberga\/wp-json\/wp\/v2\/pages\/3583","targetHints":{"allow":["GET"]}}],"collection":[{"href":"https:\/\/agora.xtec.cat\/escmusicaberga\/wp-json\/wp\/v2\/pages"}],"about":[{"href":"https:\/\/agora.xtec.cat\/escmusicaberga\/wp-json\/wp\/v2\/types\/page"}],"author":[{"embeddable":true,"href":"https:\/\/agora.xtec.cat\/escmusicaberga\/wp-json\/wp\/v2\/users\/1"}],"replies":[{"embeddable":true,"href":"https:\/\/agora.xtec.cat\/escmusicaberga\/wp-json\/wp\/v2\/comments?post=3583"}],"version-history":[{"count":5,"href":"https:\/\/agora.xtec.cat\/escmusicaberga\/wp-json\/wp\/v2\/pages\/3583\/revisions"}],"predecessor-version":[{"id":3590,"href":"https:\/\/agora.xtec.cat\/escmusicaberga\/wp-json\/wp\/v2\/pages\/3583\/revisions\/3590"}],"up":[{"embeddable":true,"href":"https:\/\/agora.xtec.cat\/escmusicaberga\/wp-json\/wp\/v2\/pages\/195"}],"wp:attachment":[{"href":"https:\/\/agora.xtec.cat\/escmusicaberga\/wp-json\/wp\/v2\/media?parent=3583"}],"curies":[{"name":"wp","href":"https:\/\/api.w.org\/{rel}","templated":true}]}}

Simultaneïtat d&#8217;estudis (reconeixement assignatures ESO i BAT)

<p>L&#8217;alumnat que cursa l&#8217;ESO i, simultàniament, estudis de música en conservatoris, centres professionals o escoles de música autoritzades, poden sol·licitar la convalidació o el reconeixement de matèries d&#8217;ESO.</p>
<p>En resum aquestes son les dues situacions en que l&#8217;alumnat de l&#8217;escola de música pot reconèixer assignatures de l&#8217;ESO:</p>
<div>
<p>&nbsp;</p>
<table style="border-collapse: collapse; width: 100%;">
<tbody>
<tr>
<td style="width: 100%;">
<div>
<ul>
<li><b>Si curseu un mínim de 3 hores a l&#8217;escola de música podeu reconèixer:</b></li>
</ul>
</div>
<div></div>
<div>Les matèries optatives de 1r a 3r Una matèria optativa de 4t (fins a un màxim de 2 hores setmanals)</div>
<div></div>
<div>
<div>
<ul>
<li><b>Si curseu un mínim de 4 hores a l&#8217;escola de música podeu reconèixer:</b></li>
</ul>
</div>
</div>
<div> Música (matèria comuna de 1r a 3r) Les matèries optatives de 1r a 3r Una matèria optativa de 4t (fins a un màxim de 4 hores setmanals)</div>
</td>
</tr>
</tbody>
</table>
</div>
<div></div>
<p>Atès que totes aquestes possibilitats es fonamenten en el fet de simultaniejar estudis ordinaris amb els estudis de música, la sol·licitud s&#8217;ha de renovar cada curs. Els alumnes que ho vulguin poden sol·licitar la convalidació o el reconeixement d&#8217;unnombre d&#8217;hores inferior a aquell a què tenen dret.</p>
<p>Tota la informació en aquest docuiment</p>
<p><a href="https://agora.xtec.cat/escmusicaberga/wp-content/uploads/usu1326/2024/09/CUR_Simultaneitat_musica.pdf">Simultaneïtat d&#8217;estudis</a></p>
<p>Per sol·licitar el certificat de l&#8217;escola de música que cal portar a l&#8217;institut, heu d&#8217;escriure un correu a la secretària acadèmica del centre: <a href="mailto:rocalm@emmberga.cat">rocalm@emmberga.cat</a></p>
<p><a href="https://agora.xtec.cat/escmusicaberga/wp-content/uploads/usu1326/2023/11/EMMB-imatges2023_24-a.008.jpeg"><img loading="lazy" decoding="async" class="alignnone size-large wp-image-3195" src="https://agora.xtec.cat/escmusicaberga/wp-content/uploads/usu1326/2023/11/EMMB-imatges2023_24-a.008-1024x576.jpeg" alt="" width="1024" height="576" srcset="https://agora.xtec.cat/escmusicaberga/wp-content/uploads/usu1326/2023/11/EMMB-imatges2023_24-a.008-1024x576.jpeg 1024w, https://agora.xtec.cat/escmusicaberga/wp-content/uploads/usu1326/2023/11/EMMB-imatges2023_24-a.008-300x169.jpeg 300w, https://agora.xtec.cat/escmusicaberga/wp-content/uploads/usu1326/2023/11/EMMB-imatges2023_24-a.008-768x432.jpeg 768w, https://agora.xtec.cat/escmusicaberga/wp-content/uploads/usu1326/2023/11/EMMB-imatges2023_24-a.008-1536x864.jpeg 1536w, https://agora.xtec.cat/escmusicaberga/wp-content/uploads/usu1326/2023/11/EMMB-imatges2023_24-a.008.jpeg 1920w" sizes="auto, (max-width: 1024px) 100vw, 1024px" /></a></p>
<p>&nbsp;</p>
<p>&nbsp;</p>

<p>L&#8217;alumnat que cursa l&#8217;ESO i, simultàniament, estudis de música en conservatoris, centres professionals o escoles de música autoritzades, poden sol·licitar la convalidació o el reconeixement de matèries d&#8217;ESO.<br />
En resum aquestes son les dues situacions en que l&#8217;alumnat de l&#8217;escola de música pot reconèixer assignatures de&hellip;  <a href="https://agora.xtec.cat/escmusicaberga/ofertaeducativa/simultaneitat-destudis-reconeixement-assignatures-eso-i-bat/" title="Read Simultaneïtat d&#8217;estudis (reconeixement assignatures ESO i BAT)">Llegeix més»</a></p>
