{"id":1926,"date":"2022-06-07T05:36:52","date_gmt":"2022-06-07T03:36:52","guid":{"rendered":"https:\/\/agora.xtec.cat\/escmusicaberga\/?page_id=1926"},"modified":"2025-06-09T13:33:51","modified_gmt":"2025-06-09T11:33:51","slug":"programa-obert","status":"publish","type":"page","link":"https:\/\/agora.xtec.cat\/escmusicaberga\/ofertaeducativa\/programes-educatius\/programa-obert\/","title":{"rendered":"PF Obert"},"content":{"rendered":"<div class=\"page\" title=\"Page 3\">\n<div class=\"section noChildren\">\n<div class=\"layoutArea\">\n<div class=\"column\">\n<div class=\"page\" title=\"Page 4\">\n<div class=\"section\">\n<div class=\"layoutArea\">\n<div class=\"column\">\n<p>El curr\u00edculum d&#8217;aquest programa \u00e9s obert, aix\u00f2 vol dir que permet a l\u2019alumnat dissenyar el curr\u00edculum en funci\u00f3 dels seus interessos.<\/p>\n<p><span style=\"font-family: inherit; font-size: 1em;\">\r\n\t<div class=\"slideshow_container slideshow_container_style-light\" style=\"height: 500px; \" data-slideshow-id=\"2085\" data-style-name=\"style-light\" data-style-version=\"2.3.1\" >\r\n\r\n\t\t\t\t\t<div class=\"slideshow_loading_icon\"><\/div>\r\n\t\t\r\n\t\t<div class=\"slideshow_content\" style=\"display: none;\">\r\n\r\n\t\t\t<div class=\"slideshow_view\">\t<div style=\"clear: both;\"><\/div><\/div><div class=\"slideshow_view\">\t<div style=\"clear: both;\"><\/div><\/div><div class=\"slideshow_view\">\t<div style=\"clear: both;\"><\/div><\/div><div class=\"slideshow_view\">\t<div style=\"clear: both;\"><\/div><\/div><div class=\"slideshow_view\">\t<div style=\"clear: both;\"><\/div><\/div><div class=\"slideshow_view\">\t<div style=\"clear: both;\"><\/div><\/div>\r\n\t\t<\/div>\r\n\r\n\t\t<div class=\"slideshow_controlPanel slideshow_transparent\" style=\"display: none;\"><ul><li class=\"slideshow_togglePlay\" data-play-text=\"Visualitza\" data-pause-text=\"Pausa\"><\/li><\/ul><\/div>\r\n\r\n\t\t<div class=\"slideshow_button slideshow_previous slideshow_transparent\" role=\"button\" data-previous-text=\"Anterior\" style=\"display: none;\"><\/div>\r\n\t\t<div class=\"slideshow_button slideshow_next slideshow_transparent\" role=\"button\" data-next-text=\"Seg\u00fcent\" style=\"display: none;\"><\/div>\r\n\r\n\t\t<div class=\"slideshow_pagination\" style=\"display: none;\" data-go-to-text=\"V\u00e9s a la diapositiva\"><div class=\"slideshow_pagination_center\"><\/div><\/div>\r\n\r\n\t\t<!-- WordPress Slideshow Version 2.3.1 -->\r\n\r\n\t\t\t<\/div>\r\n\r\n<\/span><\/p>\n<\/div>\n<\/div>\n<\/div>\n<\/div>\n<\/div>\n<\/div>\n<\/div>\n<\/div>\n<hr \/>\n<ul>\n<li><b>acc\u00e9s<\/b>: a partir dels 12 anys (1r d&#8217;ESO )<\/li>\n<li><b>c\u00e0rrega lectiva<\/b>: a partir de 30 minuts setmanals<\/li>\n<li><strong>curr\u00edculum:\u00a0<\/strong>1 assignatura<\/li>\n<\/ul>\n<hr \/>\n<p><b>Descarregar la fitxa d&#8217;aquest programa formatiu<\/b> \u2192 <a href=\"https:\/\/agora.xtec.cat\/escmusicaberga\/wp-content\/uploads\/usu1326\/2025\/06\/EMMB-orientacio-academica-2025-2026-PF-14-obert.pdf\">EMMB PF Obert<\/a><\/p>\n<hr \/>\n<p><strong>Assignatures del programa:<\/strong><\/p>\n<p>Qualsevol <a href=\"https:\/\/agora.xtec.cat\/escmusicaberga\/assignatures\/\">assignatura<\/a> de l&#8217;oferta educativa de l&#8217;EMMB \/ CM dels Pirineus<\/p>\n","protected":false},"excerpt":{"rendered":"<p>El curr\u00edculum d&#8217;aquest programa \u00e9s obert, aix\u00f2 vol dir que permet a l\u2019alumnat dissenyar el curr\u00edculum en funci\u00f3 dels seus interessos.<\/p>\n<ul>\n<li class=\"slideshow_togglePlay\" data-play-text=\"Visualitza\" data-pause-text=\"Pausa\"><\/li>\n<\/ul>\n<ul>\n<li>acc\u00e9s: a partir dels 12 anys (1r d&#8217;ESO )<\/li>\n<li>c\u00e0rrega lectiva: a partir de 30 minuts setmanals<\/li>\n<li>curr\u00edculum:\u00a01 assignatura<\/li>\n<\/ul>\n<p>Descarregar la fitxa d&#8217;aquest programa formatiu&hellip;  <a href=\"https:\/\/agora.xtec.cat\/escmusicaberga\/ofertaeducativa\/programes-educatius\/programa-obert\/\" title=\"Read PF Obert\">Llegeix m\u00e9s\u00bb<\/a><\/p>\n","protected":false},"author":1,"featured_media":0,"parent":2017,"menu_order":0,"comment_status":"closed","ping_status":"closed","template":"page-templates\/side-menu.php","meta":{"_bbp_topic_count":0,"_bbp_reply_count":0,"_bbp_total_topic_count":0,"_bbp_total_reply_count":0,"_bbp_voice_count":0,"_bbp_anonymous_reply_count":0,"_bbp_topic_count_hidden":0,"_bbp_reply_count_hidden":0,"_bbp_forum_subforum_count":0,"footnotes":""},"class_list":["post-1926","page","type-page","status-publish","hentry"],"post_mailing_queue_ids":[],"_links":{"self":[{"href":"https:\/\/agora.xtec.cat\/escmusicaberga\/wp-json\/wp\/v2\/pages\/1926","targetHints":{"allow":["GET"]}}],"collection":[{"href":"https:\/\/agora.xtec.cat\/escmusicaberga\/wp-json\/wp\/v2\/pages"}],"about":[{"href":"https:\/\/agora.xtec.cat\/escmusicaberga\/wp-json\/wp\/v2\/types\/page"}],"author":[{"embeddable":true,"href":"https:\/\/agora.xtec.cat\/escmusicaberga\/wp-json\/wp\/v2\/users\/1"}],"replies":[{"embeddable":true,"href":"https:\/\/agora.xtec.cat\/escmusicaberga\/wp-json\/wp\/v2\/comments?post=1926"}],"version-history":[{"count":4,"href":"https:\/\/agora.xtec.cat\/escmusicaberga\/wp-json\/wp\/v2\/pages\/1926\/revisions"}],"predecessor-version":[{"id":4037,"href":"https:\/\/agora.xtec.cat\/escmusicaberga\/wp-json\/wp\/v2\/pages\/1926\/revisions\/4037"}],"up":[{"embeddable":true,"href":"https:\/\/agora.xtec.cat\/escmusicaberga\/wp-json\/wp\/v2\/pages\/2017"}],"wp:attachment":[{"href":"https:\/\/agora.xtec.cat\/escmusicaberga\/wp-json\/wp\/v2\/media?parent=1926"}],"curies":[{"name":"wp","href":"https:\/\/api.w.org\/{rel}","templated":true}]}}