{"id":719,"date":"2021-06-20T13:25:32","date_gmt":"2021-06-20T11:25:32","guid":{"rendered":"http:\/\/agora.xtec.cat\/escmusica-garrigues\/?page_id=719"},"modified":"2021-06-29T18:48:46","modified_gmt":"2021-06-29T16:48:46","slug":"portal-gwido","status":"publish","type":"page","link":"https:\/\/agora.xtec.cat\/escmusica-garrigues\/portal-gwido\/","title":{"rendered":"Portal Gwido"},"content":{"rendered":"<p><a href=\"https:\/\/agora.xtec.cat\/escmusica-garrigues\/wp-content\/uploads\/usu1783\/2021\/06\/Gwido.jpg\"><img loading=\"lazy\" decoding=\"async\" class=\" wp-image-720 aligncenter\" src=\"https:\/\/agora.xtec.cat\/escmusica-garrigues\/wp-content\/uploads\/usu1783\/2021\/06\/Gwido.jpg\" alt=\"\" width=\"177\" height=\"74\" srcset=\"https:\/\/agora.xtec.cat\/escmusica-garrigues\/wp-content\/uploads\/usu1783\/2021\/06\/Gwido.jpg 458w, https:\/\/agora.xtec.cat\/escmusica-garrigues\/wp-content\/uploads\/usu1783\/2021\/06\/Gwido-300x125.jpg 300w\" sizes=\"auto, (max-width: 177px) 100vw, 177px\" \/><\/a><\/p>\n<p>La plataforma Gwido \u00e9s el nexe d\u2019uni\u00f3 entre les fam\u00edlies, l\u2019alumnat i l\u2019escola. Des d\u2019aqu\u00ed podeu consular la matr\u00edcula, realitzar processos de preinscripci\u00f3 i matriculaci\u00f3, consultar les vostres dades acad\u00e8miques i econ\u00f2miques i accedir als informes d\u2019avaluaci\u00f3.<\/p>\n<h5 style=\"text-align: center;\"><a href=\"https:\/\/musicagarrigues.gwido.cat\/\" target=\"_blank\" rel=\"noopener noreferrer\">Acc\u00e9s a la plataforma Gwido<\/a><\/h5>\n","protected":false},"excerpt":{"rendered":"<p><a href=\"https:\/\/agora.xtec.cat\/escmusica-garrigues\/wp-content\/uploads\/usu1783\/2021\/06\/Gwido.jpg\"><\/a><br \/>\nLa plataforma Gwido \u00e9s el nexe d\u2019uni\u00f3 entre les fam\u00edlies, l\u2019alumnat i l\u2019escola. Des d\u2019aqu\u00ed podeu consular la matr\u00edcula, realitzar processos de preinscripci\u00f3 i matriculaci\u00f3, consultar les vostres dades acad\u00e8miques i econ\u00f2miques i accedir als informes d\u2019avaluaci\u00f3.<br \/>\n<a href=\"https:\/\/musicagarrigues.gwido.cat\/\" target=\"_blank\" rel=\"noopener noreferrer\">Acc\u00e9s a la plataforma&hellip;  <a href=\"https:\/\/agora.xtec.cat\/escmusica-garrigues\/portal-gwido\/\" title=\"Read Portal Gwido\">Llegeix m\u00e9s\u00bb<\/a><\/p>\n","protected":false},"author":1,"featured_media":0,"parent":0,"menu_order":0,"comment_status":"closed","ping_status":"closed","template":"","meta":{"_bbp_topic_count":0,"_bbp_reply_count":0,"_bbp_total_topic_count":0,"_bbp_total_reply_count":0,"_bbp_voice_count":0,"_bbp_anonymous_reply_count":0,"_bbp_topic_count_hidden":0,"_bbp_reply_count_hidden":0,"_bbp_forum_subforum_count":0,"footnotes":""},"class_list":["post-719","page","type-page","status-publish","hentry"],"post_mailing_queue_ids":[],"_links":{"self":[{"href":"https:\/\/agora.xtec.cat\/escmusica-garrigues\/wp-json\/wp\/v2\/pages\/719","targetHints":{"allow":["GET"]}}],"collection":[{"href":"https:\/\/agora.xtec.cat\/escmusica-garrigues\/wp-json\/wp\/v2\/pages"}],"about":[{"href":"https:\/\/agora.xtec.cat\/escmusica-garrigues\/wp-json\/wp\/v2\/types\/page"}],"author":[{"embeddable":true,"href":"https:\/\/agora.xtec.cat\/escmusica-garrigues\/wp-json\/wp\/v2\/users\/1"}],"replies":[{"embeddable":true,"href":"https:\/\/agora.xtec.cat\/escmusica-garrigues\/wp-json\/wp\/v2\/comments?post=719"}],"version-history":[{"count":3,"href":"https:\/\/agora.xtec.cat\/escmusica-garrigues\/wp-json\/wp\/v2\/pages\/719\/revisions"}],"predecessor-version":[{"id":726,"href":"https:\/\/agora.xtec.cat\/escmusica-garrigues\/wp-json\/wp\/v2\/pages\/719\/revisions\/726"}],"wp:attachment":[{"href":"https:\/\/agora.xtec.cat\/escmusica-garrigues\/wp-json\/wp\/v2\/media?parent=719"}],"curies":[{"name":"wp","href":"https:\/\/api.w.org\/{rel}","templated":true}]}}